{"version":"1.0","provider_name":"Service \/ FPSE - Psychologie cognitive et Neuropsychologie","provider_url":"https:\/\/web.umons.ac.be\/spcn","author_name":"Sandra Invernizzi","author_url":"https:\/\/web.umons.ac.be\/spcn\/author\/sinvernizzi\/","title":"Participation \u00e0 l'International Conference of Cognitive Neuroscience (ICON) - Service \/ FPSE - Psychologie cognitive et Neuropsychologie","type":"rich","width":600,"height":338,"html":"<blockquote class=\"wp-embedded-content\" data-secret=\"9rzxB3kL9M\"><a href=\"https:\/\/web.umons.ac.be\/spcn\/2022\/05\/26\/presentation-des-resultats\/\">Participation \u00e0 l&rsquo;International Conference of Cognitive Neuroscience (ICON)<\/a><\/blockquote><iframe sandbox=\"allow-scripts\" security=\"restricted\" src=\"https:\/\/web.umons.ac.be\/spcn\/2022\/05\/26\/presentation-des-resultats\/embed\/#?secret=9rzxB3kL9M\" width=\"600\" height=\"338\" title=\"\u00ab\u00a0Participation \u00e0 l&rsquo;International Conference of Cognitive Neuroscience (ICON)\u00a0\u00bb &#8212; Service \/ FPSE - Psychologie cognitive et Neuropsychologie\" data-secret=\"9rzxB3kL9M\" frameborder=\"0\" marginwidth=\"0\" marginheight=\"0\" scrolling=\"no\" class=\"wp-embedded-content\"><\/iframe><script type=\"text\/javascript\">\n\/* <![CDATA[ *\/\n\/*! This file is auto-generated *\/\n!function(d,l){\"use strict\";l.querySelector&&d.addEventListener&&\"undefined\"!=typeof URL&&(d.wp=d.wp||{},d.wp.receiveEmbedMessage||(d.wp.receiveEmbedMessage=function(e){var t=e.data;if((t||t.secret||t.message||t.value)&&!\/[^a-zA-Z0-9]\/.test(t.secret)){for(var s,r,n,a=l.querySelectorAll('iframe[data-secret=\"'+t.secret+'\"]'),o=l.querySelectorAll('blockquote[data-secret=\"'+t.secret+'\"]'),c=new RegExp(\"^https?:$\",\"i\"),i=0;i<o.length;i++)o[i].style.display=\"none\";for(i=0;i<a.length;i++)s=a[i],e.source===s.contentWindow&&(s.removeAttribute(\"style\"),\"height\"===t.message?(1e3<(r=parseInt(t.value,10))?r=1e3:~~r<200&&(r=200),s.height=r):\"link\"===t.message&&(r=new URL(s.getAttribute(\"src\")),n=new URL(t.value),c.test(n.protocol))&&n.host===r.host&&l.activeElement===s&&(d.top.location.href=t.value))}},d.addEventListener(\"message\",d.wp.receiveEmbedMessage,!1),l.addEventListener(\"DOMContentLoaded\",function(){for(var e,t,s=l.querySelectorAll(\"iframe.wp-embedded-content\"),r=0;r<s.length;r++)(t=(e=s[r]).getAttribute(\"data-secret\"))||(t=Math.random().toString(36).substring(2,12),e.src+=\"#?secret=\"+t,e.setAttribute(\"data-secret\",t)),e.contentWindow.postMessage({message:\"ready\",secret:t},\"*\")},!1)))}(window,document);\n\/\/# sourceURL=https:\/\/web.umons.ac.be\/spcn\/wp-includes\/js\/wp-embed.min.js\n\/* ]]> *\/\n<\/script>\n","thumbnail_url":"https:\/\/web.umons.ac.be\/app\/uploads\/sites\/64\/2022\/05\/ICON_2022-scaled.jpg","thumbnail_width":2560,"thumbnail_height":2560,"description":"Du 18 au 22 mai, avait lieu l'importante conf\u00e9rence ICON, en Finlande. Dans le cadre de la session de communications affich\u00e9es d\u00e9di\u00e9e \u00e0 la cognition sociale et aux \u00e9motions, la Professeur Mandy Rossignol a propos\u00e9 es r\u00e9sultats de la recherche \"Angerprocessing in traumatic brain injury: an eye-tracking study on attentional bias to angry faces\", r\u00e9alis\u00e9e par Nellia Belaert (Doctorante au sein du PCN) en collaboration avec la Dr. Wivine Blekic et Alice Bodart (Doctorante au sein du PCN)."}

Participation à l'International Conference of Cognitive Neuroscience (ICON) - Service / FPSE - Psychologie cognitive et Neuropsychologie

<blockquote class="wp-embedded-content" data-secret="9rzxB3kL9M"><a href="https://web.umons.ac.be/spcn/2022/05/26/presentation-des-resultats/">Participation à l&rsquo;International Conference of Cognitive Neuroscience (ICON)</a></blockquote><iframe sandbox="allow-scripts" security="restricted" src="https://web.umons.ac.be/spcn/2022/05/26/presentation-des-resultats/embed/#?secret=9rzxB3kL9M" width="600" height="338" title="« Participation à l&rsquo;International Conference of Cognitive Neuroscience (ICON) » &#8212; Service / FPSE - Psychologie cognitive et Neuropsychologie" data-secret="9rzxB3kL9M" frameborder="0" marginwidth="0" marginheight="0" scrolling="no" class="wp-embedded-content"></iframe><script type="text/javascript">
/* <![CDATA[ */
/*! This file is auto-generated */
!function(d,l){"use strict";l.querySelector&&d.addEventListener&&"undefined"!=typeof URL&&(d.wp=d.wp||{},d.wp.receiveEmbedMessage||(d.wp.receiveEmbedMessage=function(e){var t=e.data;if((t||t.secret||t.message||t.value)&&!/[^a-zA-Z0-9]/.test(t.secret)){for(var s,r,n,a=l.querySelectorAll('iframe[data-secret="'+t.secret+'"]'),o=l.querySelectorAll('blockquote[data-secret="'+t.secret+'"]'),c=new RegExp("^https?:$","i"),i=0;i<o.length;i++)o[i].style.display="none";for(i=0;i<a.length;i++)s=a[i],e.source===s.contentWindow&&(s.removeAttribute("style"),"height"===t.message?(1e3<(r=parseInt(t.value,10))?r=1e3:~~r<200&&(r=200),s.height=r):"link"===t.message&&(r=new URL(s.getAttribute("src")),n=new URL(t.value),c.test(n.protocol))&&n.host===r.host&&l.activeElement===s&&(d.top.location.href=t.value))}},d.addEventListener("message",d.wp.receiveEmbedMessage,!1),l.addEventListener("DOMContentLoaded",function(){for(var e,t,s=l.querySelectorAll("iframe.wp-embedded-content"),r=0;r<s.length;r++)(t=(e=s[r]).getAttribute("data-secret"))||(t=Math.random().toString(36).substring(2,12),e.src+="#?secret="+t,e.setAttribute("data-secret",t)),e.contentWindow.postMessage({message:"ready",secret:t},"*")},!1)))}(window,document);
//# sourceURL=https://web.umons.ac.be/spcn/wp-includes/js/wp-embed.min.js
/* ]]> */
</script>

Du 18 au 22 mai, avait lieu l'importante conférence ICON, en Finlande. Dans le cadre de la session de communications affichées dédiée à la cognition sociale et aux émotions, la Professeur Mandy Rossignol a proposé es résultats de la recherche "Angerprocessing in traumatic brain injury: an eye-tracking study on attentional bias to angry faces", réalisée par Nellia Belaert (Doctorante au sein du PCN) en collaboration avec la Dr. Wivine Blekic et Alice Bodart (Doctorante au sein du PCN).
