{"version":"1.0","provider_name":"Service \/ FPSE - Psychologie cognitive et Neuropsychologie","provider_url":"https:\/\/web.umons.ac.be\/spcn","author_name":"Sandra Invernizzi","author_url":"https:\/\/web.umons.ac.be\/spcn\/author\/sinvernizzi\/","title":"Participation au Mardi des Chercheurs - Service \/ FPSE - Psychologie cognitive et Neuropsychologie","type":"rich","width":600,"height":338,"html":"<blockquote class=\"wp-embedded-content\" data-secret=\"d9ZX3tc4py\"><a href=\"https:\/\/web.umons.ac.be\/spcn\/2022\/09\/07\/participation-au-mardi-des-chercheurs\/\">Participation au Mardi des Chercheurs<\/a><\/blockquote><iframe sandbox=\"allow-scripts\" security=\"restricted\" src=\"https:\/\/web.umons.ac.be\/spcn\/2022\/09\/07\/participation-au-mardi-des-chercheurs\/embed\/#?secret=d9ZX3tc4py\" width=\"600\" height=\"338\" title=\"\u00ab\u00a0Participation au Mardi des Chercheurs\u00a0\u00bb &#8212; Service \/ FPSE - Psychologie cognitive et Neuropsychologie\" data-secret=\"d9ZX3tc4py\" frameborder=\"0\" marginwidth=\"0\" marginheight=\"0\" scrolling=\"no\" class=\"wp-embedded-content\"><\/iframe><script type=\"text\/javascript\">\n\/* <![CDATA[ *\/\n\/*! This file is auto-generated *\/\n!function(d,l){\"use strict\";l.querySelector&&d.addEventListener&&\"undefined\"!=typeof URL&&(d.wp=d.wp||{},d.wp.receiveEmbedMessage||(d.wp.receiveEmbedMessage=function(e){var t=e.data;if((t||t.secret||t.message||t.value)&&!\/[^a-zA-Z0-9]\/.test(t.secret)){for(var s,r,n,a=l.querySelectorAll('iframe[data-secret=\"'+t.secret+'\"]'),o=l.querySelectorAll('blockquote[data-secret=\"'+t.secret+'\"]'),c=new RegExp(\"^https?:$\",\"i\"),i=0;i<o.length;i++)o[i].style.display=\"none\";for(i=0;i<a.length;i++)s=a[i],e.source===s.contentWindow&&(s.removeAttribute(\"style\"),\"height\"===t.message?(1e3<(r=parseInt(t.value,10))?r=1e3:~~r<200&&(r=200),s.height=r):\"link\"===t.message&&(r=new URL(s.getAttribute(\"src\")),n=new URL(t.value),c.test(n.protocol))&&n.host===r.host&&l.activeElement===s&&(d.top.location.href=t.value))}},d.addEventListener(\"message\",d.wp.receiveEmbedMessage,!1),l.addEventListener(\"DOMContentLoaded\",function(){for(var e,t,s=l.querySelectorAll(\"iframe.wp-embedded-content\"),r=0;r<s.length;r++)(t=(e=s[r]).getAttribute(\"data-secret\"))||(t=Math.random().toString(36).substring(2,12),e.src+=\"#?secret=\"+t,e.setAttribute(\"data-secret\",t)),e.contentWindow.postMessage({message:\"ready\",secret:t},\"*\")},!1)))}(window,document);\n\/\/# sourceURL=https:\/\/web.umons.ac.be\/spcn\/wp-includes\/js\/wp-embed.min.js\n\/* ]]> *\/\n<\/script>\n","thumbnail_url":"https:\/\/web.umons.ac.be\/app\/uploads\/sites\/64\/2022\/09\/pour-site-1024x819.jpeg","thumbnail_width":1024,"thumbnail_height":819,"description":"Plusieurs chercheuses du PCN ont eu le plaisir de participer cette semaine \u00e0 la 11e \u00e9dition du Mardi des Chercheurs. Cr\u00e9\u00e9 par la Facult\u00e9 Polytechnique de Mons au d\u00e9but des ann\u00e9es 2000, le MdC (anciennement Matin\u00e9es des Chercheurs) est un \u00e9v\u00e9nement scientifique organis\u00e9 annuellement par des chercheur.euse.s et pour des chercheur.euse.s. Il s\u2019agit donc d\u2019un [&hellip;]"}

Plusieurs chercheuses du PCN ont eu le plaisir de participer cette semaine à la 11e édition du Mardi des Chercheurs. Créé par la Faculté Polytechnique de Mons au début des années 2000, le MdC (anciennement Matinées des Chercheurs) est un événement scientifique organisé annuellement par des chercheur.euse.s et pour des chercheur.euse.s. Il s’agit donc d’un [&hellip;]
