{"version":"1.0","provider_name":"Service \/ FPSE - Psychologie cognitive et Neuropsychologie","provider_url":"https:\/\/web.umons.ac.be\/spcn","author_name":"Sandra Invernizzi","author_url":"https:\/\/web.umons.ac.be\/spcn\/author\/sinvernizzi\/","title":"Pr\u00e9sentation des th\u00e8mes de M\u00e9moires - Service \/ FPSE - Psychologie cognitive et Neuropsychologie","type":"rich","width":600,"height":338,"html":"<blockquote class=\"wp-embedded-content\" data-secret=\"wiHApU0KNp\"><a href=\"https:\/\/web.umons.ac.be\/spcn\/2022\/10\/14\/presentation-des-themes-de-memoire\/\">Pr\u00e9sentation des th\u00e8mes de M\u00e9moires<\/a><\/blockquote><iframe sandbox=\"allow-scripts\" security=\"restricted\" src=\"https:\/\/web.umons.ac.be\/spcn\/2022\/10\/14\/presentation-des-themes-de-memoire\/embed\/#?secret=wiHApU0KNp\" width=\"600\" height=\"338\" title=\"\u00ab\u00a0Pr\u00e9sentation des th\u00e8mes de M\u00e9moires\u00a0\u00bb &#8212; Service \/ FPSE - Psychologie cognitive et Neuropsychologie\" data-secret=\"wiHApU0KNp\" frameborder=\"0\" marginwidth=\"0\" marginheight=\"0\" scrolling=\"no\" class=\"wp-embedded-content\"><\/iframe><script type=\"text\/javascript\">\n\/* <![CDATA[ *\/\n\/*! This file is auto-generated *\/\n!function(d,l){\"use strict\";l.querySelector&&d.addEventListener&&\"undefined\"!=typeof URL&&(d.wp=d.wp||{},d.wp.receiveEmbedMessage||(d.wp.receiveEmbedMessage=function(e){var t=e.data;if((t||t.secret||t.message||t.value)&&!\/[^a-zA-Z0-9]\/.test(t.secret)){for(var s,r,n,a=l.querySelectorAll('iframe[data-secret=\"'+t.secret+'\"]'),o=l.querySelectorAll('blockquote[data-secret=\"'+t.secret+'\"]'),c=new RegExp(\"^https?:$\",\"i\"),i=0;i<o.length;i++)o[i].style.display=\"none\";for(i=0;i<a.length;i++)s=a[i],e.source===s.contentWindow&&(s.removeAttribute(\"style\"),\"height\"===t.message?(1e3<(r=parseInt(t.value,10))?r=1e3:~~r<200&&(r=200),s.height=r):\"link\"===t.message&&(r=new URL(s.getAttribute(\"src\")),n=new URL(t.value),c.test(n.protocol))&&n.host===r.host&&l.activeElement===s&&(d.top.location.href=t.value))}},d.addEventListener(\"message\",d.wp.receiveEmbedMessage,!1),l.addEventListener(\"DOMContentLoaded\",function(){for(var e,t,s=l.querySelectorAll(\"iframe.wp-embedded-content\"),r=0;r<s.length;r++)(t=(e=s[r]).getAttribute(\"data-secret\"))||(t=Math.random().toString(36).substring(2,12),e.src+=\"#?secret=\"+t,e.setAttribute(\"data-secret\",t)),e.contentWindow.postMessage({message:\"ready\",secret:t},\"*\")},!1)))}(window,document);\n\/\/# sourceURL=https:\/\/web.umons.ac.be\/spcn\/wp-includes\/js\/wp-embed.min.js\n\/* ]]> *\/\n<\/script>\n","thumbnail_url":"https:\/\/web.umons.ac.be\/app\/uploads\/sites\/64\/2022\/10\/311286990_825983325108015_6148069207559514379_n.jpg","thumbnail_width":2048,"thumbnail_height":759,"description":"Cette semaine, les th\u00e8mes de m\u00e9moire \u00e9taient pr\u00e9sent\u00e9s aux \u00e9tudiants de premi\u00e8re ann\u00e9e de Master en Sciences Psychologiques ou en Sciences de l\u2019\u00c9ducation. Le Service de Psychologie Cognitive et Neuropsychologie leur propose, cette ann\u00e9e, des th\u00e8mes selon quatre axes de recherche."}

Présentation des thèmes de Mémoires - Service / FPSE - Psychologie cognitive et Neuropsychologie

<blockquote class="wp-embedded-content" data-secret="wiHApU0KNp"><a href="https://web.umons.ac.be/spcn/2022/10/14/presentation-des-themes-de-memoire/">Présentation des thèmes de Mémoires</a></blockquote><iframe sandbox="allow-scripts" security="restricted" src="https://web.umons.ac.be/spcn/2022/10/14/presentation-des-themes-de-memoire/embed/#?secret=wiHApU0KNp" width="600" height="338" title="« Présentation des thèmes de Mémoires » &#8212; Service / FPSE - Psychologie cognitive et Neuropsychologie" data-secret="wiHApU0KNp" frameborder="0" marginwidth="0" marginheight="0" scrolling="no" class="wp-embedded-content"></iframe><script type="text/javascript">
/* <![CDATA[ */
/*! This file is auto-generated */
!function(d,l){"use strict";l.querySelector&&d.addEventListener&&"undefined"!=typeof URL&&(d.wp=d.wp||{},d.wp.receiveEmbedMessage||(d.wp.receiveEmbedMessage=function(e){var t=e.data;if((t||t.secret||t.message||t.value)&&!/[^a-zA-Z0-9]/.test(t.secret)){for(var s,r,n,a=l.querySelectorAll('iframe[data-secret="'+t.secret+'"]'),o=l.querySelectorAll('blockquote[data-secret="'+t.secret+'"]'),c=new RegExp("^https?:$","i"),i=0;i<o.length;i++)o[i].style.display="none";for(i=0;i<a.length;i++)s=a[i],e.source===s.contentWindow&&(s.removeAttribute("style"),"height"===t.message?(1e3<(r=parseInt(t.value,10))?r=1e3:~~r<200&&(r=200),s.height=r):"link"===t.message&&(r=new URL(s.getAttribute("src")),n=new URL(t.value),c.test(n.protocol))&&n.host===r.host&&l.activeElement===s&&(d.top.location.href=t.value))}},d.addEventListener("message",d.wp.receiveEmbedMessage,!1),l.addEventListener("DOMContentLoaded",function(){for(var e,t,s=l.querySelectorAll("iframe.wp-embedded-content"),r=0;r<s.length;r++)(t=(e=s[r]).getAttribute("data-secret"))||(t=Math.random().toString(36).substring(2,12),e.src+="#?secret="+t,e.setAttribute("data-secret",t)),e.contentWindow.postMessage({message:"ready",secret:t},"*")},!1)))}(window,document);
//# sourceURL=https://web.umons.ac.be/spcn/wp-includes/js/wp-embed.min.js
/* ]]> */
</script>

Cette semaine, les thèmes de mémoire étaient présentés aux étudiants de première année de Master en Sciences Psychologiques ou en Sciences de l’Éducation. Le Service de Psychologie Cognitive et Neuropsychologie leur propose, cette année, des thèmes selon quatre axes de recherche.
