{"version":"1.0","provider_name":"Service \/ FPSE - Psychologie cognitive et Neuropsychologie","provider_url":"https:\/\/web.umons.ac.be\/spcn","author_name":"Sandra Invernizzi","author_url":"https:\/\/web.umons.ac.be\/spcn\/author\/sinvernizzi\/","title":"Formation sur le vieillissement - Service \/ FPSE - Psychologie cognitive et Neuropsychologie","type":"rich","width":600,"height":338,"html":"<blockquote class=\"wp-embedded-content\" data-secret=\"6DsHgaeSnd\"><a href=\"https:\/\/web.umons.ac.be\/spcn\/2023\/03\/10\/formation\/\">Formation sur le vieillissement<\/a><\/blockquote><iframe sandbox=\"allow-scripts\" security=\"restricted\" src=\"https:\/\/web.umons.ac.be\/spcn\/2023\/03\/10\/formation\/embed\/#?secret=6DsHgaeSnd\" width=\"600\" height=\"338\" title=\"\u00ab\u00a0Formation sur le vieillissement\u00a0\u00bb &#8212; Service \/ FPSE - Psychologie cognitive et Neuropsychologie\" data-secret=\"6DsHgaeSnd\" frameborder=\"0\" marginwidth=\"0\" marginheight=\"0\" scrolling=\"no\" class=\"wp-embedded-content\"><\/iframe><script type=\"text\/javascript\">\n\/* <![CDATA[ *\/\n\/*! This file is auto-generated *\/\n!function(d,l){\"use strict\";l.querySelector&&d.addEventListener&&\"undefined\"!=typeof URL&&(d.wp=d.wp||{},d.wp.receiveEmbedMessage||(d.wp.receiveEmbedMessage=function(e){var t=e.data;if((t||t.secret||t.message||t.value)&&!\/[^a-zA-Z0-9]\/.test(t.secret)){for(var s,r,n,a=l.querySelectorAll('iframe[data-secret=\"'+t.secret+'\"]'),o=l.querySelectorAll('blockquote[data-secret=\"'+t.secret+'\"]'),c=new RegExp(\"^https?:$\",\"i\"),i=0;i<o.length;i++)o[i].style.display=\"none\";for(i=0;i<a.length;i++)s=a[i],e.source===s.contentWindow&&(s.removeAttribute(\"style\"),\"height\"===t.message?(1e3<(r=parseInt(t.value,10))?r=1e3:~~r<200&&(r=200),s.height=r):\"link\"===t.message&&(r=new URL(s.getAttribute(\"src\")),n=new URL(t.value),c.test(n.protocol))&&n.host===r.host&&l.activeElement===s&&(d.top.location.href=t.value))}},d.addEventListener(\"message\",d.wp.receiveEmbedMessage,!1),l.addEventListener(\"DOMContentLoaded\",function(){for(var e,t,s=l.querySelectorAll(\"iframe.wp-embedded-content\"),r=0;r<s.length;r++)(t=(e=s[r]).getAttribute(\"data-secret\"))||(t=Math.random().toString(36).substring(2,12),e.src+=\"#?secret=\"+t,e.setAttribute(\"data-secret\",t)),e.contentWindow.postMessage({message:\"ready\",secret:t},\"*\")},!1)))}(window,document);\n\/\/# sourceURL=https:\/\/web.umons.ac.be\/spcn\/wp-includes\/js\/wp-embed.min.js\n\/* ]]> *\/\n<\/script>\n","thumbnail_url":"https:\/\/web.umons.ac.be\/app\/uploads\/sites\/64\/2023\/03\/formation-maison-de-repos-2023.png","thumbnail_width":1280,"thumbnail_height":720,"description":"Dans le cadre de la mission de service \u00e0 la soci\u00e9t\u00e9 du service de Psychologie Cognitive et Neuropsychologie, la Dr. Isabelle Simoes Loureiro intervenait ce 7 mars lors d&rsquo;une formation destin\u00e9e aux r\u00e9f\u00e9rents maison de repos. Son intervention concernait la compr\u00e9hension des particularit\u00e9s de la psychologie des personnes \u00e2g\u00e9es, \u00e9l\u00e9ment essentiel \u00e0 maitriser pour une [&hellip;]"}

Dans le cadre de la mission de service à la société du service de Psychologie Cognitive et Neuropsychologie, la Dr. Isabelle Simoes Loureiro intervenait ce 7 mars lors d&rsquo;une formation destinée aux référents maison de repos. Son intervention concernait la compréhension des particularités de la psychologie des personnes âgées, élément essentiel à maitriser pour une [&hellip;]
