{"version":"1.0","provider_name":"Service \/ FPSE - Psychologie cognitive et Neuropsychologie","provider_url":"https:\/\/web.umons.ac.be\/spcn","author_name":"Sandra Invernizzi","author_url":"https:\/\/web.umons.ac.be\/spcn\/author\/sinvernizzi\/","title":"Nouvelles chercheuses au PCN - Service \/ FPSE - Psychologie cognitive et Neuropsychologie","type":"rich","width":600,"height":338,"html":"<blockquote class=\"wp-embedded-content\" data-secret=\"lN6Ojl8Jcf\"><a href=\"https:\/\/web.umons.ac.be\/spcn\/2023\/10\/13\/nouvelles-collaboratrices-au-pcn\/\">Nouvelles chercheuses au PCN<\/a><\/blockquote><iframe sandbox=\"allow-scripts\" security=\"restricted\" src=\"https:\/\/web.umons.ac.be\/spcn\/2023\/10\/13\/nouvelles-collaboratrices-au-pcn\/embed\/#?secret=lN6Ojl8Jcf\" width=\"600\" height=\"338\" title=\"\u00ab\u00a0Nouvelles chercheuses au PCN\u00a0\u00bb &#8212; Service \/ FPSE - Psychologie cognitive et Neuropsychologie\" data-secret=\"lN6Ojl8Jcf\" frameborder=\"0\" marginwidth=\"0\" marginheight=\"0\" scrolling=\"no\" class=\"wp-embedded-content\"><\/iframe><script type=\"text\/javascript\">\n\/* <![CDATA[ *\/\n\/*! This file is auto-generated *\/\n!function(d,l){\"use strict\";l.querySelector&&d.addEventListener&&\"undefined\"!=typeof URL&&(d.wp=d.wp||{},d.wp.receiveEmbedMessage||(d.wp.receiveEmbedMessage=function(e){var t=e.data;if((t||t.secret||t.message||t.value)&&!\/[^a-zA-Z0-9]\/.test(t.secret)){for(var s,r,n,a=l.querySelectorAll('iframe[data-secret=\"'+t.secret+'\"]'),o=l.querySelectorAll('blockquote[data-secret=\"'+t.secret+'\"]'),c=new RegExp(\"^https?:$\",\"i\"),i=0;i<o.length;i++)o[i].style.display=\"none\";for(i=0;i<a.length;i++)s=a[i],e.source===s.contentWindow&&(s.removeAttribute(\"style\"),\"height\"===t.message?(1e3<(r=parseInt(t.value,10))?r=1e3:~~r<200&&(r=200),s.height=r):\"link\"===t.message&&(r=new URL(s.getAttribute(\"src\")),n=new URL(t.value),c.test(n.protocol))&&n.host===r.host&&l.activeElement===s&&(d.top.location.href=t.value))}},d.addEventListener(\"message\",d.wp.receiveEmbedMessage,!1),l.addEventListener(\"DOMContentLoaded\",function(){for(var e,t,s=l.querySelectorAll(\"iframe.wp-embedded-content\"),r=0;r<s.length;r++)(t=(e=s[r]).getAttribute(\"data-secret\"))||(t=Math.random().toString(36).substring(2,12),e.src+=\"#?secret=\"+t,e.setAttribute(\"data-secret\",t)),e.contentWindow.postMessage({message:\"ready\",secret:t},\"*\")},!1)))}(window,document);\n\/\/# sourceURL=https:\/\/web.umons.ac.be\/spcn\/wp-includes\/js\/wp-embed.min.js\n\/* ]]> *\/\n<\/script>\n","thumbnail_url":"https:\/\/web.umons.ac.be\/app\/uploads\/sites\/64\/2023\/10\/welcomeCetS-1.jpg","thumbnail_width":1280,"thumbnail_height":720,"description":"L\u2019\u00e9quipe du PCN accueille deux nouvelles coll\u00e8gues \u00e0 l\u2019occasion de cette rentr\u00e9e acad\u00e9mique. Sonia Sistiaga et Colleen Verwacht ont toutes deux \u00e9tudi\u00e9 au sein de notre facult\u00e9 et ont r\u00e9alis\u00e9 leur cursus avec la sp\u00e9cialisation en neuropsychologie. Elles rejoignent l\u2019\u00e9quipe de recherche du service de Psychologie Cognitive et Neuropsychologie. Sonia Sistiaga s\u2019int\u00e9resse aux difficult\u00e9s de [&hellip;]"}

L’équipe du PCN accueille deux nouvelles collègues à l’occasion de cette rentrée académique. Sonia Sistiaga et Colleen Verwacht ont toutes deux étudié au sein de notre faculté et ont réalisé leur cursus avec la spécialisation en neuropsychologie. Elles rejoignent l’équipe de recherche du service de Psychologie Cognitive et Neuropsychologie. Sonia Sistiaga s’intéresse aux difficultés de [&hellip;]
