{"version":"1.0","provider_name":"Service \/ FPSE - Psychologie cognitive et Neuropsychologie","provider_url":"https:\/\/web.umons.ac.be\/spcn","author_name":"Sandra Invernizzi","author_url":"https:\/\/web.umons.ac.be\/spcn\/author\/sinvernizzi\/","title":"Mardi des Chercheurs 2024 : Nous y \u00e9tions ! - Service \/ FPSE - Psychologie cognitive et Neuropsychologie","type":"rich","width":600,"height":338,"html":"<blockquote class=\"wp-embedded-content\" data-secret=\"RWWXYHXQsw\"><a href=\"https:\/\/web.umons.ac.be\/spcn\/2024\/03\/27\/mardi-des-chercheurs-nous-y-etions\/\">Mardi des Chercheurs 2024 : Nous y \u00e9tions !<\/a><\/blockquote><iframe sandbox=\"allow-scripts\" security=\"restricted\" src=\"https:\/\/web.umons.ac.be\/spcn\/2024\/03\/27\/mardi-des-chercheurs-nous-y-etions\/embed\/#?secret=RWWXYHXQsw\" width=\"600\" height=\"338\" title=\"\u00ab\u00a0Mardi des Chercheurs 2024 : Nous y \u00e9tions !\u00a0\u00bb &#8212; Service \/ FPSE - Psychologie cognitive et Neuropsychologie\" data-secret=\"RWWXYHXQsw\" frameborder=\"0\" marginwidth=\"0\" marginheight=\"0\" scrolling=\"no\" class=\"wp-embedded-content\"><\/iframe><script type=\"text\/javascript\">\n\/* <![CDATA[ *\/\n\/*! This file is auto-generated *\/\n!function(d,l){\"use strict\";l.querySelector&&d.addEventListener&&\"undefined\"!=typeof URL&&(d.wp=d.wp||{},d.wp.receiveEmbedMessage||(d.wp.receiveEmbedMessage=function(e){var t=e.data;if((t||t.secret||t.message||t.value)&&!\/[^a-zA-Z0-9]\/.test(t.secret)){for(var s,r,n,a=l.querySelectorAll('iframe[data-secret=\"'+t.secret+'\"]'),o=l.querySelectorAll('blockquote[data-secret=\"'+t.secret+'\"]'),c=new RegExp(\"^https?:$\",\"i\"),i=0;i<o.length;i++)o[i].style.display=\"none\";for(i=0;i<a.length;i++)s=a[i],e.source===s.contentWindow&&(s.removeAttribute(\"style\"),\"height\"===t.message?(1e3<(r=parseInt(t.value,10))?r=1e3:~~r<200&&(r=200),s.height=r):\"link\"===t.message&&(r=new URL(s.getAttribute(\"src\")),n=new URL(t.value),c.test(n.protocol))&&n.host===r.host&&l.activeElement===s&&(d.top.location.href=t.value))}},d.addEventListener(\"message\",d.wp.receiveEmbedMessage,!1),l.addEventListener(\"DOMContentLoaded\",function(){for(var e,t,s=l.querySelectorAll(\"iframe.wp-embedded-content\"),r=0;r<s.length;r++)(t=(e=s[r]).getAttribute(\"data-secret\"))||(t=Math.random().toString(36).substring(2,12),e.src+=\"#?secret=\"+t,e.setAttribute(\"data-secret\",t)),e.contentWindow.postMessage({message:\"ready\",secret:t},\"*\")},!1)))}(window,document);\n\/\/# sourceURL=https:\/\/web.umons.ac.be\/spcn\/wp-includes\/js\/wp-embed.min.js\n\/* ]]> *\/\n<\/script>\n","thumbnail_url":"https:\/\/web.umons.ac.be\/app\/uploads\/sites\/64\/2024\/03\/cover-MDC-PCN-2024.jpg","thumbnail_width":897,"thumbnail_height":720,"description":"Cr\u00e9\u00e9 par la Facult\u00e9 Polytechnique de Mons au d\u00e9but des ann\u00e9es 2000, le Mardi des Chercheurs est une manifestation scientifique organis\u00e9e annuellement par les chercheurs et pour les chercheurs. Elle est ainsi un lieu d\u2019\u00e9change privil\u00e9gi\u00e9 au sein duquel les acteurs de terrain de la recherche (scientifiques sous contrats, doctorants, assistants, docteurs, \u2026), issus de [&hellip;]"}

Mardi des Chercheurs 2024 : Nous y étions ! - Service / FPSE - Psychologie cognitive et Neuropsychologie

<blockquote class="wp-embedded-content" data-secret="RWWXYHXQsw"><a href="https://web.umons.ac.be/spcn/2024/03/27/mardi-des-chercheurs-nous-y-etions/">Mardi des Chercheurs 2024 : Nous y étions !</a></blockquote><iframe sandbox="allow-scripts" security="restricted" src="https://web.umons.ac.be/spcn/2024/03/27/mardi-des-chercheurs-nous-y-etions/embed/#?secret=RWWXYHXQsw" width="600" height="338" title="« Mardi des Chercheurs 2024 : Nous y étions ! » &#8212; Service / FPSE - Psychologie cognitive et Neuropsychologie" data-secret="RWWXYHXQsw" frameborder="0" marginwidth="0" marginheight="0" scrolling="no" class="wp-embedded-content"></iframe><script type="text/javascript">
/* <![CDATA[ */
/*! This file is auto-generated */
!function(d,l){"use strict";l.querySelector&&d.addEventListener&&"undefined"!=typeof URL&&(d.wp=d.wp||{},d.wp.receiveEmbedMessage||(d.wp.receiveEmbedMessage=function(e){var t=e.data;if((t||t.secret||t.message||t.value)&&!/[^a-zA-Z0-9]/.test(t.secret)){for(var s,r,n,a=l.querySelectorAll('iframe[data-secret="'+t.secret+'"]'),o=l.querySelectorAll('blockquote[data-secret="'+t.secret+'"]'),c=new RegExp("^https?:$","i"),i=0;i<o.length;i++)o[i].style.display="none";for(i=0;i<a.length;i++)s=a[i],e.source===s.contentWindow&&(s.removeAttribute("style"),"height"===t.message?(1e3<(r=parseInt(t.value,10))?r=1e3:~~r<200&&(r=200),s.height=r):"link"===t.message&&(r=new URL(s.getAttribute("src")),n=new URL(t.value),c.test(n.protocol))&&n.host===r.host&&l.activeElement===s&&(d.top.location.href=t.value))}},d.addEventListener("message",d.wp.receiveEmbedMessage,!1),l.addEventListener("DOMContentLoaded",function(){for(var e,t,s=l.querySelectorAll("iframe.wp-embedded-content"),r=0;r<s.length;r++)(t=(e=s[r]).getAttribute("data-secret"))||(t=Math.random().toString(36).substring(2,12),e.src+="#?secret="+t,e.setAttribute("data-secret",t)),e.contentWindow.postMessage({message:"ready",secret:t},"*")},!1)))}(window,document);
//# sourceURL=https://web.umons.ac.be/spcn/wp-includes/js/wp-embed.min.js
/* ]]> */
</script>

Créé par la Faculté Polytechnique de Mons au début des années 2000, le Mardi des Chercheurs est une manifestation scientifique organisée annuellement par les chercheurs et pour les chercheurs. Elle est ainsi un lieu d’échange privilégié au sein duquel les acteurs de terrain de la recherche (scientifiques sous contrats, doctorants, assistants, docteurs, …), issus de [&hellip;]
