{"id":155,"date":"2022-01-13T11:19:33","date_gmt":"2022-01-13T10:19:33","guid":{"rendered":"https:\/\/web.umons.ac.be\/spcn\/?page_id=155"},"modified":"2023-04-11T11:50:38","modified_gmt":"2023-04-11T09:50:38","slug":"videos","status":"publish","type":"page","link":"https:\/\/web.umons.ac.be\/spcn\/videos\/","title":{"rendered":"Vid\u00e9os"},"content":{"rendered":"<h5>\u00c9mission les \u00c9claireurs : La maladie d&rsquo;Alzheimer<\/h5>\n<p>\u00c9mission LES \u00c9CLAIREURS du 8 avril 2023 :Alzheimer : des recherches belges prometteuses ! (avec Isabelle Simoes Loureiro)<br \/>\n<a href=\"https:\/\/www.rtbf.be\/article\/alzheimer-des-recherches-belges-prometteuses-11177817\">https:\/\/www.rtbf.be\/article\/alzheimer-des-recherches-belges-prometteuses-11177817<\/a><\/p>\n<h5>La r\u00e9serve cognitive ou comment pr\u00e9venir le d\u00e9clin cognitif<\/h5>\n<p>Conf\u00e9rence de la Professeur Sylvie Belleville, de l&rsquo;Universit\u00e9 de Montr\u00e9al, dans le cadre du printemps des Sciences.<br \/>\n<iframe loading=\"lazy\" title=\"La r\u00e9serve cognitive ou comment pr\u00e9venir le d\u00e9clin cognitif\" width=\"500\" height=\"281\" src=\"https:\/\/www.youtube.com\/embed\/xKvW19oucUw?feature=oembed\" frameborder=\"0\" allow=\"accelerometer; autoplay; clipboard-write; encrypted-media; gyroscope; picture-in-picture; web-share\" referrerpolicy=\"strict-origin-when-cross-origin\" allowfullscreen><\/iframe><\/p>\n<h5>Pr\u00e9sentation des activit\u00e9s du service de Psychologie Cognitive et Neuropsychologie<\/h5>\n<p>Pr\u00e9sentation des activit\u00e9s d&rsquo;enseignement et de recherche par les Professeur.e.s Mandy Rossignol et Laurent Lefebvre<br \/>\n<iframe loading=\"lazy\" title=\"Pr\u00e9sentation du service de neuropsychologie - UMONS\" width=\"500\" height=\"281\" src=\"https:\/\/www.youtube.com\/embed\/mjovAyFWHng?feature=oembed\" frameborder=\"0\" allow=\"accelerometer; autoplay; clipboard-write; encrypted-media; gyroscope; picture-in-picture; web-share\" referrerpolicy=\"strict-origin-when-cross-origin\" allowfullscreen><\/iframe><\/p>\n<h5>Introduction \u00e0 la r\u00e9alisation de revues syst\u00e9matiques de la litt\u00e9rature et de m\u00e9tanalyses.<\/h5>\n<p>Propos\u00e9 conjointement par les services Orthop\u00e9dagogie Clinique | Psychologie Cognitive et Neuropsychologie.<br \/>\n<iframe loading=\"lazy\" title=\"Notions de revue syst\u00e9matique et de m\u00e9ta analyses\" width=\"500\" height=\"281\" src=\"https:\/\/www.youtube.com\/embed\/058sNM2Y2YI?feature=oembed\" frameborder=\"0\" allow=\"accelerometer; autoplay; clipboard-write; encrypted-media; gyroscope; picture-in-picture; web-share\" referrerpolicy=\"strict-origin-when-cross-origin\" allowfullscreen><\/iframe><\/p>\n<h5>Qu&rsquo;est-ce que le m\u00e9tier de Neuropsychologue ?<\/h5>\n<p>Pr\u00e9sentation du m\u00e9tier de Neuropsychologue par la Dr. Isabelle Simoes Loureiro, Neuropsychologue et Cheffe de travaux au sein du service PCN<br \/>\n<iframe loading=\"lazy\" title=\"Qu&#039;est-ce qu&#039;un neuropsychologue ?\" width=\"500\" height=\"281\" src=\"https:\/\/www.youtube.com\/embed\/QZotz9ndwzA?feature=oembed\" frameborder=\"0\" allow=\"accelerometer; autoplay; clipboard-write; encrypted-media; gyroscope; picture-in-picture; web-share\" referrerpolicy=\"strict-origin-when-cross-origin\" allowfullscreen><\/iframe><\/p>\n","protected":false},"excerpt":{"rendered":"<p>\u00c9mission les \u00c9claireurs : La maladie d&rsquo;Alzheimer \u00c9mission LES \u00c9CLAIREURS du 8 avril 2023 :Alzheimer : des recherches belges prometteuses ! (avec Isabelle Simoes Loureiro) https:\/\/www.rtbf.be\/article\/alzheimer-des-recherches-belges-prometteuses-11177817 La r\u00e9serve cognitive ou comment pr\u00e9venir le d\u00e9clin cognitif Conf\u00e9rence de la Professeur Sylvie Belleville, de l&rsquo;Universit\u00e9 de Montr\u00e9al, dans le cadre du printemps des Sciences. Pr\u00e9sentation des activit\u00e9s [&hellip;]<\/p>\n","protected":false},"author":127,"featured_media":0,"parent":0,"menu_order":0,"comment_status":"closed","ping_status":"closed","template":"","meta":{"footnotes":""},"class_list":["post-155","page","type-page","status-publish","hentry"],"yoast_head":"<!-- This site is optimized with the Yoast SEO plugin v27.2 - https:\/\/yoast.com\/product\/yoast-seo-wordpress\/ -->\n<title>Vid\u00e9os - Service \/ FPSE - Psychologie cognitive et Neuropsychologie<\/title>\n<meta name=\"robots\" content=\"index, follow, max-snippet:-1, max-image-preview:large, max-video-preview:-1\" \/>\n<link rel=\"canonical\" href=\"https:\/\/web.umons.ac.be\/spcn\/videos\/\" \/>\n<meta property=\"og:locale\" content=\"fr_FR\" \/>\n<meta property=\"og:type\" content=\"article\" \/>\n<meta property=\"og:title\" content=\"Vid\u00e9os - Service \/ FPSE - Psychologie cognitive et Neuropsychologie\" \/>\n<meta property=\"og:description\" content=\"\u00c9mission les \u00c9claireurs : La maladie d&rsquo;Alzheimer \u00c9mission LES \u00c9CLAIREURS du 8 avril 2023 :Alzheimer : des recherches belges prometteuses ! (avec Isabelle Simoes Loureiro) https:\/\/www.rtbf.be\/article\/alzheimer-des-recherches-belges-prometteuses-11177817 La r\u00e9serve cognitive ou comment pr\u00e9venir le d\u00e9clin cognitif Conf\u00e9rence de la Professeur Sylvie Belleville, de l&rsquo;Universit\u00e9 de Montr\u00e9al, dans le cadre du printemps des Sciences. Pr\u00e9sentation des activit\u00e9s [&hellip;]\" \/>\n<meta property=\"og:url\" content=\"https:\/\/web.umons.ac.be\/spcn\/videos\/\" \/>\n<meta property=\"og:site_name\" content=\"Service \/ FPSE - Psychologie cognitive et Neuropsychologie\" \/>\n<meta property=\"article:publisher\" content=\"https:\/\/www.facebook.com\/pcnumons\" \/>\n<meta property=\"article:modified_time\" content=\"2023-04-11T09:50:38+00:00\" \/>\n<meta name=\"twitter:card\" content=\"summary_large_image\" \/>\n<meta name=\"twitter:label1\" content=\"Dur\u00e9e de lecture estim\u00e9e\" \/>\n\t<meta name=\"twitter:data1\" content=\"1 minute\" \/>\n<script type=\"application\/ld+json\" class=\"yoast-schema-graph\">{\"@context\":\"https:\/\/schema.org\",\"@graph\":[{\"@type\":\"WebPage\",\"@id\":\"https:\/\/web.umons.ac.be\/spcn\/videos\/\",\"url\":\"https:\/\/web.umons.ac.be\/spcn\/videos\/\",\"name\":\"Vid\u00e9os - Service \/ FPSE - Psychologie cognitive et Neuropsychologie\",\"isPartOf\":{\"@id\":\"https:\/\/web.umons.ac.be\/spcn\/#website\"},\"datePublished\":\"2022-01-13T10:19:33+00:00\",\"dateModified\":\"2023-04-11T09:50:38+00:00\",\"breadcrumb\":{\"@id\":\"https:\/\/web.umons.ac.be\/spcn\/videos\/#breadcrumb\"},\"inLanguage\":\"fr-FR\",\"potentialAction\":[{\"@type\":\"ReadAction\",\"target\":[\"https:\/\/web.umons.ac.be\/spcn\/videos\/\"]}]},{\"@type\":\"BreadcrumbList\",\"@id\":\"https:\/\/web.umons.ac.be\/spcn\/videos\/#breadcrumb\",\"itemListElement\":[{\"@type\":\"ListItem\",\"position\":1,\"name\":\"Home\",\"item\":\"https:\/\/web.umons.ac.be\/spcn\/\"},{\"@type\":\"ListItem\",\"position\":2,\"name\":\"Vid\u00e9os\"}]},{\"@type\":\"WebSite\",\"@id\":\"https:\/\/web.umons.ac.be\/spcn\/#website\",\"url\":\"https:\/\/web.umons.ac.be\/spcn\/\",\"name\":\"Service \/ FPSE - Psychologie cognitive et Neuropsychologie\",\"description\":\"\",\"potentialAction\":[{\"@type\":\"SearchAction\",\"target\":{\"@type\":\"EntryPoint\",\"urlTemplate\":\"https:\/\/web.umons.ac.be\/spcn\/?s={search_term_string}\"},\"query-input\":{\"@type\":\"PropertyValueSpecification\",\"valueRequired\":true,\"valueName\":\"search_term_string\"}}],\"inLanguage\":\"fr-FR\"}]}<\/script>\n<!-- \/ Yoast SEO plugin. -->","yoast_head_json":{"title":"Vid\u00e9os - Service \/ FPSE - Psychologie cognitive et Neuropsychologie","robots":{"index":"index","follow":"follow","max-snippet":"max-snippet:-1","max-image-preview":"max-image-preview:large","max-video-preview":"max-video-preview:-1"},"canonical":"https:\/\/web.umons.ac.be\/spcn\/videos\/","og_locale":"fr_FR","og_type":"article","og_title":"Vid\u00e9os - Service \/ FPSE - Psychologie cognitive et Neuropsychologie","og_description":"\u00c9mission les \u00c9claireurs : La maladie d&rsquo;Alzheimer \u00c9mission LES \u00c9CLAIREURS du 8 avril 2023 :Alzheimer : des recherches belges prometteuses ! (avec Isabelle Simoes Loureiro) https:\/\/www.rtbf.be\/article\/alzheimer-des-recherches-belges-prometteuses-11177817 La r\u00e9serve cognitive ou comment pr\u00e9venir le d\u00e9clin cognitif Conf\u00e9rence de la Professeur Sylvie Belleville, de l&rsquo;Universit\u00e9 de Montr\u00e9al, dans le cadre du printemps des Sciences. Pr\u00e9sentation des activit\u00e9s [&hellip;]","og_url":"https:\/\/web.umons.ac.be\/spcn\/videos\/","og_site_name":"Service \/ FPSE - Psychologie cognitive et Neuropsychologie","article_publisher":"https:\/\/www.facebook.com\/pcnumons","article_modified_time":"2023-04-11T09:50:38+00:00","twitter_card":"summary_large_image","twitter_misc":{"Dur\u00e9e de lecture estim\u00e9e":"1 minute"},"schema":{"@context":"https:\/\/schema.org","@graph":[{"@type":"WebPage","@id":"https:\/\/web.umons.ac.be\/spcn\/videos\/","url":"https:\/\/web.umons.ac.be\/spcn\/videos\/","name":"Vid\u00e9os - Service \/ FPSE - Psychologie cognitive et Neuropsychologie","isPartOf":{"@id":"https:\/\/web.umons.ac.be\/spcn\/#website"},"datePublished":"2022-01-13T10:19:33+00:00","dateModified":"2023-04-11T09:50:38+00:00","breadcrumb":{"@id":"https:\/\/web.umons.ac.be\/spcn\/videos\/#breadcrumb"},"inLanguage":"fr-FR","potentialAction":[{"@type":"ReadAction","target":["https:\/\/web.umons.ac.be\/spcn\/videos\/"]}]},{"@type":"BreadcrumbList","@id":"https:\/\/web.umons.ac.be\/spcn\/videos\/#breadcrumb","itemListElement":[{"@type":"ListItem","position":1,"name":"Home","item":"https:\/\/web.umons.ac.be\/spcn\/"},{"@type":"ListItem","position":2,"name":"Vid\u00e9os"}]},{"@type":"WebSite","@id":"https:\/\/web.umons.ac.be\/spcn\/#website","url":"https:\/\/web.umons.ac.be\/spcn\/","name":"Service \/ FPSE - Psychologie cognitive et Neuropsychologie","description":"","potentialAction":[{"@type":"SearchAction","target":{"@type":"EntryPoint","urlTemplate":"https:\/\/web.umons.ac.be\/spcn\/?s={search_term_string}"},"query-input":{"@type":"PropertyValueSpecification","valueRequired":true,"valueName":"search_term_string"}}],"inLanguage":"fr-FR"}]}},"lang":"fr","translations":{"fr":155},"pll_sync_post":[],"_links":{"self":[{"href":"https:\/\/web.umons.ac.be\/spcn\/wp-json\/wp\/v2\/pages\/155","targetHints":{"allow":["GET"]}}],"collection":[{"href":"https:\/\/web.umons.ac.be\/spcn\/wp-json\/wp\/v2\/pages"}],"about":[{"href":"https:\/\/web.umons.ac.be\/spcn\/wp-json\/wp\/v2\/types\/page"}],"author":[{"embeddable":true,"href":"https:\/\/web.umons.ac.be\/spcn\/wp-json\/wp\/v2\/users\/127"}],"replies":[{"embeddable":true,"href":"https:\/\/web.umons.ac.be\/spcn\/wp-json\/wp\/v2\/comments?post=155"}],"version-history":[{"count":4,"href":"https:\/\/web.umons.ac.be\/spcn\/wp-json\/wp\/v2\/pages\/155\/revisions"}],"predecessor-version":[{"id":1204,"href":"https:\/\/web.umons.ac.be\/spcn\/wp-json\/wp\/v2\/pages\/155\/revisions\/1204"}],"wp:attachment":[{"href":"https:\/\/web.umons.ac.be\/spcn\/wp-json\/wp\/v2\/media?parent=155"}],"curies":[{"name":"wp","href":"https:\/\/api.w.org\/{rel}","templated":true}]}}

Vidéos

<h5>Émission les Éclaireurs : La maladie d&rsquo;Alzheimer</h5>
<p>Émission LES ÉCLAIREURS du 8 avril 2023 :Alzheimer : des recherches belges prometteuses ! (avec Isabelle Simoes Loureiro)<br />
<a href="https://www.rtbf.be/article/alzheimer-des-recherches-belges-prometteuses-11177817">https://www.rtbf.be/article/alzheimer-des-recherches-belges-prometteuses-11177817</a></p>
<h5>La réserve cognitive ou comment prévenir le déclin cognitif</h5>
<p>Conférence de la Professeur Sylvie Belleville, de l&rsquo;Université de Montréal, dans le cadre du printemps des Sciences.<br />
<iframe loading="lazy" title="La réserve cognitive ou comment prévenir le déclin cognitif" width="500" height="281" src="https://www.youtube.com/embed/xKvW19oucUw?feature=oembed" frameborder="0" allow="accelerometer; autoplay; clipboard-write; encrypted-media; gyroscope; picture-in-picture; web-share" referrerpolicy="strict-origin-when-cross-origin" allowfullscreen></iframe></p>
<h5>Présentation des activités du service de Psychologie Cognitive et Neuropsychologie</h5>
<p>Présentation des activités d&rsquo;enseignement et de recherche par les Professeur.e.s Mandy Rossignol et Laurent Lefebvre<br />
<iframe loading="lazy" title="Présentation du service de neuropsychologie - UMONS" width="500" height="281" src="https://www.youtube.com/embed/mjovAyFWHng?feature=oembed" frameborder="0" allow="accelerometer; autoplay; clipboard-write; encrypted-media; gyroscope; picture-in-picture; web-share" referrerpolicy="strict-origin-when-cross-origin" allowfullscreen></iframe></p>
<h5>Introduction à la réalisation de revues systématiques de la littérature et de métanalyses.</h5>
<p>Proposé conjointement par les services Orthopédagogie Clinique | Psychologie Cognitive et Neuropsychologie.<br />
<iframe loading="lazy" title="Notions de revue systématique et de méta analyses" width="500" height="281" src="https://www.youtube.com/embed/058sNM2Y2YI?feature=oembed" frameborder="0" allow="accelerometer; autoplay; clipboard-write; encrypted-media; gyroscope; picture-in-picture; web-share" referrerpolicy="strict-origin-when-cross-origin" allowfullscreen></iframe></p>
<h5>Qu&rsquo;est-ce que le métier de Neuropsychologue ?</h5>
<p>Présentation du métier de Neuropsychologue par la Dr. Isabelle Simoes Loureiro, Neuropsychologue et Cheffe de travaux au sein du service PCN<br />
<iframe loading="lazy" title="Qu&#039;est-ce qu&#039;un neuropsychologue ?" width="500" height="281" src="https://www.youtube.com/embed/QZotz9ndwzA?feature=oembed" frameborder="0" allow="accelerometer; autoplay; clipboard-write; encrypted-media; gyroscope; picture-in-picture; web-share" referrerpolicy="strict-origin-when-cross-origin" allowfullscreen></iframe></p>

<p>Émission les Éclaireurs : La maladie d&rsquo;Alzheimer Émission LES ÉCLAIREURS du 8 avril 2023 :Alzheimer : des recherches belges prometteuses ! (avec Isabelle Simoes Loureiro) https://www.rtbf.be/article/alzheimer-des-recherches-belges-prometteuses-11177817 La réserve cognitive ou comment prévenir le déclin cognitif Conférence de la Professeur Sylvie Belleville, de l&rsquo;Université de Montréal, dans le cadre du printemps des Sciences. Présentation des activités [&hellip;]</p>

<!-- This site is optimized with the Yoast SEO plugin v27.2 - https://yoast.com/product/yoast-seo-wordpress/ -->
<title>Vidéos - Service / FPSE - Psychologie cognitive et Neuropsychologie</title>
<meta name="robots" content="index, follow, max-snippet:-1, max-image-preview:large, max-video-preview:-1" />
<link rel="canonical" href="https://web.umons.ac.be/spcn/videos/" />
<meta property="og:locale" content="fr_FR" />
<meta property="og:type" content="article" />
<meta property="og:title" content="Vidéos - Service / FPSE - Psychologie cognitive et Neuropsychologie" />
<meta property="og:description" content="Émission les Éclaireurs : La maladie d&rsquo;Alzheimer Émission LES ÉCLAIREURS du 8 avril 2023 :Alzheimer : des recherches belges prometteuses ! (avec Isabelle Simoes Loureiro) https://www.rtbf.be/article/alzheimer-des-recherches-belges-prometteuses-11177817 La réserve cognitive ou comment prévenir le déclin cognitif Conférence de la Professeur Sylvie Belleville, de l&rsquo;Université de Montréal, dans le cadre du printemps des Sciences. Présentation des activités [&hellip;]" />
<meta property="og:url" content="https://web.umons.ac.be/spcn/videos/" />
<meta property="og:site_name" content="Service / FPSE - Psychologie cognitive et Neuropsychologie" />
<meta property="article:publisher" content="https://www.facebook.com/pcnumons" />
<meta property="article:modified_time" content="2023-04-11T09:50:38+00:00" />
<meta name="twitter:card" content="summary_large_image" />
<meta name="twitter:label1" content="Durée de lecture estimée" />
	<meta name="twitter:data1" content="1 minute" />
<script type="application/ld+json" class="yoast-schema-graph">{"@context":"https://schema.org","@graph":[{"@type":"WebPage","@id":"https://web.umons.ac.be/spcn/videos/","url":"https://web.umons.ac.be/spcn/videos/","name":"Vidéos - Service / FPSE - Psychologie cognitive et Neuropsychologie","isPartOf":{"@id":"https://web.umons.ac.be/spcn/#website"},"datePublished":"2022-01-13T10:19:33+00:00","dateModified":"2023-04-11T09:50:38+00:00","breadcrumb":{"@id":"https://web.umons.ac.be/spcn/videos/#breadcrumb"},"inLanguage":"fr-FR","potentialAction":[{"@type":"ReadAction","target":["https://web.umons.ac.be/spcn/videos/"]}]},{"@type":"BreadcrumbList","@id":"https://web.umons.ac.be/spcn/videos/#breadcrumb","itemListElement":[{"@type":"ListItem","position":1,"name":"Home","item":"https://web.umons.ac.be/spcn/"},{"@type":"ListItem","position":2,"name":"Vidéos"}]},{"@type":"WebSite","@id":"https://web.umons.ac.be/spcn/#website","url":"https://web.umons.ac.be/spcn/","name":"Service / FPSE - Psychologie cognitive et Neuropsychologie","description":"","potentialAction":[{"@type":"SearchAction","target":{"@type":"EntryPoint","urlTemplate":"https://web.umons.ac.be/spcn/?s={search_term_string}"},"query-input":{"@type":"PropertyValueSpecification","valueRequired":true,"valueName":"search_term_string"}}],"inLanguage":"fr-FR"}]}</script>
<!-- / Yoast SEO plugin. -->

Vidéos - Service / FPSE - Psychologie cognitive et Neuropsychologie

Émission les Éclaireurs : La maladie d&rsquo;Alzheimer Émission LES ÉCLAIREURS du 8 avril 2023 :Alzheimer : des recherches belges prometteuses ! (avec Isabelle Simoes Loureiro) https://www.rtbf.be/article/alzheimer-des-recherches-belges-prometteuses-11177817 La réserve cognitive ou comment prévenir le déclin cognitif Conférence de la Professeur Sylvie Belleville, de l&rsquo;Université de Montréal, dans le cadre du printemps des Sciences. Présentation des activités [&hellip;]
