{"id":369,"date":"2023-03-08T17:43:48","date_gmt":"2023-03-08T16:43:48","guid":{"rendered":"https:\/\/web.umons.ac.be\/spin\/?page_id=369"},"modified":"2024-09-10T15:04:07","modified_gmt":"2024-09-10T13:04:07","slug":"marine-lagasse","status":"publish","type":"page","link":"https:\/\/web.umons.ac.be\/spin\/equipe\/marine-lagasse\/","title":{"rendered":"Marine Lagasse"},"content":{"rendered":"<h5><b><img loading=\"lazy\" decoding=\"async\" class=\"wp-image-520 alignleft\" src=\"https:\/\/web.umons.ac.be\/app\/uploads\/sites\/129\/2023\/04\/MARINE-L.png\" alt=\"\" width=\"232\" height=\"232\" srcset=\"https:\/\/web.umons.ac.be\/app\/uploads\/sites\/129\/2023\/04\/MARINE-L.png 1020w, https:\/\/web.umons.ac.be\/app\/uploads\/sites\/129\/2023\/04\/MARINE-L-300x300.png 300w, https:\/\/web.umons.ac.be\/app\/uploads\/sites\/129\/2023\/04\/MARINE-L-150x150.png 150w, https:\/\/web.umons.ac.be\/app\/uploads\/sites\/129\/2023\/04\/MARINE-L-768x768.png 768w, https:\/\/web.umons.ac.be\/app\/uploads\/sites\/129\/2023\/04\/MARINE-L-660x660.png 660w, https:\/\/web.umons.ac.be\/app\/uploads\/sites\/129\/2023\/04\/MARINE-L-30x30.png 30w, https:\/\/web.umons.ac.be\/app\/uploads\/sites\/129\/2023\/04\/MARINE-L-80x80.png 80w, https:\/\/web.umons.ac.be\/app\/uploads\/sites\/129\/2023\/04\/MARINE-L-60x60.png 60w, https:\/\/web.umons.ac.be\/app\/uploads\/sites\/129\/2023\/04\/MARINE-L-360x360.png 360w, https:\/\/web.umons.ac.be\/app\/uploads\/sites\/129\/2023\/04\/MARINE-L-400x400.png 400w, https:\/\/web.umons.ac.be\/app\/uploads\/sites\/129\/2023\/04\/MARINE-L-200x200.png 200w\" sizes=\"auto, (max-width: 232px) 100vw, 232px\" \/>Docteure<\/b><\/h5>\n<p style=\"text-align: justify;\">En tant que doctorante en cotutelle \u00e0 l\u2019UMONS et \u00e0 l\u2019UPHF (Valenciennes, France), Marine Lagasse a travaill\u00e9 sur les m\u00e9thodes d\u2019enqu\u00eate pour conna\u00eetre l\u2019exp\u00e9rience des visiteurs non-guid\u00e9s au mus\u00e9e.<\/p>\n<p style=\"text-align: justify;\">Elle d\u00e9bute son parcours par un Bachelier en Information &amp; Communication et un Master en Histoire de l\u2019art &amp; Arch\u00e9ologie \u00e0 l\u2019ULB. Elle acquiert ensuite une exp\u00e9rience professionnelle dans le milieu mus\u00e9al, d\u2019un part en tant que guide et animatrice au Mus\u00e9e des Sciences naturelles de Bruxelles et d\u2019autre part comme assistante de la conservatrice du Mus\u00e9e d\u2019Ixelles. Depuis octobre 2019, elle combine ses exp\u00e9riences pour poursuivre une th\u00e8se interdisciplinaire en Information &amp; Communication (UPHF) et en Psychologie &amp; Sciences de l\u2019\u00e9ducation (UMONS).<\/p>\n<p style=\"text-align: justify;\">Sa th\u00e8se se concentre sur le d\u00e9veloppement de nouveaux outils d\u2019enqu\u00eate qui pourront servir d\u2019appui au travail de conception des professionnels de mus\u00e9e et des designers de dispositifs technologiques (interactifs, immersifs, ludiques&#8230;). Ses recherches permettent \u00e9galement de mieux d\u00e9finir les dimensions de l\u2019exp\u00e9rience personnelle de visite. Ses r\u00e9sultats aident ainsi \u00e0 proposer de nouvelles strat\u00e9gies de m\u00e9diation \u00e0 travers un design d\u2019exp\u00e9riences diversifi\u00e9es. L\u2019usage et la place des dispositifs num\u00e9riques et des nouvelles technologies au mus\u00e9e y sont \u00e9galement interrog\u00e9s.<\/p>\n<p>En parall\u00e8le de sa recherche, Marine Lagasse a particip\u00e9 \u00e0 la conception d\u2019un prototype pour le Mus\u00e9e du Doudou, dans le cadre du projet MuseumLab, en \u00e9troite collaboration avec la Facult\u00e9 Polytechnique (ISIA Lab, UMONS). Ce prototype, baptis\u00e9 ADD-Muse, a \u00e9t\u00e9 inaugur\u00e9 au mus\u00e9e en juin 2022. Il consiste en un dispositif interactif et ludique sans contact qui fonctionne par d\u00e9tection et reconnaissance de mouvements.<\/p>\n<p>&nbsp;<\/p>\n<start-cask-shortcode-wrapper>    <div class=\"tabs scheme-fpse\">\n        <nav class=\"tabs-nav\">\n            <ul class=\"tabs-menu\">\n                                <li class=\"tabs-menu-item active\">\n                    <a href=\"#pane-tab-6408ba9c24c0a\" class=\"tabs-menu-link scheme-color scheme-color-hover scheme-after-background-important\">\n                        Contact                    <\/a>\n                <\/li>\n                                <li class=\"tabs-menu-item\">\n                    <a href=\"#pane-tab-6408baa9a417c\" class=\"tabs-menu-link scheme-color scheme-color-hover scheme-after-background-important\">\n                        Linkedin                    <\/a>\n                <\/li>\n                                <li class=\"tabs-menu-item\">\n                    <a href=\"#pane-tab-6408babf30cff\" class=\"tabs-menu-link scheme-color scheme-color-hover scheme-after-background-important\">\n                        Publications sur ORBI                    <\/a>\n                <\/li>\n                                <li class=\"tabs-menu-item\">\n                    <a href=\"#pane-tab-6408bad542ba8\" class=\"tabs-menu-link scheme-color scheme-color-hover scheme-after-background-important\">\n                        ResearchGate                    <\/a>\n                <\/li>\n                            <\/ul>\n        <\/nav>\n        <div class=\"tabs-panes\">\n                            <button class=\"expand-toggle button-expand accordion-bellow-toggle scheme-background-hover open\" data-target=\"#pane-tab-6408ba9c24c0a\">\n                    Contact                    <span class=\"icon arrow umons-icon umons-icon-chevron-down\" aria-hidden=\"true\"><\/span>\n                <\/button>\n                <div id=\"pane-tab-6408ba9c24c0a\" class=\"tabs-pane active\">\n                    <div class=\"tabs-pane-inner editor-front\">\n                        <strong><a href=\"mailto:Marine.LAGASSE@umons.ac.be\">Marine.LAGASSE@umons.ac.be<\/a> <\/strong>                    <\/div>\n                <\/div>\n                            <button class=\"expand-toggle button-expand accordion-bellow-toggle scheme-background-hover\" data-target=\"#pane-tab-6408baa9a417c\">\n                    Linkedin                    <span class=\"icon arrow umons-icon umons-icon-chevron-down\" aria-hidden=\"true\"><\/span>\n                <\/button>\n                <div id=\"pane-tab-6408baa9a417c\" class=\"tabs-pane\">\n                    <div class=\"tabs-pane-inner editor-front\">\n                        <a href=\"https:\/\/www.linkedin.com\/in\/marinelagasse\/\">https:\/\/www.linkedin.com\/in\/marinelagasse\/<\/a>                    <\/div>\n                <\/div>\n                            <button class=\"expand-toggle button-expand accordion-bellow-toggle scheme-background-hover\" data-target=\"#pane-tab-6408babf30cff\">\n                    Publications sur ORBI                    <span class=\"icon arrow umons-icon umons-icon-chevron-down\" aria-hidden=\"true\"><\/span>\n                <\/button>\n                <div id=\"pane-tab-6408babf30cff\" class=\"tabs-pane\">\n                    <div class=\"tabs-pane-inner editor-front\">\n                        <a href=\"https:\/\/orbi.umons.ac.be\/profile?uid=535008\">https:\/\/orbi.umons.ac.be\/profile?uid=535008<\/a>                    <\/div>\n                <\/div>\n                            <button class=\"expand-toggle button-expand accordion-bellow-toggle scheme-background-hover\" data-target=\"#pane-tab-6408bad542ba8\">\n                    ResearchGate                    <span class=\"icon arrow umons-icon umons-icon-chevron-down\" aria-hidden=\"true\"><\/span>\n                <\/button>\n                <div id=\"pane-tab-6408bad542ba8\" class=\"tabs-pane\">\n                    <div class=\"tabs-pane-inner editor-front\">\n                        <a href=\"https:\/\/www.researchgate.net\/profile\/Marine-Lagasse\">https:\/\/www.researchgate.net\/profile\/Marine-Lagasse<\/a>                    <\/div>\n                <\/div>\n                    <\/div>\n    <\/div><end-cask-shortcode-wrapper>\n","protected":false},"excerpt":{"rendered":"<p>Docteure En tant que doctorante en cotutelle \u00e0 l\u2019UMONS et \u00e0 l\u2019UPHF (Valenciennes, France), Marine Lagasse a travaill\u00e9 sur les m\u00e9thodes d\u2019enqu\u00eate pour conna\u00eetre l\u2019exp\u00e9rience des visiteurs non-guid\u00e9s au mus\u00e9e. Elle d\u00e9bute son parcours par un Bachelier en Information &amp; Communication et un Master en Histoire de l\u2019art &amp; Arch\u00e9ologie \u00e0 l\u2019ULB. Elle acquiert ensuite [&hellip;]<\/p>\n","protected":false},"author":197,"featured_media":0,"parent":7,"menu_order":0,"comment_status":"closed","ping_status":"closed","template":"","meta":{"footnotes":""},"class_list":["post-369","page","type-page","status-publish","hentry"],"yoast_head":"<!-- This site is optimized with the Yoast SEO plugin v27.2 - https:\/\/yoast.com\/product\/yoast-seo-wordpress\/ -->\n<title>Marine Lagasse - Service \/ FPSE - Ing\u00e9nierie p\u00e9dagogique et num\u00e9rique \u00e9ducatif<\/title>\n<meta name=\"robots\" content=\"index, follow, max-snippet:-1, max-image-preview:large, max-video-preview:-1\" \/>\n<link rel=\"canonical\" href=\"https:\/\/web.umons.ac.be\/spin\/equipe\/marine-lagasse\/\" \/>\n<meta property=\"og:locale\" content=\"fr_FR\" \/>\n<meta property=\"og:type\" content=\"article\" \/>\n<meta property=\"og:title\" content=\"Marine Lagasse - Service \/ FPSE - Ing\u00e9nierie p\u00e9dagogique et num\u00e9rique \u00e9ducatif\" \/>\n<meta property=\"og:description\" content=\"Docteure En tant que doctorante en cotutelle \u00e0 l\u2019UMONS et \u00e0 l\u2019UPHF (Valenciennes, France), Marine Lagasse a travaill\u00e9 sur les m\u00e9thodes d\u2019enqu\u00eate pour conna\u00eetre l\u2019exp\u00e9rience des visiteurs non-guid\u00e9s au mus\u00e9e. Elle d\u00e9bute son parcours par un Bachelier en Information &amp; Communication et un Master en Histoire de l\u2019art &amp; Arch\u00e9ologie \u00e0 l\u2019ULB. Elle acquiert ensuite [&hellip;]\" \/>\n<meta property=\"og:url\" content=\"https:\/\/web.umons.ac.be\/spin\/equipe\/marine-lagasse\/\" \/>\n<meta property=\"og:site_name\" content=\"Service \/ FPSE - Ing\u00e9nierie p\u00e9dagogique et num\u00e9rique \u00e9ducatif\" \/>\n<meta property=\"article:modified_time\" content=\"2024-09-10T13:04:07+00:00\" \/>\n<meta property=\"og:image\" content=\"https:\/\/web.umons.ac.be\/app\/uploads\/sites\/129\/2023\/04\/MARINE-L.png\" \/>\n<meta name=\"twitter:card\" content=\"summary_large_image\" \/>\n<meta name=\"twitter:label1\" content=\"Dur\u00e9e de lecture estim\u00e9e\" \/>\n\t<meta name=\"twitter:data1\" content=\"2 minutes\" \/>\n<script type=\"application\/ld+json\" class=\"yoast-schema-graph\">{\"@context\":\"https:\/\/schema.org\",\"@graph\":[{\"@type\":\"WebPage\",\"@id\":\"https:\/\/web.umons.ac.be\/spin\/equipe\/marine-lagasse\/\",\"url\":\"https:\/\/web.umons.ac.be\/spin\/equipe\/marine-lagasse\/\",\"name\":\"Marine Lagasse - Service \/ FPSE - Ing\u00e9nierie p\u00e9dagogique et num\u00e9rique \u00e9ducatif\",\"isPartOf\":{\"@id\":\"https:\/\/web.umons.ac.be\/spin\/#website\"},\"primaryImageOfPage\":{\"@id\":\"https:\/\/web.umons.ac.be\/spin\/equipe\/marine-lagasse\/#primaryimage\"},\"image\":{\"@id\":\"https:\/\/web.umons.ac.be\/spin\/equipe\/marine-lagasse\/#primaryimage\"},\"thumbnailUrl\":\"https:\/\/web.umons.ac.be\/app\/uploads\/sites\/129\/2023\/04\/MARINE-L.png\",\"datePublished\":\"2023-03-08T16:43:48+00:00\",\"dateModified\":\"2024-09-10T13:04:07+00:00\",\"breadcrumb\":{\"@id\":\"https:\/\/web.umons.ac.be\/spin\/equipe\/marine-lagasse\/#breadcrumb\"},\"inLanguage\":\"fr-FR\",\"potentialAction\":[{\"@type\":\"ReadAction\",\"target\":[\"https:\/\/web.umons.ac.be\/spin\/equipe\/marine-lagasse\/\"]}]},{\"@type\":\"ImageObject\",\"inLanguage\":\"fr-FR\",\"@id\":\"https:\/\/web.umons.ac.be\/spin\/equipe\/marine-lagasse\/#primaryimage\",\"url\":\"https:\/\/web.umons.ac.be\/app\/uploads\/sites\/129\/2023\/04\/MARINE-L.png\",\"contentUrl\":\"https:\/\/web.umons.ac.be\/app\/uploads\/sites\/129\/2023\/04\/MARINE-L.png\"},{\"@type\":\"BreadcrumbList\",\"@id\":\"https:\/\/web.umons.ac.be\/spin\/equipe\/marine-lagasse\/#breadcrumb\",\"itemListElement\":[{\"@type\":\"ListItem\",\"position\":1,\"name\":\"Home\",\"item\":\"https:\/\/web.umons.ac.be\/spin\/\"},{\"@type\":\"ListItem\",\"position\":2,\"name\":\"\u00c9quipe\",\"item\":\"https:\/\/web.umons.ac.be\/spin\/equipe\/\"},{\"@type\":\"ListItem\",\"position\":3,\"name\":\"Marine Lagasse\"}]},{\"@type\":\"WebSite\",\"@id\":\"https:\/\/web.umons.ac.be\/spin\/#website\",\"url\":\"https:\/\/web.umons.ac.be\/spin\/\",\"name\":\"Service \/ FPSE - Ing\u00e9nierie p\u00e9dagogique et num\u00e9rique \u00e9ducatif\",\"description\":\"\",\"potentialAction\":[{\"@type\":\"SearchAction\",\"target\":{\"@type\":\"EntryPoint\",\"urlTemplate\":\"https:\/\/web.umons.ac.be\/spin\/?s={search_term_string}\"},\"query-input\":{\"@type\":\"PropertyValueSpecification\",\"valueRequired\":true,\"valueName\":\"search_term_string\"}}],\"inLanguage\":\"fr-FR\"}]}<\/script>\n<!-- \/ Yoast SEO plugin. -->","yoast_head_json":{"title":"Marine Lagasse - Service \/ FPSE - Ing\u00e9nierie p\u00e9dagogique et num\u00e9rique \u00e9ducatif","robots":{"index":"index","follow":"follow","max-snippet":"max-snippet:-1","max-image-preview":"max-image-preview:large","max-video-preview":"max-video-preview:-1"},"canonical":"https:\/\/web.umons.ac.be\/spin\/equipe\/marine-lagasse\/","og_locale":"fr_FR","og_type":"article","og_title":"Marine Lagasse - Service \/ FPSE - Ing\u00e9nierie p\u00e9dagogique et num\u00e9rique \u00e9ducatif","og_description":"Docteure En tant que doctorante en cotutelle \u00e0 l\u2019UMONS et \u00e0 l\u2019UPHF (Valenciennes, France), Marine Lagasse a travaill\u00e9 sur les m\u00e9thodes d\u2019enqu\u00eate pour conna\u00eetre l\u2019exp\u00e9rience des visiteurs non-guid\u00e9s au mus\u00e9e. Elle d\u00e9bute son parcours par un Bachelier en Information &amp; Communication et un Master en Histoire de l\u2019art &amp; Arch\u00e9ologie \u00e0 l\u2019ULB. Elle acquiert ensuite [&hellip;]","og_url":"https:\/\/web.umons.ac.be\/spin\/equipe\/marine-lagasse\/","og_site_name":"Service \/ FPSE - Ing\u00e9nierie p\u00e9dagogique et num\u00e9rique \u00e9ducatif","article_modified_time":"2024-09-10T13:04:07+00:00","og_image":[{"url":"https:\/\/web.umons.ac.be\/app\/uploads\/sites\/129\/2023\/04\/MARINE-L.png","type":"","width":"","height":""}],"twitter_card":"summary_large_image","twitter_misc":{"Dur\u00e9e de lecture estim\u00e9e":"2 minutes"},"schema":{"@context":"https:\/\/schema.org","@graph":[{"@type":"WebPage","@id":"https:\/\/web.umons.ac.be\/spin\/equipe\/marine-lagasse\/","url":"https:\/\/web.umons.ac.be\/spin\/equipe\/marine-lagasse\/","name":"Marine Lagasse - Service \/ FPSE - Ing\u00e9nierie p\u00e9dagogique et num\u00e9rique \u00e9ducatif","isPartOf":{"@id":"https:\/\/web.umons.ac.be\/spin\/#website"},"primaryImageOfPage":{"@id":"https:\/\/web.umons.ac.be\/spin\/equipe\/marine-lagasse\/#primaryimage"},"image":{"@id":"https:\/\/web.umons.ac.be\/spin\/equipe\/marine-lagasse\/#primaryimage"},"thumbnailUrl":"https:\/\/web.umons.ac.be\/app\/uploads\/sites\/129\/2023\/04\/MARINE-L.png","datePublished":"2023-03-08T16:43:48+00:00","dateModified":"2024-09-10T13:04:07+00:00","breadcrumb":{"@id":"https:\/\/web.umons.ac.be\/spin\/equipe\/marine-lagasse\/#breadcrumb"},"inLanguage":"fr-FR","potentialAction":[{"@type":"ReadAction","target":["https:\/\/web.umons.ac.be\/spin\/equipe\/marine-lagasse\/"]}]},{"@type":"ImageObject","inLanguage":"fr-FR","@id":"https:\/\/web.umons.ac.be\/spin\/equipe\/marine-lagasse\/#primaryimage","url":"https:\/\/web.umons.ac.be\/app\/uploads\/sites\/129\/2023\/04\/MARINE-L.png","contentUrl":"https:\/\/web.umons.ac.be\/app\/uploads\/sites\/129\/2023\/04\/MARINE-L.png"},{"@type":"BreadcrumbList","@id":"https:\/\/web.umons.ac.be\/spin\/equipe\/marine-lagasse\/#breadcrumb","itemListElement":[{"@type":"ListItem","position":1,"name":"Home","item":"https:\/\/web.umons.ac.be\/spin\/"},{"@type":"ListItem","position":2,"name":"\u00c9quipe","item":"https:\/\/web.umons.ac.be\/spin\/equipe\/"},{"@type":"ListItem","position":3,"name":"Marine Lagasse"}]},{"@type":"WebSite","@id":"https:\/\/web.umons.ac.be\/spin\/#website","url":"https:\/\/web.umons.ac.be\/spin\/","name":"Service \/ FPSE - Ing\u00e9nierie p\u00e9dagogique et num\u00e9rique \u00e9ducatif","description":"","potentialAction":[{"@type":"SearchAction","target":{"@type":"EntryPoint","urlTemplate":"https:\/\/web.umons.ac.be\/spin\/?s={search_term_string}"},"query-input":{"@type":"PropertyValueSpecification","valueRequired":true,"valueName":"search_term_string"}}],"inLanguage":"fr-FR"}]}},"lang":"fr","translations":{"fr":369},"pll_sync_post":[],"_links":{"self":[{"href":"https:\/\/web.umons.ac.be\/spin\/wp-json\/wp\/v2\/pages\/369","targetHints":{"allow":["GET"]}}],"collection":[{"href":"https:\/\/web.umons.ac.be\/spin\/wp-json\/wp\/v2\/pages"}],"about":[{"href":"https:\/\/web.umons.ac.be\/spin\/wp-json\/wp\/v2\/types\/page"}],"author":[{"embeddable":true,"href":"https:\/\/web.umons.ac.be\/spin\/wp-json\/wp\/v2\/users\/197"}],"replies":[{"embeddable":true,"href":"https:\/\/web.umons.ac.be\/spin\/wp-json\/wp\/v2\/comments?post=369"}],"version-history":[{"count":3,"href":"https:\/\/web.umons.ac.be\/spin\/wp-json\/wp\/v2\/pages\/369\/revisions"}],"predecessor-version":[{"id":745,"href":"https:\/\/web.umons.ac.be\/spin\/wp-json\/wp\/v2\/pages\/369\/revisions\/745"}],"up":[{"embeddable":true,"href":"https:\/\/web.umons.ac.be\/spin\/wp-json\/wp\/v2\/pages\/7"}],"wp:attachment":[{"href":"https:\/\/web.umons.ac.be\/spin\/wp-json\/wp\/v2\/media?parent=369"}],"curies":[{"name":"wp","href":"https:\/\/api.w.org\/{rel}","templated":true}]}}