{"id":376,"date":"2023-03-08T17:59:35","date_gmt":"2023-03-08T16:59:35","guid":{"rendered":"https:\/\/web.umons.ac.be\/spin\/?page_id=376"},"modified":"2026-03-19T19:28:38","modified_gmt":"2026-03-19T18:28:38","slug":"gaetan-temperman","status":"publish","type":"page","link":"https:\/\/web.umons.ac.be\/spin\/equipe\/gaetan-temperman\/","title":{"rendered":"Ga\u00ebtan Temperman"},"content":{"rendered":"<h5 style=\"text-align: justify;\"><strong><img loading=\"lazy\" decoding=\"async\" class=\"wp-image-378 alignleft\" src=\"https:\/\/web.umons.ac.be\/app\/uploads\/sites\/129\/2023\/03\/GT-298x300.jpg\" alt=\"\" width=\"204\" height=\"205\" srcset=\"https:\/\/web.umons.ac.be\/app\/uploads\/sites\/129\/2023\/03\/GT-298x300.jpg 298w, https:\/\/web.umons.ac.be\/app\/uploads\/sites\/129\/2023\/03\/GT-150x150.jpg 150w, https:\/\/web.umons.ac.be\/app\/uploads\/sites\/129\/2023\/03\/GT-30x30.jpg 30w, https:\/\/web.umons.ac.be\/app\/uploads\/sites\/129\/2023\/03\/GT-80x80.jpg 80w, https:\/\/web.umons.ac.be\/app\/uploads\/sites\/129\/2023\/03\/GT-60x60.jpg 60w, https:\/\/web.umons.ac.be\/app\/uploads\/sites\/129\/2023\/03\/GT-360x362.jpg 360w, https:\/\/web.umons.ac.be\/app\/uploads\/sites\/129\/2023\/03\/GT-200x200.jpg 200w, https:\/\/web.umons.ac.be\/app\/uploads\/sites\/129\/2023\/03\/GT.jpg 368w\" sizes=\"auto, (max-width: 204px) 100vw, 204px\" \/>\u200bProfesseur<\/strong><\/h5>\n<p style=\"text-align: justify;\"><span style=\"font-weight: 400;\">Ga\u00ebtan Temperman est titulaire de la charge de cours en technologie de l&rsquo;\u00e9ducation et formation des enseignants \u00e0 l&rsquo;Universit\u00e9 de Mons. Au sein du service d&rsquo;ing\u00e9nierie p\u00e9dagogique et\u00a0 num\u00e9rique \u00e9ducatif (IPN), il assure plusieurs enseignements relatifs \u00e0 la p\u00e9dagogie et \u00e0 la didactique.\u00a0<\/span><\/p>\n<p style=\"text-align: justify;\"><span style=\"font-weight: 400;\">Au premier cycle (bachelier en sciences psychologiques et de l&rsquo;\u00e9ducation),\u00a0 il dispense le cours de sciences de l&rsquo;\u00e9ducation \u00ab\u00a0Strat\u00e9gies d&rsquo;enseignement et d&rsquo;apprentissage\u00a0\u00bb.\u00a0\u00a0<\/span><\/p>\n<p style=\"text-align: justify;\"><span style=\"font-weight: 400;\">Dans le Master en sciences de l&rsquo;\u00e9ducation, il est titulaire de diff\u00e9rentes unit\u00e9s d\u2019enseignement donn\u00e9es dans le domaine de la technologie de l\u2019\u00e9ducation (Conception des environnements d&rsquo;apprentissage interactif, Design et sc\u00e9narisation p\u00e9dagogique, Analyse des usages et des effets des supports p\u00e9dagogiques, Evaluation des environnements interactifs pour l&rsquo;apprentissage humain, D\u00e9veloppement p\u00e9dagogique de la pens\u00e9e computationnelle) ainsi qu\u2019en didactique des disciplines (Didactique de la math\u00e9matique).\u00a0<\/span><\/p>\n<p style=\"text-align: justify;\"><span style=\"font-weight: 400;\">Au niveau de l&rsquo;agr\u00e9gation de l&rsquo;enseignement secondaire sup\u00e9rieur, du certificat d\u2019aptitude p\u00e9dagogique pour l\u2019enseignement sup\u00e9rieur et du master de sp\u00e9cialisation en p\u00e9dagogie universitaire et de l\u2019enseignement sup\u00e9rieur, il participe \u00e0 la formation des enseignants dans le cadre du cours de didactique de la communication p\u00e9dagogique m\u00e9diatis\u00e9e.\u00a0<\/span><\/p>\n<p><span style=\"font-weight: 400;\">Comme professeur invit\u00e9, il intervient \u00e9galement \u00e0 l&rsquo;Universit\u00e9 de Strasbourg (Master Conception Formation et Technologie) dans le cadre de cours relatifs \u00e0 la m\u00e9thodologie de la recherche (D\u00e9marches quantitatives en \u00e9ducation).<\/span><\/p>\n<p style=\"text-align: justify;\"><span style=\"font-weight: 400;\">Parall\u00e8lement \u00e0 ces diff\u00e9rents enseignements, il encadre des stages, des m\u00e9moires et des th\u00e8ses r\u00e9alis\u00e9s au sein du service IPN. Il y participe activement aux diff\u00e9rentes recherches et aux projets de coop\u00e9ration au d\u00e9veloppement initi\u00e9s par le service IPN.<\/span><\/p>\n<p style=\"text-align: justify;\"><span style=\"font-weight: 400;\">Ses activit\u00e9s de recherche portent principalement<\/span><span style=\"font-size: 14px;\"> sur <\/span><span style=\"font-size: 14px;\">l\u2019analyse des m\u00e9canismes d\u2019apprentissage dans des environnements num\u00e9riques et sur la production <\/span><span style=\"font-size: 14px;\">de donn\u00e9es probantes susceptibles d\u2019\u00e9clairer la conception, la r\u00e9gulation et l\u2019\u00e9valuation de ces dispositifs. <\/span><span style=\"font-weight: 400;\">Parall\u00e8lement \u00e0 cette orientation technologique, son exp\u00e9rience initiale d&rsquo;instituteur primaire l&rsquo;am\u00e8ne \u00e0 r\u00e9aliser des \u00e9tudes relatives \u00e0 la didactique et \u00e0 la sc\u00e9narisation p\u00e9dagogique de dispositifs de formation au service des apprentissages fondamentaux.<\/span><\/p>\n<p style=\"text-align: justify;\"><span style=\"font-weight: 400;\">Il est co-concepteur des Mooc \u00ab L\u2019innovation p\u00e9dagogique dont vous \u00eates le h\u00e9ros \u00bb et \u00ab L\u2019\u00e9valuation des environnements num\u00e9riques pour l\u2019apprentissage \u00bb accessibles sur <a href=\"https:\/\/umooc.umons.ac.be\">https:\/\/umooc.umons.ac.be<\/a><\/span><\/p>\n<p style=\"text-align: justify;\"><span style=\"font-weight: 400;\">En tant que formateur, il prend en charge le volet \u00ab transition num\u00e9rique \u00bb de l\u2019axe p\u00e9dagogique dans le cadre de la formation des directeurs du fondamental et du secondaire (Institut de Formation en cours de Carri\u00e8re) organis\u00e9e par le service de m\u00e9thodologie et de formation de l\u2019UMons.\u00a0<\/span><\/p>\n<p style=\"text-align: justify;\"><span style=\"font-weight: 400;\">Au niveau institutionnel, il est actuellement vice-doyen de la facult\u00e9 de Psychologie et des Sciences de l&rsquo;\u00e9ducation. Dans ce cadre, il assure la coordination de l&rsquo;aide \u00e0 la r\u00e9ussite au niveau de la premi\u00e8re ann\u00e9e de bachelier. Il est \u00e9galement membre du conseil de direction de l&rsquo;<a href=\"https:\/\/web.umons.ac.be\/efe\/fr\/\">Ecole de Formation des Enseignants<\/a> de l&rsquo;UMons.<\/span><\/p>\n<p>En dehors de l&rsquo;institution, il est membre du comit\u00e9 de r\u00e9daction de la revue <a href=\"https:\/\/sticef.org\/STICEF\">Sticef<\/a> et pr\u00e9sident du comit\u00e9 scientifique de l&rsquo;<a href=\"https:\/\/www.frs-fnrs.be\/fr\/financements\/chercheur-doctorant\/ecoles-doctorales\/ecoles-doctorales-pres-le-fnrs\/118-fr\/nos-financements\/chercheur-doctorant\/ecoles-doctorales\/ed\/2783-sciences-de-l-education-et-enseignement\">\u00e9cole doctorale du FNRS \u00ab\u00a0Sciences de l&rsquo;Education et de l&rsquo;enseignement\u00a0\u00bb<\/a> (domaine 10bis).<\/p>\n<p style=\"text-align: justify;\"><span style=\"font-weight: 400;\">Ces exp\u00e9riences multiples \u00e0 diff\u00e9rents niveaux lui donnent la possibilit\u00e9 d&rsquo;aborder et de traiter sous des angles vari\u00e9s et compl\u00e9mentaires les probl\u00e9matiques actuelles de l&rsquo;\u00e9ducation et de la formation.<\/span><\/p>\n<p>\u200b\u200b<\/p>\n<start-cask-shortcode-wrapper>    <div class=\"tabs scheme-fpse\">\n        <nav class=\"tabs-nav\">\n            <ul class=\"tabs-menu\">\n                                <li class=\"tabs-menu-item active\">\n                    <a href=\"#pane-tab-67c76a5430e99\" class=\"tabs-menu-link scheme-color scheme-color-hover scheme-after-background-important\">\n                        Contact                    <\/a>\n                <\/li>\n                                <li class=\"tabs-menu-item\">\n                    <a href=\"#pane-tab-67c76a543d205\" class=\"tabs-menu-link scheme-color scheme-color-hover scheme-after-background-important\">\n                        Linkedin                    <\/a>\n                <\/li>\n                                <li class=\"tabs-menu-item\">\n                    <a href=\"#pane-tab-67c76a543d4ce\" class=\"tabs-menu-link scheme-color scheme-color-hover scheme-after-background-important\">\n                        Twitter                    <\/a>\n                <\/li>\n                                <li class=\"tabs-menu-item\">\n                    <a href=\"#pane-tab-67c76a543d78f\" class=\"tabs-menu-link scheme-color scheme-color-hover scheme-after-background-important\">\n                        Publications sur ORBI                    <\/a>\n                <\/li>\n                                <li class=\"tabs-menu-item\">\n                    <a href=\"#pane-tab-67c76a543d9a6\" class=\"tabs-menu-link scheme-color scheme-color-hover scheme-after-background-important\">\n                        ResearchGate                    <\/a>\n                <\/li>\n                                <li class=\"tabs-menu-item\">\n                    <a href=\"#pane-tab-67c76a543dbb8\" class=\"tabs-menu-link scheme-color scheme-color-hover scheme-after-background-important\">\n                        Scholar                    <\/a>\n                <\/li>\n                                <li class=\"tabs-menu-item\">\n                    <a href=\"#pane-tab-67c76a543ddc8\" class=\"tabs-menu-link scheme-color scheme-color-hover scheme-after-background-important\">\n                        Loop                    <\/a>\n                <\/li>\n                            <\/ul>\n        <\/nav>\n        <div class=\"tabs-panes\">\n                            <button class=\"expand-toggle button-expand accordion-bellow-toggle scheme-background-hover open\" data-target=\"#pane-tab-67c76a5430e99\">\n                    Contact                    <span class=\"icon arrow umons-icon umons-icon-chevron-down\" aria-hidden=\"true\"><\/span>\n                <\/button>\n                <div id=\"pane-tab-67c76a5430e99\" class=\"tabs-pane active\">\n                    <div class=\"tabs-pane-inner editor-front\">\n                        <strong><a href=\"mailto:Gaetan.TEMPERMAN@umons.ac.be\">Gaetan.TEMPERMAN@umons.ac.be<\/a>\u00a0 <\/strong>                    <\/div>\n                <\/div>\n                            <button class=\"expand-toggle button-expand accordion-bellow-toggle scheme-background-hover\" data-target=\"#pane-tab-67c76a543d205\">\n                    Linkedin                    <span class=\"icon arrow umons-icon umons-icon-chevron-down\" aria-hidden=\"true\"><\/span>\n                <\/button>\n                <div id=\"pane-tab-67c76a543d205\" class=\"tabs-pane\">\n                    <div class=\"tabs-pane-inner editor-front\">\n                        <a href=\"https:\/\/www.linkedin.com\/in\/ga\u00ebtan-temperman-27b1b572\/\">https:\/\/www.linkedin.com\/in\/ga\u00ebtan-temperman-27b1b572\/<\/a>                    <\/div>\n                <\/div>\n                            <button class=\"expand-toggle button-expand accordion-bellow-toggle scheme-background-hover\" data-target=\"#pane-tab-67c76a543d4ce\">\n                    Twitter                    <span class=\"icon arrow umons-icon umons-icon-chevron-down\" aria-hidden=\"true\"><\/span>\n                <\/button>\n                <div id=\"pane-tab-67c76a543d4ce\" class=\"tabs-pane\">\n                    <div class=\"tabs-pane-inner editor-front\">\n                        <a href=\"https:\/\/twitter.com\/gatemper\">https:\/\/twitter.com\/gatemper<\/a>                    <\/div>\n                <\/div>\n                            <button class=\"expand-toggle button-expand accordion-bellow-toggle scheme-background-hover\" data-target=\"#pane-tab-67c76a543d78f\">\n                    Publications sur ORBI                    <span class=\"icon arrow umons-icon umons-icon-chevron-down\" aria-hidden=\"true\"><\/span>\n                <\/button>\n                <div id=\"pane-tab-67c76a543d78f\" class=\"tabs-pane\">\n                    <div class=\"tabs-pane-inner editor-front\">\n                        <a href=\"https:\/\/orbi.umons.ac.be\/profile?uid=503278\">https:\/\/orbi.umons.ac.be\/profile?uid=503278<\/a>                    <\/div>\n                <\/div>\n                            <button class=\"expand-toggle button-expand accordion-bellow-toggle scheme-background-hover\" data-target=\"#pane-tab-67c76a543d9a6\">\n                    ResearchGate                    <span class=\"icon arrow umons-icon umons-icon-chevron-down\" aria-hidden=\"true\"><\/span>\n                <\/button>\n                <div id=\"pane-tab-67c76a543d9a6\" class=\"tabs-pane\">\n                    <div class=\"tabs-pane-inner editor-front\">\n                        <a href=\"https:\/\/www.researchgate.net\/profile\/Gaetan-Temperman\">https:\/\/www.researchgate.net\/profile\/Gaetan-Temperman<\/a>                    <\/div>\n                <\/div>\n                            <button class=\"expand-toggle button-expand accordion-bellow-toggle scheme-background-hover\" data-target=\"#pane-tab-67c76a543dbb8\">\n                    Scholar                    <span class=\"icon arrow umons-icon umons-icon-chevron-down\" aria-hidden=\"true\"><\/span>\n                <\/button>\n                <div id=\"pane-tab-67c76a543dbb8\" class=\"tabs-pane\">\n                    <div class=\"tabs-pane-inner editor-front\">\n                        <a href=\"https:\/\/scholar.google.com\/citations?user=ZT5onWEAAAAJ&amp;hl=fr\">https:\/\/scholar.google.com\/citations?user=ZT5onWEAAAAJ&amp;hl=fr<\/a>                    <\/div>\n                <\/div>\n                            <button class=\"expand-toggle button-expand accordion-bellow-toggle scheme-background-hover\" data-target=\"#pane-tab-67c76a543ddc8\">\n                    Loop                    <span class=\"icon arrow umons-icon umons-icon-chevron-down\" aria-hidden=\"true\"><\/span>\n                <\/button>\n                <div id=\"pane-tab-67c76a543ddc8\" class=\"tabs-pane\">\n                    <div class=\"tabs-pane-inner editor-front\">\n                        <a href=\"https:\/\/loop.frontiersin.org\/people\/1846865\/bio\">https:\/\/loop.frontiersin.org\/people\/1846865\/bio<\/a>                    <\/div>\n                <\/div>\n                    <\/div>\n    <\/div><end-cask-shortcode-wrapper>\n<p>&nbsp;<\/p>\n<div id=\"ConnectiveDocSignExtentionInstalled\" data-extension-version=\"1.0.4\"><\/div>\n","protected":false},"excerpt":{"rendered":"<p>\u200bProfesseur Ga\u00ebtan Temperman est titulaire de la charge de cours en technologie de l&rsquo;\u00e9ducation et formation des enseignants \u00e0 l&rsquo;Universit\u00e9 de Mons. Au sein du service d&rsquo;ing\u00e9nierie p\u00e9dagogique et\u00a0 num\u00e9rique \u00e9ducatif (IPN), il assure plusieurs enseignements relatifs \u00e0 la p\u00e9dagogie et \u00e0 la didactique.\u00a0 Au premier cycle (bachelier en sciences psychologiques et de l&rsquo;\u00e9ducation),\u00a0 il [&hellip;]<\/p>\n","protected":false},"author":197,"featured_media":0,"parent":7,"menu_order":0,"comment_status":"closed","ping_status":"closed","template":"","meta":{"footnotes":""},"class_list":["post-376","page","type-page","status-publish","hentry"],"yoast_head":"<!-- This site is optimized with the Yoast SEO plugin v27.2 - https:\/\/yoast.com\/product\/yoast-seo-wordpress\/ -->\n<title>Ga\u00ebtan Temperman - Service \/ FPSE - Ing\u00e9nierie p\u00e9dagogique et num\u00e9rique \u00e9ducatif<\/title>\n<meta name=\"robots\" content=\"index, follow, max-snippet:-1, max-image-preview:large, max-video-preview:-1\" \/>\n<link rel=\"canonical\" href=\"https:\/\/web.umons.ac.be\/spin\/equipe\/gaetan-temperman\/\" \/>\n<meta property=\"og:locale\" content=\"fr_FR\" \/>\n<meta property=\"og:type\" content=\"article\" \/>\n<meta property=\"og:title\" content=\"Ga\u00ebtan Temperman - Service \/ FPSE - Ing\u00e9nierie p\u00e9dagogique et num\u00e9rique \u00e9ducatif\" \/>\n<meta property=\"og:description\" content=\"\u200bProfesseur Ga\u00ebtan Temperman est titulaire de la charge de cours en technologie de l&rsquo;\u00e9ducation et formation des enseignants \u00e0 l&rsquo;Universit\u00e9 de Mons. Au sein du service d&rsquo;ing\u00e9nierie p\u00e9dagogique et\u00a0 num\u00e9rique \u00e9ducatif (IPN), il assure plusieurs enseignements relatifs \u00e0 la p\u00e9dagogie et \u00e0 la didactique.\u00a0 Au premier cycle (bachelier en sciences psychologiques et de l&rsquo;\u00e9ducation),\u00a0 il [&hellip;]\" \/>\n<meta property=\"og:url\" content=\"https:\/\/web.umons.ac.be\/spin\/equipe\/gaetan-temperman\/\" \/>\n<meta property=\"og:site_name\" content=\"Service \/ FPSE - Ing\u00e9nierie p\u00e9dagogique et num\u00e9rique \u00e9ducatif\" \/>\n<meta property=\"article:modified_time\" content=\"2026-03-19T18:28:38+00:00\" \/>\n<meta property=\"og:image\" content=\"https:\/\/web.umons.ac.be\/app\/uploads\/sites\/129\/2023\/03\/GT.jpg\" \/>\n\t<meta property=\"og:image:width\" content=\"368\" \/>\n\t<meta property=\"og:image:height\" content=\"370\" \/>\n\t<meta property=\"og:image:type\" content=\"image\/jpeg\" \/>\n<meta name=\"twitter:card\" content=\"summary_large_image\" \/>\n<meta name=\"twitter:label1\" content=\"Dur\u00e9e de lecture estim\u00e9e\" \/>\n\t<meta name=\"twitter:data1\" content=\"3 minutes\" \/>\n<script type=\"application\/ld+json\" class=\"yoast-schema-graph\">{\"@context\":\"https:\/\/schema.org\",\"@graph\":[{\"@type\":\"WebPage\",\"@id\":\"https:\/\/web.umons.ac.be\/spin\/equipe\/gaetan-temperman\/\",\"url\":\"https:\/\/web.umons.ac.be\/spin\/equipe\/gaetan-temperman\/\",\"name\":\"Ga\u00ebtan Temperman - Service \/ FPSE - Ing\u00e9nierie p\u00e9dagogique et num\u00e9rique \u00e9ducatif\",\"isPartOf\":{\"@id\":\"https:\/\/web.umons.ac.be\/spin\/#website\"},\"primaryImageOfPage\":{\"@id\":\"https:\/\/web.umons.ac.be\/spin\/equipe\/gaetan-temperman\/#primaryimage\"},\"image\":{\"@id\":\"https:\/\/web.umons.ac.be\/spin\/equipe\/gaetan-temperman\/#primaryimage\"},\"thumbnailUrl\":\"https:\/\/web.umons.ac.be\/app\/uploads\/sites\/129\/2023\/03\/GT-298x300.jpg\",\"datePublished\":\"2023-03-08T16:59:35+00:00\",\"dateModified\":\"2026-03-19T18:28:38+00:00\",\"breadcrumb\":{\"@id\":\"https:\/\/web.umons.ac.be\/spin\/equipe\/gaetan-temperman\/#breadcrumb\"},\"inLanguage\":\"fr-FR\",\"potentialAction\":[{\"@type\":\"ReadAction\",\"target\":[\"https:\/\/web.umons.ac.be\/spin\/equipe\/gaetan-temperman\/\"]}]},{\"@type\":\"ImageObject\",\"inLanguage\":\"fr-FR\",\"@id\":\"https:\/\/web.umons.ac.be\/spin\/equipe\/gaetan-temperman\/#primaryimage\",\"url\":\"https:\/\/web.umons.ac.be\/app\/uploads\/sites\/129\/2023\/03\/GT-298x300.jpg\",\"contentUrl\":\"https:\/\/web.umons.ac.be\/app\/uploads\/sites\/129\/2023\/03\/GT-298x300.jpg\"},{\"@type\":\"BreadcrumbList\",\"@id\":\"https:\/\/web.umons.ac.be\/spin\/equipe\/gaetan-temperman\/#breadcrumb\",\"itemListElement\":[{\"@type\":\"ListItem\",\"position\":1,\"name\":\"Home\",\"item\":\"https:\/\/web.umons.ac.be\/spin\/\"},{\"@type\":\"ListItem\",\"position\":2,\"name\":\"\u00c9quipe\",\"item\":\"https:\/\/web.umons.ac.be\/spin\/equipe\/\"},{\"@type\":\"ListItem\",\"position\":3,\"name\":\"Ga\u00ebtan Temperman\"}]},{\"@type\":\"WebSite\",\"@id\":\"https:\/\/web.umons.ac.be\/spin\/#website\",\"url\":\"https:\/\/web.umons.ac.be\/spin\/\",\"name\":\"Service \/ FPSE - Ing\u00e9nierie p\u00e9dagogique et num\u00e9rique \u00e9ducatif\",\"description\":\"\",\"potentialAction\":[{\"@type\":\"SearchAction\",\"target\":{\"@type\":\"EntryPoint\",\"urlTemplate\":\"https:\/\/web.umons.ac.be\/spin\/?s={search_term_string}\"},\"query-input\":{\"@type\":\"PropertyValueSpecification\",\"valueRequired\":true,\"valueName\":\"search_term_string\"}}],\"inLanguage\":\"fr-FR\"}]}<\/script>\n<!-- \/ Yoast SEO plugin. -->","yoast_head_json":{"title":"Ga\u00ebtan Temperman - Service \/ FPSE - Ing\u00e9nierie p\u00e9dagogique et num\u00e9rique \u00e9ducatif","robots":{"index":"index","follow":"follow","max-snippet":"max-snippet:-1","max-image-preview":"max-image-preview:large","max-video-preview":"max-video-preview:-1"},"canonical":"https:\/\/web.umons.ac.be\/spin\/equipe\/gaetan-temperman\/","og_locale":"fr_FR","og_type":"article","og_title":"Ga\u00ebtan Temperman - Service \/ FPSE - Ing\u00e9nierie p\u00e9dagogique et num\u00e9rique \u00e9ducatif","og_description":"\u200bProfesseur Ga\u00ebtan Temperman est titulaire de la charge de cours en technologie de l&rsquo;\u00e9ducation et formation des enseignants \u00e0 l&rsquo;Universit\u00e9 de Mons. Au sein du service d&rsquo;ing\u00e9nierie p\u00e9dagogique et\u00a0 num\u00e9rique \u00e9ducatif (IPN), il assure plusieurs enseignements relatifs \u00e0 la p\u00e9dagogie et \u00e0 la didactique.\u00a0 Au premier cycle (bachelier en sciences psychologiques et de l&rsquo;\u00e9ducation),\u00a0 il [&hellip;]","og_url":"https:\/\/web.umons.ac.be\/spin\/equipe\/gaetan-temperman\/","og_site_name":"Service \/ FPSE - Ing\u00e9nierie p\u00e9dagogique et num\u00e9rique \u00e9ducatif","article_modified_time":"2026-03-19T18:28:38+00:00","og_image":[{"width":368,"height":370,"url":"https:\/\/web.umons.ac.be\/app\/uploads\/sites\/129\/2023\/03\/GT.jpg","type":"image\/jpeg"}],"twitter_card":"summary_large_image","twitter_misc":{"Dur\u00e9e de lecture estim\u00e9e":"3 minutes"},"schema":{"@context":"https:\/\/schema.org","@graph":[{"@type":"WebPage","@id":"https:\/\/web.umons.ac.be\/spin\/equipe\/gaetan-temperman\/","url":"https:\/\/web.umons.ac.be\/spin\/equipe\/gaetan-temperman\/","name":"Ga\u00ebtan Temperman - Service \/ FPSE - Ing\u00e9nierie p\u00e9dagogique et num\u00e9rique \u00e9ducatif","isPartOf":{"@id":"https:\/\/web.umons.ac.be\/spin\/#website"},"primaryImageOfPage":{"@id":"https:\/\/web.umons.ac.be\/spin\/equipe\/gaetan-temperman\/#primaryimage"},"image":{"@id":"https:\/\/web.umons.ac.be\/spin\/equipe\/gaetan-temperman\/#primaryimage"},"thumbnailUrl":"https:\/\/web.umons.ac.be\/app\/uploads\/sites\/129\/2023\/03\/GT-298x300.jpg","datePublished":"2023-03-08T16:59:35+00:00","dateModified":"2026-03-19T18:28:38+00:00","breadcrumb":{"@id":"https:\/\/web.umons.ac.be\/spin\/equipe\/gaetan-temperman\/#breadcrumb"},"inLanguage":"fr-FR","potentialAction":[{"@type":"ReadAction","target":["https:\/\/web.umons.ac.be\/spin\/equipe\/gaetan-temperman\/"]}]},{"@type":"ImageObject","inLanguage":"fr-FR","@id":"https:\/\/web.umons.ac.be\/spin\/equipe\/gaetan-temperman\/#primaryimage","url":"https:\/\/web.umons.ac.be\/app\/uploads\/sites\/129\/2023\/03\/GT-298x300.jpg","contentUrl":"https:\/\/web.umons.ac.be\/app\/uploads\/sites\/129\/2023\/03\/GT-298x300.jpg"},{"@type":"BreadcrumbList","@id":"https:\/\/web.umons.ac.be\/spin\/equipe\/gaetan-temperman\/#breadcrumb","itemListElement":[{"@type":"ListItem","position":1,"name":"Home","item":"https:\/\/web.umons.ac.be\/spin\/"},{"@type":"ListItem","position":2,"name":"\u00c9quipe","item":"https:\/\/web.umons.ac.be\/spin\/equipe\/"},{"@type":"ListItem","position":3,"name":"Ga\u00ebtan Temperman"}]},{"@type":"WebSite","@id":"https:\/\/web.umons.ac.be\/spin\/#website","url":"https:\/\/web.umons.ac.be\/spin\/","name":"Service \/ FPSE - Ing\u00e9nierie p\u00e9dagogique et num\u00e9rique \u00e9ducatif","description":"","potentialAction":[{"@type":"SearchAction","target":{"@type":"EntryPoint","urlTemplate":"https:\/\/web.umons.ac.be\/spin\/?s={search_term_string}"},"query-input":{"@type":"PropertyValueSpecification","valueRequired":true,"valueName":"search_term_string"}}],"inLanguage":"fr-FR"}]}},"lang":"fr","translations":{"fr":376},"pll_sync_post":[],"_links":{"self":[{"href":"https:\/\/web.umons.ac.be\/spin\/wp-json\/wp\/v2\/pages\/376","targetHints":{"allow":["GET"]}}],"collection":[{"href":"https:\/\/web.umons.ac.be\/spin\/wp-json\/wp\/v2\/pages"}],"about":[{"href":"https:\/\/web.umons.ac.be\/spin\/wp-json\/wp\/v2\/types\/page"}],"author":[{"embeddable":true,"href":"https:\/\/web.umons.ac.be\/spin\/wp-json\/wp\/v2\/users\/197"}],"replies":[{"embeddable":true,"href":"https:\/\/web.umons.ac.be\/spin\/wp-json\/wp\/v2\/comments?post=376"}],"version-history":[{"count":4,"href":"https:\/\/web.umons.ac.be\/spin\/wp-json\/wp\/v2\/pages\/376\/revisions"}],"predecessor-version":[{"id":861,"href":"https:\/\/web.umons.ac.be\/spin\/wp-json\/wp\/v2\/pages\/376\/revisions\/861"}],"up":[{"embeddable":true,"href":"https:\/\/web.umons.ac.be\/spin\/wp-json\/wp\/v2\/pages\/7"}],"wp:attachment":[{"href":"https:\/\/web.umons.ac.be\/spin\/wp-json\/wp\/v2\/media?parent=376"}],"curies":[{"name":"wp","href":"https:\/\/api.w.org\/{rel}","templated":true}]}}