{"id":59,"date":"2021-11-25T09:11:31","date_gmt":"2021-11-25T08:11:31","guid":{"rendered":"https:\/\/web.umons.ac.be\/spin\/?page_id=59"},"modified":"2021-12-22T11:30:23","modified_gmt":"2021-12-22T10:30:23","slug":"mooc","status":"publish","type":"page","link":"https:\/\/web.umons.ac.be\/spin\/enseignement\/mooc\/","title":{"rendered":"MOOC"},"content":{"rendered":"<h5><img loading=\"lazy\" decoding=\"async\" class=\"alignleft size-medium wp-image-94\" src=\"https:\/\/web.umons.ac.be\/app\/uploads\/sites\/129\/2021\/12\/mooc-300x300.png\" alt=\"\" width=\"300\" height=\"300\" srcset=\"https:\/\/web.umons.ac.be\/app\/uploads\/sites\/129\/2021\/12\/mooc-300x300.png 300w, https:\/\/web.umons.ac.be\/app\/uploads\/sites\/129\/2021\/12\/mooc-150x150.png 150w, https:\/\/web.umons.ac.be\/app\/uploads\/sites\/129\/2021\/12\/mooc-30x30.png 30w, https:\/\/web.umons.ac.be\/app\/uploads\/sites\/129\/2021\/12\/mooc-80x80.png 80w, https:\/\/web.umons.ac.be\/app\/uploads\/sites\/129\/2021\/12\/mooc-60x60.png 60w, https:\/\/web.umons.ac.be\/app\/uploads\/sites\/129\/2021\/12\/mooc-360x360.png 360w, https:\/\/web.umons.ac.be\/app\/uploads\/sites\/129\/2021\/12\/mooc-400x400.png 400w, https:\/\/web.umons.ac.be\/app\/uploads\/sites\/129\/2021\/12\/mooc-200x200.png 200w, https:\/\/web.umons.ac.be\/app\/uploads\/sites\/129\/2021\/12\/mooc.png 616w\" sizes=\"auto, (max-width: 300px) 100vw, 300px\" \/>L\u2019innovation p\u00e9dagogique dont vous \u00eates le h\u00e9ros<\/h5>\n<p>Le MOOC \u00ab\u00a0L\u2019innovation p\u00e9dagogique dont vous \u00eates le h\u00e9ros\u2026\u00a0\u00bb a pour objectif de faire d\u00e9couvrir de mani\u00e8re active diff\u00e9rents principes p\u00e9dagogiques qui peuvent faire la diff\u00e9rence en termes d\u2019apprentissage.<\/p>\n<p>Le public cible vis\u00e9 est toute personne int\u00e9ress\u00e9e par l\u2019innovation p\u00e9dagogique. Il n\u2019y a pas de pr\u00e9requis sp\u00e9cifique m\u00eame si une formation ou une exp\u00e9rience dans le domaine de l\u2019\u00e9ducation ou de la formation est un atout.<\/p>\n<p>La particularit\u00e9 de ce MOOC est de proposer aux participants 3 parcours diff\u00e9rents pour le r\u00e9aliser : Parcours \u201cPerformance\u201d ; Parcours \u201cContributif\u201d et le Parcours \u201cLibre\u201d.<\/p>\n<p>Ces parcours de formation propos\u00e9s sur la plateforme UMOOC permettent aux apprenants de d\u00e9couvrir et de vivre pendant plus de 6 semaines diff\u00e9rentes exp\u00e9riences p\u00e9dagogiques innovantes.<\/p>\n<h5>Evaluation des environnements num\u00e9riques pour l\u2019apprentissage humain<\/h5>\n<p>Les objectifs de ce Mooc propos\u00e9 par l&rsquo;UMons (Belgique) et l&rsquo;UMP d&rsquo;Oujda (Maroc) sont de vous faire d\u00e9couvrir diff\u00e9rentes d\u00e9marches (observation, analyse, etc&#8230;) pour r\u00e9aliser des \u00e9valuations d&rsquo;environnements interactifs pour l&rsquo;apprentissage humain. Ceux-ci vous permettront de prendre plus facilement du recul par rapport aux innovations p\u00e9dagogiques qui impliquent le num\u00e9rique dans un contexte de formation.<\/p>\n<p style=\"text-align: center\"><strong>Lien vers la plateforme h\u00e9bergeant les MOOC<\/strong> : <a href=\"https:\/\/umooc.umons.ac.be\/\">https:\/\/umooc.umons.ac.be\/<\/a><\/p>\n<start-cask-shortcode-wrapper><iframe ><\/iframe><end-cask-shortcode-wrapper>\n","protected":false},"excerpt":{"rendered":"<p>L\u2019innovation p\u00e9dagogique dont vous \u00eates le h\u00e9ros Le MOOC \u00ab\u00a0L\u2019innovation p\u00e9dagogique dont vous \u00eates le h\u00e9ros\u2026\u00a0\u00bb a pour objectif de faire d\u00e9couvrir de mani\u00e8re active diff\u00e9rents principes p\u00e9dagogiques qui peuvent faire la diff\u00e9rence en termes d\u2019apprentissage. Le public cible vis\u00e9 est toute personne int\u00e9ress\u00e9e par l\u2019innovation p\u00e9dagogique. Il n\u2019y a pas de pr\u00e9requis sp\u00e9cifique m\u00eame [&hellip;]<\/p>\n","protected":false},"author":4,"featured_media":0,"parent":11,"menu_order":3,"comment_status":"closed","ping_status":"closed","template":"","meta":{"footnotes":""},"class_list":["post-59","page","type-page","status-publish","hentry"],"yoast_head":"<!-- This site is optimized with the Yoast SEO plugin v27.2 - https:\/\/yoast.com\/product\/yoast-seo-wordpress\/ -->\n<title>MOOC - Service \/ FPSE - Ing\u00e9nierie p\u00e9dagogique et num\u00e9rique \u00e9ducatif<\/title>\n<meta name=\"robots\" content=\"index, follow, max-snippet:-1, max-image-preview:large, max-video-preview:-1\" \/>\n<link rel=\"canonical\" href=\"https:\/\/web.umons.ac.be\/spin\/enseignement\/mooc\/\" \/>\n<meta property=\"og:locale\" content=\"fr_FR\" \/>\n<meta property=\"og:type\" content=\"article\" \/>\n<meta property=\"og:title\" content=\"MOOC - Service \/ FPSE - Ing\u00e9nierie p\u00e9dagogique et num\u00e9rique \u00e9ducatif\" \/>\n<meta property=\"og:description\" content=\"L\u2019innovation p\u00e9dagogique dont vous \u00eates le h\u00e9ros Le MOOC \u00ab\u00a0L\u2019innovation p\u00e9dagogique dont vous \u00eates le h\u00e9ros\u2026\u00a0\u00bb a pour objectif de faire d\u00e9couvrir de mani\u00e8re active diff\u00e9rents principes p\u00e9dagogiques qui peuvent faire la diff\u00e9rence en termes d\u2019apprentissage. Le public cible vis\u00e9 est toute personne int\u00e9ress\u00e9e par l\u2019innovation p\u00e9dagogique. Il n\u2019y a pas de pr\u00e9requis sp\u00e9cifique m\u00eame [&hellip;]\" \/>\n<meta property=\"og:url\" content=\"https:\/\/web.umons.ac.be\/spin\/enseignement\/mooc\/\" \/>\n<meta property=\"og:site_name\" content=\"Service \/ FPSE - Ing\u00e9nierie p\u00e9dagogique et num\u00e9rique \u00e9ducatif\" \/>\n<meta property=\"article:modified_time\" content=\"2021-12-22T10:30:23+00:00\" \/>\n<meta property=\"og:image\" content=\"https:\/\/web.umons.ac.be\/app\/uploads\/sites\/129\/2021\/12\/mooc-300x300.png\" \/>\n<meta name=\"twitter:card\" content=\"summary_large_image\" \/>\n<meta name=\"twitter:label1\" content=\"Dur\u00e9e de lecture estim\u00e9e\" \/>\n\t<meta name=\"twitter:data1\" content=\"2 minutes\" \/>\n<script type=\"application\/ld+json\" class=\"yoast-schema-graph\">{\"@context\":\"https:\/\/schema.org\",\"@graph\":[{\"@type\":\"WebPage\",\"@id\":\"https:\/\/web.umons.ac.be\/spin\/enseignement\/mooc\/\",\"url\":\"https:\/\/web.umons.ac.be\/spin\/enseignement\/mooc\/\",\"name\":\"MOOC - Service \/ FPSE - Ing\u00e9nierie p\u00e9dagogique et num\u00e9rique \u00e9ducatif\",\"isPartOf\":{\"@id\":\"https:\/\/web.umons.ac.be\/spin\/#website\"},\"primaryImageOfPage\":{\"@id\":\"https:\/\/web.umons.ac.be\/spin\/enseignement\/mooc\/#primaryimage\"},\"image\":{\"@id\":\"https:\/\/web.umons.ac.be\/spin\/enseignement\/mooc\/#primaryimage\"},\"thumbnailUrl\":\"https:\/\/web.umons.ac.be\/app\/uploads\/sites\/129\/2021\/12\/mooc-300x300.png\",\"datePublished\":\"2021-11-25T08:11:31+00:00\",\"dateModified\":\"2021-12-22T10:30:23+00:00\",\"breadcrumb\":{\"@id\":\"https:\/\/web.umons.ac.be\/spin\/enseignement\/mooc\/#breadcrumb\"},\"inLanguage\":\"fr-FR\",\"potentialAction\":[{\"@type\":\"ReadAction\",\"target\":[\"https:\/\/web.umons.ac.be\/spin\/enseignement\/mooc\/\"]}]},{\"@type\":\"ImageObject\",\"inLanguage\":\"fr-FR\",\"@id\":\"https:\/\/web.umons.ac.be\/spin\/enseignement\/mooc\/#primaryimage\",\"url\":\"https:\/\/web.umons.ac.be\/app\/uploads\/sites\/129\/2021\/12\/mooc-300x300.png\",\"contentUrl\":\"https:\/\/web.umons.ac.be\/app\/uploads\/sites\/129\/2021\/12\/mooc-300x300.png\"},{\"@type\":\"BreadcrumbList\",\"@id\":\"https:\/\/web.umons.ac.be\/spin\/enseignement\/mooc\/#breadcrumb\",\"itemListElement\":[{\"@type\":\"ListItem\",\"position\":1,\"name\":\"Home\",\"item\":\"https:\/\/web.umons.ac.be\/spin\/\"},{\"@type\":\"ListItem\",\"position\":2,\"name\":\"Activit\u00e9s d&rsquo;enseignement\",\"item\":\"https:\/\/web.umons.ac.be\/spin\/enseignement\/\"},{\"@type\":\"ListItem\",\"position\":3,\"name\":\"MOOC\"}]},{\"@type\":\"WebSite\",\"@id\":\"https:\/\/web.umons.ac.be\/spin\/#website\",\"url\":\"https:\/\/web.umons.ac.be\/spin\/\",\"name\":\"Service \/ FPSE - Ing\u00e9nierie p\u00e9dagogique et num\u00e9rique \u00e9ducatif\",\"description\":\"\",\"potentialAction\":[{\"@type\":\"SearchAction\",\"target\":{\"@type\":\"EntryPoint\",\"urlTemplate\":\"https:\/\/web.umons.ac.be\/spin\/?s={search_term_string}\"},\"query-input\":{\"@type\":\"PropertyValueSpecification\",\"valueRequired\":true,\"valueName\":\"search_term_string\"}}],\"inLanguage\":\"fr-FR\"}]}<\/script>\n<!-- \/ Yoast SEO plugin. -->","yoast_head_json":{"title":"MOOC - Service \/ FPSE - Ing\u00e9nierie p\u00e9dagogique et num\u00e9rique \u00e9ducatif","robots":{"index":"index","follow":"follow","max-snippet":"max-snippet:-1","max-image-preview":"max-image-preview:large","max-video-preview":"max-video-preview:-1"},"canonical":"https:\/\/web.umons.ac.be\/spin\/enseignement\/mooc\/","og_locale":"fr_FR","og_type":"article","og_title":"MOOC - Service \/ FPSE - Ing\u00e9nierie p\u00e9dagogique et num\u00e9rique \u00e9ducatif","og_description":"L\u2019innovation p\u00e9dagogique dont vous \u00eates le h\u00e9ros Le MOOC \u00ab\u00a0L\u2019innovation p\u00e9dagogique dont vous \u00eates le h\u00e9ros\u2026\u00a0\u00bb a pour objectif de faire d\u00e9couvrir de mani\u00e8re active diff\u00e9rents principes p\u00e9dagogiques qui peuvent faire la diff\u00e9rence en termes d\u2019apprentissage. Le public cible vis\u00e9 est toute personne int\u00e9ress\u00e9e par l\u2019innovation p\u00e9dagogique. Il n\u2019y a pas de pr\u00e9requis sp\u00e9cifique m\u00eame [&hellip;]","og_url":"https:\/\/web.umons.ac.be\/spin\/enseignement\/mooc\/","og_site_name":"Service \/ FPSE - Ing\u00e9nierie p\u00e9dagogique et num\u00e9rique \u00e9ducatif","article_modified_time":"2021-12-22T10:30:23+00:00","og_image":[{"url":"https:\/\/web.umons.ac.be\/app\/uploads\/sites\/129\/2021\/12\/mooc-300x300.png","type":"","width":"","height":""}],"twitter_card":"summary_large_image","twitter_misc":{"Dur\u00e9e de lecture estim\u00e9e":"2 minutes"},"schema":{"@context":"https:\/\/schema.org","@graph":[{"@type":"WebPage","@id":"https:\/\/web.umons.ac.be\/spin\/enseignement\/mooc\/","url":"https:\/\/web.umons.ac.be\/spin\/enseignement\/mooc\/","name":"MOOC - Service \/ FPSE - Ing\u00e9nierie p\u00e9dagogique et num\u00e9rique \u00e9ducatif","isPartOf":{"@id":"https:\/\/web.umons.ac.be\/spin\/#website"},"primaryImageOfPage":{"@id":"https:\/\/web.umons.ac.be\/spin\/enseignement\/mooc\/#primaryimage"},"image":{"@id":"https:\/\/web.umons.ac.be\/spin\/enseignement\/mooc\/#primaryimage"},"thumbnailUrl":"https:\/\/web.umons.ac.be\/app\/uploads\/sites\/129\/2021\/12\/mooc-300x300.png","datePublished":"2021-11-25T08:11:31+00:00","dateModified":"2021-12-22T10:30:23+00:00","breadcrumb":{"@id":"https:\/\/web.umons.ac.be\/spin\/enseignement\/mooc\/#breadcrumb"},"inLanguage":"fr-FR","potentialAction":[{"@type":"ReadAction","target":["https:\/\/web.umons.ac.be\/spin\/enseignement\/mooc\/"]}]},{"@type":"ImageObject","inLanguage":"fr-FR","@id":"https:\/\/web.umons.ac.be\/spin\/enseignement\/mooc\/#primaryimage","url":"https:\/\/web.umons.ac.be\/app\/uploads\/sites\/129\/2021\/12\/mooc-300x300.png","contentUrl":"https:\/\/web.umons.ac.be\/app\/uploads\/sites\/129\/2021\/12\/mooc-300x300.png"},{"@type":"BreadcrumbList","@id":"https:\/\/web.umons.ac.be\/spin\/enseignement\/mooc\/#breadcrumb","itemListElement":[{"@type":"ListItem","position":1,"name":"Home","item":"https:\/\/web.umons.ac.be\/spin\/"},{"@type":"ListItem","position":2,"name":"Activit\u00e9s d&rsquo;enseignement","item":"https:\/\/web.umons.ac.be\/spin\/enseignement\/"},{"@type":"ListItem","position":3,"name":"MOOC"}]},{"@type":"WebSite","@id":"https:\/\/web.umons.ac.be\/spin\/#website","url":"https:\/\/web.umons.ac.be\/spin\/","name":"Service \/ FPSE - Ing\u00e9nierie p\u00e9dagogique et num\u00e9rique \u00e9ducatif","description":"","potentialAction":[{"@type":"SearchAction","target":{"@type":"EntryPoint","urlTemplate":"https:\/\/web.umons.ac.be\/spin\/?s={search_term_string}"},"query-input":{"@type":"PropertyValueSpecification","valueRequired":true,"valueName":"search_term_string"}}],"inLanguage":"fr-FR"}]}},"lang":"fr","translations":{"fr":59},"pll_sync_post":[],"_links":{"self":[{"href":"https:\/\/web.umons.ac.be\/spin\/wp-json\/wp\/v2\/pages\/59","targetHints":{"allow":["GET"]}}],"collection":[{"href":"https:\/\/web.umons.ac.be\/spin\/wp-json\/wp\/v2\/pages"}],"about":[{"href":"https:\/\/web.umons.ac.be\/spin\/wp-json\/wp\/v2\/types\/page"}],"author":[{"embeddable":true,"href":"https:\/\/web.umons.ac.be\/spin\/wp-json\/wp\/v2\/users\/4"}],"replies":[{"embeddable":true,"href":"https:\/\/web.umons.ac.be\/spin\/wp-json\/wp\/v2\/comments?post=59"}],"version-history":[{"count":3,"href":"https:\/\/web.umons.ac.be\/spin\/wp-json\/wp\/v2\/pages\/59\/revisions"}],"predecessor-version":[{"id":121,"href":"https:\/\/web.umons.ac.be\/spin\/wp-json\/wp\/v2\/pages\/59\/revisions\/121"}],"up":[{"embeddable":true,"href":"https:\/\/web.umons.ac.be\/spin\/wp-json\/wp\/v2\/pages\/11"}],"wp:attachment":[{"href":"https:\/\/web.umons.ac.be\/spin\/wp-json\/wp\/v2\/media?parent=59"}],"curies":[{"name":"wp","href":"https:\/\/api.w.org\/{rel}","templated":true}]}}