{"id":48,"date":"2021-06-29T15:38:43","date_gmt":"2021-06-29T13:38:43","guid":{"rendered":"https:\/\/web.umons.ac.be\/statforu\/?page_id=48"},"modified":"2021-09-06T11:36:45","modified_gmt":"2021-09-06T09:36:45","slug":"conseiller","status":"publish","type":"page","link":"https:\/\/web.umons.ac.be\/statforu\/conseiller\/","title":{"rendered":"Conseiller"},"content":{"rendered":"<h2><img loading=\"lazy\" decoding=\"async\" class=\"alignright wp-image-33 size-thumbnail\" src=\"https:\/\/web.umons.ac.be\/app\/uploads\/sites\/53\/2021\/06\/Logo_NB_02_S-150x150.png\" alt=\"\" width=\"150\" height=\"150\" srcset=\"https:\/\/web.umons.ac.be\/app\/uploads\/sites\/53\/2021\/06\/Logo_NB_02_S-150x150.png 150w, https:\/\/web.umons.ac.be\/app\/uploads\/sites\/53\/2021\/06\/Logo_NB_02_S-300x300.png 300w, https:\/\/web.umons.ac.be\/app\/uploads\/sites\/53\/2021\/06\/Logo_NB_02_S-768x768.png 768w, https:\/\/web.umons.ac.be\/app\/uploads\/sites\/53\/2021\/06\/Logo_NB_02_S-660x660.png 660w, https:\/\/web.umons.ac.be\/app\/uploads\/sites\/53\/2021\/06\/Logo_NB_02_S-30x30.png 30w, https:\/\/web.umons.ac.be\/app\/uploads\/sites\/53\/2021\/06\/Logo_NB_02_S-80x80.png 80w, https:\/\/web.umons.ac.be\/app\/uploads\/sites\/53\/2021\/06\/Logo_NB_02_S-60x60.png 60w, https:\/\/web.umons.ac.be\/app\/uploads\/sites\/53\/2021\/06\/Logo_NB_02_S-360x360.png 360w, https:\/\/web.umons.ac.be\/app\/uploads\/sites\/53\/2021\/06\/Logo_NB_02_S-400x400.png 400w, https:\/\/web.umons.ac.be\/app\/uploads\/sites\/53\/2021\/06\/Logo_NB_02_S-200x200.png 200w, https:\/\/web.umons.ac.be\/app\/uploads\/sites\/53\/2021\/06\/Logo_NB_02_S.png 779w\" sizes=\"auto, (max-width: 150px) 100vw, 150px\" \/>Conseiller dans le choix des m\u00e9thodes statistiques et leur interpr\u00e9tation, la pr\u00e9sentation et la diffusion des r\u00e9sultats<\/h2>\n<p>La plateforme <span style=\"color: #d60044\">STATforU<\/span> vous conseille dans le choix des outils et l\u2019utilisation des m\u00e9thodes d&rsquo;analyse statistique appropri\u00e9es.<\/p>\n<p>Nous pouvons \u00e9galement vous accompagner \u00e0 toutes les \u00e9tapes du processus : de la r\u00e9daction de projets (partie relative aux donn\u00e9es et analyses) \u00e0 la diffusion des r\u00e9sultats en passant par le choix des analyses statistiques les plus appropri\u00e9es, la r\u00e9alisation des traitements,\u00a0 l\u2019interpr\u00e9tation, la pr\u00e9sentation des r\u00e9sultats, la diffusion et la pr\u00e9sentation des donn\u00e9es. Si vous voulez assurer que vos donn\u00e9es et analyses statistiques soient pr\u00e9sent\u00e9es de mani\u00e8re reproductible et dans un esprit de science ouverte, nous pouvons \u00e9galement vous y aider.<\/p>\n<p>Nous proposons \u00e9galement, apr\u00e8s analyse, d\u2019attester du bien-fond\u00e9 de votre d\u00e9marche d\u2019analyse statistique.<\/p>\n<blockquote><p><i>Que ce soit pour un conseil ponctuel ou un accompagnement personnalis\u00e9, nous sommes \u00e0 l\u2019\u00e9coute de vos besoins.<\/i><\/p><\/blockquote>\n<hr \/>\n<div class=\"highlighted-block\">\n<p><a href=\"https:\/\/web.umons.ac.be\/statforu\/contact\/\"><i>Formulaire de contact<\/i><\/a><\/p>\n<\/div>\n<div id=\"ConnectiveDocSignExtentionInstalled\" data-extension-version=\"1.0.4\"><\/div>\n","protected":false},"excerpt":{"rendered":"<p>Conseiller dans le choix des m\u00e9thodes statistiques et leur interpr\u00e9tation, la pr\u00e9sentation et la diffusion des r\u00e9sultats La plateforme STATforU vous conseille dans le choix des outils et l\u2019utilisation des m\u00e9thodes d&rsquo;analyse statistique appropri\u00e9es. Nous pouvons \u00e9galement vous accompagner \u00e0 toutes les \u00e9tapes du processus : de la r\u00e9daction de projets (partie relative aux donn\u00e9es [&hellip;]<\/p>\n","protected":false},"author":2,"featured_media":33,"parent":0,"menu_order":0,"comment_status":"closed","ping_status":"closed","template":"","meta":{"footnotes":""},"class_list":["post-48","page","type-page","status-publish","has-post-thumbnail","hentry"],"yoast_head":"<!-- This site is optimized with the Yoast SEO plugin v27.2 - https:\/\/yoast.com\/product\/yoast-seo-wordpress\/ -->\n<title>Conseiller - STATforU<\/title>\n<meta name=\"robots\" content=\"index, follow, max-snippet:-1, max-image-preview:large, max-video-preview:-1\" \/>\n<link rel=\"canonical\" href=\"https:\/\/web.umons.ac.be\/statforu\/conseiller\/\" \/>\n<meta property=\"og:locale\" content=\"fr_FR\" \/>\n<meta property=\"og:type\" content=\"article\" \/>\n<meta property=\"og:title\" content=\"Conseiller - STATforU\" \/>\n<meta property=\"og:description\" content=\"Conseiller dans le choix des m\u00e9thodes statistiques et leur interpr\u00e9tation, la pr\u00e9sentation et la diffusion des r\u00e9sultats La plateforme STATforU vous conseille dans le choix des outils et l\u2019utilisation des m\u00e9thodes d&rsquo;analyse statistique appropri\u00e9es. Nous pouvons \u00e9galement vous accompagner \u00e0 toutes les \u00e9tapes du processus : de la r\u00e9daction de projets (partie relative aux donn\u00e9es [&hellip;]\" \/>\n<meta property=\"og:url\" content=\"https:\/\/web.umons.ac.be\/statforu\/conseiller\/\" \/>\n<meta property=\"og:site_name\" content=\"STATforU\" \/>\n<meta property=\"article:modified_time\" content=\"2021-09-06T09:36:45+00:00\" \/>\n<meta property=\"og:image\" content=\"https:\/\/web.umons.ac.be\/app\/uploads\/sites\/53\/2021\/06\/Logo_NB_02_S.png\" \/>\n\t<meta property=\"og:image:width\" content=\"779\" \/>\n\t<meta property=\"og:image:height\" content=\"779\" \/>\n\t<meta property=\"og:image:type\" content=\"image\/png\" \/>\n<meta name=\"twitter:card\" content=\"summary_large_image\" \/>\n<meta name=\"twitter:label1\" content=\"Dur\u00e9e de lecture estim\u00e9e\" \/>\n\t<meta name=\"twitter:data1\" content=\"1 minute\" \/>\n<script type=\"application\/ld+json\" class=\"yoast-schema-graph\">{\"@context\":\"https:\/\/schema.org\",\"@graph\":[{\"@type\":\"WebPage\",\"@id\":\"https:\/\/web.umons.ac.be\/statforu\/conseiller\/\",\"url\":\"https:\/\/web.umons.ac.be\/statforu\/conseiller\/\",\"name\":\"Conseiller - STATforU\",\"isPartOf\":{\"@id\":\"https:\/\/web.umons.ac.be\/statforu\/#website\"},\"primaryImageOfPage\":{\"@id\":\"https:\/\/web.umons.ac.be\/statforu\/conseiller\/#primaryimage\"},\"image\":{\"@id\":\"https:\/\/web.umons.ac.be\/statforu\/conseiller\/#primaryimage\"},\"thumbnailUrl\":\"https:\/\/web.umons.ac.be\/app\/uploads\/sites\/53\/2021\/06\/Logo_NB_02_S.png\",\"datePublished\":\"2021-06-29T13:38:43+00:00\",\"dateModified\":\"2021-09-06T09:36:45+00:00\",\"breadcrumb\":{\"@id\":\"https:\/\/web.umons.ac.be\/statforu\/conseiller\/#breadcrumb\"},\"inLanguage\":\"fr-FR\",\"potentialAction\":[{\"@type\":\"ReadAction\",\"target\":[\"https:\/\/web.umons.ac.be\/statforu\/conseiller\/\"]}]},{\"@type\":\"ImageObject\",\"inLanguage\":\"fr-FR\",\"@id\":\"https:\/\/web.umons.ac.be\/statforu\/conseiller\/#primaryimage\",\"url\":\"https:\/\/web.umons.ac.be\/app\/uploads\/sites\/53\/2021\/06\/Logo_NB_02_S.png\",\"contentUrl\":\"https:\/\/web.umons.ac.be\/app\/uploads\/sites\/53\/2021\/06\/Logo_NB_02_S.png\",\"width\":779,\"height\":779},{\"@type\":\"BreadcrumbList\",\"@id\":\"https:\/\/web.umons.ac.be\/statforu\/conseiller\/#breadcrumb\",\"itemListElement\":[{\"@type\":\"ListItem\",\"position\":1,\"name\":\"Home\",\"item\":\"https:\/\/web.umons.ac.be\/statforu\/\"},{\"@type\":\"ListItem\",\"position\":2,\"name\":\"Conseiller\"}]},{\"@type\":\"WebSite\",\"@id\":\"https:\/\/web.umons.ac.be\/statforu\/#website\",\"url\":\"https:\/\/web.umons.ac.be\/statforu\/\",\"name\":\"STATforU\",\"description\":\"Un site utilisant Universit\u00e9 de Mons \u2013 UMONS\",\"potentialAction\":[{\"@type\":\"SearchAction\",\"target\":{\"@type\":\"EntryPoint\",\"urlTemplate\":\"https:\/\/web.umons.ac.be\/statforu\/?s={search_term_string}\"},\"query-input\":{\"@type\":\"PropertyValueSpecification\",\"valueRequired\":true,\"valueName\":\"search_term_string\"}}],\"inLanguage\":\"fr-FR\"}]}<\/script>\n<!-- \/ Yoast SEO plugin. -->","yoast_head_json":{"title":"Conseiller - STATforU","robots":{"index":"index","follow":"follow","max-snippet":"max-snippet:-1","max-image-preview":"max-image-preview:large","max-video-preview":"max-video-preview:-1"},"canonical":"https:\/\/web.umons.ac.be\/statforu\/conseiller\/","og_locale":"fr_FR","og_type":"article","og_title":"Conseiller - STATforU","og_description":"Conseiller dans le choix des m\u00e9thodes statistiques et leur interpr\u00e9tation, la pr\u00e9sentation et la diffusion des r\u00e9sultats La plateforme STATforU vous conseille dans le choix des outils et l\u2019utilisation des m\u00e9thodes d&rsquo;analyse statistique appropri\u00e9es. Nous pouvons \u00e9galement vous accompagner \u00e0 toutes les \u00e9tapes du processus : de la r\u00e9daction de projets (partie relative aux donn\u00e9es [&hellip;]","og_url":"https:\/\/web.umons.ac.be\/statforu\/conseiller\/","og_site_name":"STATforU","article_modified_time":"2021-09-06T09:36:45+00:00","og_image":[{"width":779,"height":779,"url":"https:\/\/web.umons.ac.be\/app\/uploads\/sites\/53\/2021\/06\/Logo_NB_02_S.png","type":"image\/png"}],"twitter_card":"summary_large_image","twitter_misc":{"Dur\u00e9e de lecture estim\u00e9e":"1 minute"},"schema":{"@context":"https:\/\/schema.org","@graph":[{"@type":"WebPage","@id":"https:\/\/web.umons.ac.be\/statforu\/conseiller\/","url":"https:\/\/web.umons.ac.be\/statforu\/conseiller\/","name":"Conseiller - STATforU","isPartOf":{"@id":"https:\/\/web.umons.ac.be\/statforu\/#website"},"primaryImageOfPage":{"@id":"https:\/\/web.umons.ac.be\/statforu\/conseiller\/#primaryimage"},"image":{"@id":"https:\/\/web.umons.ac.be\/statforu\/conseiller\/#primaryimage"},"thumbnailUrl":"https:\/\/web.umons.ac.be\/app\/uploads\/sites\/53\/2021\/06\/Logo_NB_02_S.png","datePublished":"2021-06-29T13:38:43+00:00","dateModified":"2021-09-06T09:36:45+00:00","breadcrumb":{"@id":"https:\/\/web.umons.ac.be\/statforu\/conseiller\/#breadcrumb"},"inLanguage":"fr-FR","potentialAction":[{"@type":"ReadAction","target":["https:\/\/web.umons.ac.be\/statforu\/conseiller\/"]}]},{"@type":"ImageObject","inLanguage":"fr-FR","@id":"https:\/\/web.umons.ac.be\/statforu\/conseiller\/#primaryimage","url":"https:\/\/web.umons.ac.be\/app\/uploads\/sites\/53\/2021\/06\/Logo_NB_02_S.png","contentUrl":"https:\/\/web.umons.ac.be\/app\/uploads\/sites\/53\/2021\/06\/Logo_NB_02_S.png","width":779,"height":779},{"@type":"BreadcrumbList","@id":"https:\/\/web.umons.ac.be\/statforu\/conseiller\/#breadcrumb","itemListElement":[{"@type":"ListItem","position":1,"name":"Home","item":"https:\/\/web.umons.ac.be\/statforu\/"},{"@type":"ListItem","position":2,"name":"Conseiller"}]},{"@type":"WebSite","@id":"https:\/\/web.umons.ac.be\/statforu\/#website","url":"https:\/\/web.umons.ac.be\/statforu\/","name":"STATforU","description":"Un site utilisant Universit\u00e9 de Mons \u2013 UMONS","potentialAction":[{"@type":"SearchAction","target":{"@type":"EntryPoint","urlTemplate":"https:\/\/web.umons.ac.be\/statforu\/?s={search_term_string}"},"query-input":{"@type":"PropertyValueSpecification","valueRequired":true,"valueName":"search_term_string"}}],"inLanguage":"fr-FR"}]}},"lang":"fr","translations":{"fr":48,"en":166},"pll_sync_post":[],"_links":{"self":[{"href":"https:\/\/web.umons.ac.be\/statforu\/wp-json\/wp\/v2\/pages\/48","targetHints":{"allow":["GET"]}}],"collection":[{"href":"https:\/\/web.umons.ac.be\/statforu\/wp-json\/wp\/v2\/pages"}],"about":[{"href":"https:\/\/web.umons.ac.be\/statforu\/wp-json\/wp\/v2\/types\/page"}],"author":[{"embeddable":true,"href":"https:\/\/web.umons.ac.be\/statforu\/wp-json\/wp\/v2\/users\/2"}],"replies":[{"embeddable":true,"href":"https:\/\/web.umons.ac.be\/statforu\/wp-json\/wp\/v2\/comments?post=48"}],"version-history":[{"count":6,"href":"https:\/\/web.umons.ac.be\/statforu\/wp-json\/wp\/v2\/pages\/48\/revisions"}],"predecessor-version":[{"id":226,"href":"https:\/\/web.umons.ac.be\/statforu\/wp-json\/wp\/v2\/pages\/48\/revisions\/226"}],"wp:featuredmedia":[{"embeddable":true,"href":"https:\/\/web.umons.ac.be\/statforu\/wp-json\/wp\/v2\/media\/33"}],"wp:attachment":[{"href":"https:\/\/web.umons.ac.be\/statforu\/wp-json\/wp\/v2\/media?parent=48"}],"curies":[{"name":"wp","href":"https:\/\/api.w.org\/{rel}","templated":true}]}}