{"id":11,"date":"2021-11-25T14:42:00","date_gmt":"2021-11-25T13:42:00","guid":{"rendered":"https:\/\/web.umons.ac.be\/tele\/activites-denseignement\/"},"modified":"2021-11-25T15:00:43","modified_gmt":"2021-11-25T14:00:43","slug":"activites-denseignement","status":"publish","type":"page","link":"https:\/\/web.umons.ac.be\/tele\/activites-denseignement\/","title":{"rendered":"Activit\u00e9s d&rsquo;enseignement"},"content":{"rendered":"<ul>\n<li>Electromagn\u00e9tisme\u00a0(Titulaire:\u00a0M. Wuilpart\u00a0&#8211; Co-titulaire:\u00a0P. M\u00e9gret)<\/li>\n<li>Microwave Engineering (Titulaire: P. M\u00e9gret &#8211; Co-titulaire: V. Moeyaert, M. Wuilpart)<\/li>\n<li>Fondements des t\u00e9l\u00e9communications (Titulaire: M. Wuilpart &#8211; Co-titulaire: V. Moeyaert)<\/li>\n<li>T\u00e9l\u00e9communications num\u00e9riques (Titulaire: V. Moeyaert &#8211; Co-titulaire: M. Wuilpart)<\/li>\n<li>R\u00e9seaux informatiques (Titulaire: P. M\u00e9gret &#8211; Co-titulaire: S. Bette)<\/li>\n<li>T\u00e9l\u00e9matique (Titulaire: S. Bette &#8211; Co-titulaire: P. M\u00e9gret)<\/li>\n<li>Advanced Communication Systems: Fundamentals and Applications (Titulaire: V. Moeyaert &#8211; Co-titulaire: M. Wuilpart)<\/li>\n<li>Optical Communications (Titulaire: M. Wuilpart &#8211; Co-titulaire: C. Caucheteur)<\/li>\n<li>Advanced Optical Communications (Titulaire: P. M\u00e9gret &#8211; Co-titulaire: M. Wuilpart)<\/li>\n<li>Antennas and Propagation (Titulaire: P. M\u00e9gret &#8211; Co-titulaire: M. Wuilpart)<\/li>\n<li>Network Security and Management (Titulaire: P. M\u00e9gret &#8211; Co-titulaire: S. Bette)<\/li>\n<li>Communications analogiques et num\u00e9riques (Titulaire: V. Moeyaert &#8211; Co-titulaire: P. M\u00e9gret)<\/li>\n<li>Industrial Instrumentation (Titulaire: P. M\u00e9gret &#8211; Co-titulaire: V. Moeyaert)<\/li>\n<li>Interconnection of Sensor Devices (Titulaire: P. M\u00e9gret &#8211; Co-titulaire: V. Moeyaert)<\/li>\n<li>Wireless and Mobile Communications for the Internet of Things (Titulaire: V. Moeyaert)<\/li>\n<li>Networks for Multimedia (Titulaire: V. Moeyaert)<\/li>\n<li>Microwave Engineering &#8211; Practical work (Titulaire: P. M\u00e9gret &#8211; Co-titulaire: V. Moeyaert, M. Wuilpart)<\/li>\n<li>Telecommunications case Studies\u00a0(Titulaire:\u00a0V. Moeyaert\u00a0&#8211; Co-titulaire:\u00a0M. Wuilpart,\u00a0P. M\u00e9gret)<\/li>\n<li>Smart Grids Communications (Titulaire: V. Moeyaert)<\/li>\n<li>Biomedical Sensors (Titulaire: C. Caucheteur)<\/li>\n<li>R\u00e9seaux de Capteurs (Titulaire: P. M\u00e9gret &#8211; Co-titulaire: S. Bette)<\/li>\n<\/ul>\n","protected":false},"excerpt":{"rendered":"<p>Electromagn\u00e9tisme\u00a0(Titulaire:\u00a0M. Wuilpart\u00a0&#8211; Co-titulaire:\u00a0P. M\u00e9gret) Microwave Engineering (Titulaire: P. M\u00e9gret &#8211; Co-titulaire: V. Moeyaert, M. Wuilpart) Fondements des t\u00e9l\u00e9communications (Titulaire: M. Wuilpart &#8211; Co-titulaire: V. Moeyaert) T\u00e9l\u00e9communications num\u00e9riques (Titulaire: V. Moeyaert &#8211; Co-titulaire: M. Wuilpart) R\u00e9seaux informatiques (Titulaire: P. M\u00e9gret &#8211; Co-titulaire: S. Bette) T\u00e9l\u00e9matique (Titulaire: S. Bette &#8211; Co-titulaire: P. M\u00e9gret) Advanced Communication Systems: Fundamentals [&hellip;]<\/p>\n","protected":false},"author":4,"featured_media":0,"parent":0,"menu_order":0,"comment_status":"closed","ping_status":"closed","template":"","meta":{"footnotes":""},"class_list":["post-11","page","type-page","status-publish","hentry"],"yoast_head":"<!-- This site is optimized with the Yoast SEO plugin v27.2 - https:\/\/yoast.com\/product\/yoast-seo-wordpress\/ -->\n<title>Activit\u00e9s d&#039;enseignement - Service \/ FPMS - Electromagn\u00e9tisme et T\u00e9l\u00e9communications<\/title>\n<meta name=\"robots\" content=\"index, follow, max-snippet:-1, max-image-preview:large, max-video-preview:-1\" \/>\n<link rel=\"canonical\" href=\"https:\/\/web.umons.ac.be\/tele\/activites-denseignement\/\" \/>\n<meta property=\"og:locale\" content=\"fr_FR\" \/>\n<meta property=\"og:type\" content=\"article\" \/>\n<meta property=\"og:title\" content=\"Activit\u00e9s d&#039;enseignement - Service \/ FPMS - Electromagn\u00e9tisme et T\u00e9l\u00e9communications\" \/>\n<meta property=\"og:description\" content=\"Electromagn\u00e9tisme\u00a0(Titulaire:\u00a0M. Wuilpart\u00a0&#8211; Co-titulaire:\u00a0P. M\u00e9gret) Microwave Engineering (Titulaire: P. M\u00e9gret &#8211; Co-titulaire: V. Moeyaert, M. Wuilpart) Fondements des t\u00e9l\u00e9communications (Titulaire: M. Wuilpart &#8211; Co-titulaire: V. Moeyaert) T\u00e9l\u00e9communications num\u00e9riques (Titulaire: V. Moeyaert &#8211; Co-titulaire: M. Wuilpart) R\u00e9seaux informatiques (Titulaire: P. M\u00e9gret &#8211; Co-titulaire: S. Bette) T\u00e9l\u00e9matique (Titulaire: S. Bette &#8211; Co-titulaire: P. M\u00e9gret) Advanced Communication Systems: Fundamentals [&hellip;]\" \/>\n<meta property=\"og:url\" content=\"https:\/\/web.umons.ac.be\/tele\/activites-denseignement\/\" \/>\n<meta property=\"og:site_name\" content=\"Service \/ FPMS - Electromagn\u00e9tisme et T\u00e9l\u00e9communications\" \/>\n<meta property=\"article:modified_time\" content=\"2021-11-25T14:00:43+00:00\" \/>\n<meta name=\"twitter:card\" content=\"summary_large_image\" \/>\n<meta name=\"twitter:label1\" content=\"Dur\u00e9e de lecture estim\u00e9e\" \/>\n\t<meta name=\"twitter:data1\" content=\"1 minute\" \/>\n<script type=\"application\/ld+json\" class=\"yoast-schema-graph\">{\"@context\":\"https:\/\/schema.org\",\"@graph\":[{\"@type\":\"WebPage\",\"@id\":\"https:\/\/web.umons.ac.be\/tele\/activites-denseignement\/\",\"url\":\"https:\/\/web.umons.ac.be\/tele\/activites-denseignement\/\",\"name\":\"Activit\u00e9s d'enseignement - Service \/ FPMS - Electromagn\u00e9tisme et T\u00e9l\u00e9communications\",\"isPartOf\":{\"@id\":\"https:\/\/web.umons.ac.be\/tele\/#website\"},\"datePublished\":\"2021-11-25T13:42:00+00:00\",\"dateModified\":\"2021-11-25T14:00:43+00:00\",\"breadcrumb\":{\"@id\":\"https:\/\/web.umons.ac.be\/tele\/activites-denseignement\/#breadcrumb\"},\"inLanguage\":\"fr-FR\",\"potentialAction\":[{\"@type\":\"ReadAction\",\"target\":[\"https:\/\/web.umons.ac.be\/tele\/activites-denseignement\/\"]}]},{\"@type\":\"BreadcrumbList\",\"@id\":\"https:\/\/web.umons.ac.be\/tele\/activites-denseignement\/#breadcrumb\",\"itemListElement\":[{\"@type\":\"ListItem\",\"position\":1,\"name\":\"Home\",\"item\":\"https:\/\/web.umons.ac.be\/tele\/\"},{\"@type\":\"ListItem\",\"position\":2,\"name\":\"Activit\u00e9s d&rsquo;enseignement\"}]},{\"@type\":\"WebSite\",\"@id\":\"https:\/\/web.umons.ac.be\/tele\/#website\",\"url\":\"https:\/\/web.umons.ac.be\/tele\/\",\"name\":\"Service \/ FPMS - Electromagn\u00e9tisme et T\u00e9l\u00e9communications\",\"description\":\"\",\"potentialAction\":[{\"@type\":\"SearchAction\",\"target\":{\"@type\":\"EntryPoint\",\"urlTemplate\":\"https:\/\/web.umons.ac.be\/tele\/?s={search_term_string}\"},\"query-input\":{\"@type\":\"PropertyValueSpecification\",\"valueRequired\":true,\"valueName\":\"search_term_string\"}}],\"inLanguage\":\"fr-FR\"}]}<\/script>\n<!-- \/ Yoast SEO plugin. -->","yoast_head_json":{"title":"Activit\u00e9s d'enseignement - Service \/ FPMS - Electromagn\u00e9tisme et T\u00e9l\u00e9communications","robots":{"index":"index","follow":"follow","max-snippet":"max-snippet:-1","max-image-preview":"max-image-preview:large","max-video-preview":"max-video-preview:-1"},"canonical":"https:\/\/web.umons.ac.be\/tele\/activites-denseignement\/","og_locale":"fr_FR","og_type":"article","og_title":"Activit\u00e9s d'enseignement - Service \/ FPMS - Electromagn\u00e9tisme et T\u00e9l\u00e9communications","og_description":"Electromagn\u00e9tisme\u00a0(Titulaire:\u00a0M. Wuilpart\u00a0&#8211; Co-titulaire:\u00a0P. M\u00e9gret) Microwave Engineering (Titulaire: P. M\u00e9gret &#8211; Co-titulaire: V. Moeyaert, M. Wuilpart) Fondements des t\u00e9l\u00e9communications (Titulaire: M. Wuilpart &#8211; Co-titulaire: V. Moeyaert) T\u00e9l\u00e9communications num\u00e9riques (Titulaire: V. Moeyaert &#8211; Co-titulaire: M. Wuilpart) R\u00e9seaux informatiques (Titulaire: P. M\u00e9gret &#8211; Co-titulaire: S. Bette) T\u00e9l\u00e9matique (Titulaire: S. Bette &#8211; Co-titulaire: P. M\u00e9gret) Advanced Communication Systems: Fundamentals [&hellip;]","og_url":"https:\/\/web.umons.ac.be\/tele\/activites-denseignement\/","og_site_name":"Service \/ FPMS - Electromagn\u00e9tisme et T\u00e9l\u00e9communications","article_modified_time":"2021-11-25T14:00:43+00:00","twitter_card":"summary_large_image","twitter_misc":{"Dur\u00e9e de lecture estim\u00e9e":"1 minute"},"schema":{"@context":"https:\/\/schema.org","@graph":[{"@type":"WebPage","@id":"https:\/\/web.umons.ac.be\/tele\/activites-denseignement\/","url":"https:\/\/web.umons.ac.be\/tele\/activites-denseignement\/","name":"Activit\u00e9s d'enseignement - Service \/ FPMS - Electromagn\u00e9tisme et T\u00e9l\u00e9communications","isPartOf":{"@id":"https:\/\/web.umons.ac.be\/tele\/#website"},"datePublished":"2021-11-25T13:42:00+00:00","dateModified":"2021-11-25T14:00:43+00:00","breadcrumb":{"@id":"https:\/\/web.umons.ac.be\/tele\/activites-denseignement\/#breadcrumb"},"inLanguage":"fr-FR","potentialAction":[{"@type":"ReadAction","target":["https:\/\/web.umons.ac.be\/tele\/activites-denseignement\/"]}]},{"@type":"BreadcrumbList","@id":"https:\/\/web.umons.ac.be\/tele\/activites-denseignement\/#breadcrumb","itemListElement":[{"@type":"ListItem","position":1,"name":"Home","item":"https:\/\/web.umons.ac.be\/tele\/"},{"@type":"ListItem","position":2,"name":"Activit\u00e9s d&rsquo;enseignement"}]},{"@type":"WebSite","@id":"https:\/\/web.umons.ac.be\/tele\/#website","url":"https:\/\/web.umons.ac.be\/tele\/","name":"Service \/ FPMS - Electromagn\u00e9tisme et T\u00e9l\u00e9communications","description":"","potentialAction":[{"@type":"SearchAction","target":{"@type":"EntryPoint","urlTemplate":"https:\/\/web.umons.ac.be\/tele\/?s={search_term_string}"},"query-input":{"@type":"PropertyValueSpecification","valueRequired":true,"valueName":"search_term_string"}}],"inLanguage":"fr-FR"}]}},"lang":"fr","translations":{"fr":11,"en":13},"pll_sync_post":[],"_links":{"self":[{"href":"https:\/\/web.umons.ac.be\/tele\/wp-json\/wp\/v2\/pages\/11","targetHints":{"allow":["GET"]}}],"collection":[{"href":"https:\/\/web.umons.ac.be\/tele\/wp-json\/wp\/v2\/pages"}],"about":[{"href":"https:\/\/web.umons.ac.be\/tele\/wp-json\/wp\/v2\/types\/page"}],"author":[{"embeddable":true,"href":"https:\/\/web.umons.ac.be\/tele\/wp-json\/wp\/v2\/users\/4"}],"replies":[{"embeddable":true,"href":"https:\/\/web.umons.ac.be\/tele\/wp-json\/wp\/v2\/comments?post=11"}],"version-history":[{"count":1,"href":"https:\/\/web.umons.ac.be\/tele\/wp-json\/wp\/v2\/pages\/11\/revisions"}],"predecessor-version":[{"id":50,"href":"https:\/\/web.umons.ac.be\/tele\/wp-json\/wp\/v2\/pages\/11\/revisions\/50"}],"wp:attachment":[{"href":"https:\/\/web.umons.ac.be\/tele\/wp-json\/wp\/v2\/media?parent=11"}],"curies":[{"name":"wp","href":"https:\/\/api.w.org\/{rel}","templated":true}]}}