{"id":15,"date":"2021-10-27T14:34:11","date_gmt":"2021-10-27T12:34:11","guid":{"rendered":"https:\/\/web.umons.ac.be\/trmi\/activites-de-recherche\/"},"modified":"2025-01-21T17:20:09","modified_gmt":"2025-01-21T16:20:09","slug":"activites-de-recherche","status":"publish","type":"page","link":"https:\/\/web.umons.ac.be\/trmi\/activites-de-recherche\/","title":{"rendered":"Activit\u00e9s de recherche"},"content":{"rendered":"<h2>Production durable d\u2019\u00e9nergie :<\/h2>\n<p>Avec nos recherches, nous visons le d\u00e9veloppement d&rsquo;une production d&rsquo;\u00e9lectricit\u00e9 et de chaleur tr\u00e8s efficace et flexible, sans \u00e9mission de carbone, \u00e0 partir de petites unit\u00e9s de cog\u00e9n\u00e9ration, avec un int\u00e9r\u00eat particulier pour les micro-turbines \u00e0 gaz. Notre approche holistique, ax\u00e9e \u00e0 la fois sur les syst\u00e8mes et les composants, ainsi que l&rsquo;approche num\u00e9rique et exp\u00e9rimentale int\u00e9gr\u00e9e, nous permettent de relever ce d\u00e9fi technique d&rsquo;aujourd&rsquo;hui et de demain.<\/p>\n<p>Pour d\u00e9couvrir les projets de recherche auxquels nous participons, veuillez consulter la page d\u00e9di\u00e9e aux <a href=\"https:\/\/web.umons.ac.be\/trmi\/activites-de-recherche\/projets-de-recherche\/\">projets de recherche.\u00a0<\/a><\/p>\n<p>Pour en savoir plus sur le laboratoire d\u00e9di\u00e9 aux microturbines \u00e0 gaz, rendez-vous sur sa page d\u00e9di\u00e9e: <a href=\"https:\/\/web.umons.ac.be\/trmi\/wp-includes\/js\/tinymce\/Service \/ FPMS - Thermique et Combustion\/_wp_link_placeholder\">The mGT lab<\/a>.<\/p>\n<h2>Energ\u00e9tique et b\u00e2timents :<\/h2>\n<p>Afin de r\u00e9duire les consommations \u00e9nerg\u00e9tiques au sein des b\u00e2timents tout en y maintenant le confort, nos recherches visent \u00e0 la fois les b\u00e2timents \u00e9nerg\u00e9tiquement performants (\u00e9valuation et limitation des ponts thermiques) mais \u00e9galement les syst\u00e8mes thermiques qui y sont associ\u00e9s (puits canadien pour la ventilation, capteurs et protections solaires).<\/p>\n<p>Pour d\u00e9couvrir les projets de recherche auxquels nous participons, veuillez consulter la page d\u00e9di\u00e9e aux <a href=\"https:\/\/web.umons.ac.be\/trmi\/activites-de-recherche\/projets-de-recherche\/\">projets de recherche<\/a>.<\/p>\n<hr \/>\n<h3>Quelques recherches \u00e9pingl\u00e9es :<\/h3>\n<ul>\n<li>Simulation num\u00e9rique haute pr\u00e9cision, type Large Eddy Simulation (LES), de la combustion sans flamme, technologie de combustion \u00e0 haute efficacit\u00e9 et faible \u00e9mission de NOx. Les applications cibl\u00e9es sont les fours industriels \u00e0 haute temp\u00e9rature.<\/li>\n<li><span style=\"font-size: 14px;\">Projet interuniversitaire BEST, ayant pour objectif d\u2019\u00e9tudier l\u2019int\u00e9gration des \u00e9lectro-fuels dans le futur syst\u00e8me \u00e9nerg\u00e9tique en Belgique. Plus particuli\u00e8rement, l\u2019\u00e9valuation du potentiel de la capture du carbone appliqu\u00e9e aux micro-turbines \u00e0 gaz et aux turbines \u00e0 gaz \u00e0 cycle combin\u00e9 (CCGT).<\/span><\/li>\n<li><span style=\"font-size: 14px;\">Etudes num\u00e9rique et exp\u00e9rimentale du comportement d\u2019un puits canadien afin d\u2019\u00e9valuer ses performances et les risques sanitaires li\u00e9s au d\u00e9veloppement de bact\u00e9ries ou moisissures dans les condensats<\/span><\/li>\n<li><span style=\"font-size: 14px;\">Capteur solaire innovant (thermique + PV) pour des b\u00e2timents \u00e9nerg\u00e9tiquement performants<\/span><\/li>\n<li><span style=\"font-size: 14px;\">Etude et simulation d\u2019un four de recuit continu de bandes afin d\u2019en minimiser les consommations \u00e9nerg\u00e9tiques (contr\u00f4le pr\u00e9dictif de syst\u00e8mes non lin\u00e9aires)<\/span><\/li>\n<\/ul>\n<hr \/>\n<p>Notre service est, par ailleurs rattach\u00e9 \u00e0 un institut de recherche de l\u2019UMONS :<\/p>\n<start-cask-shortcode-wrapper>\t\t<div class=\"associated-institutes content-block scheme-fpms\">\n\t\t\t<ul class=\"institutes-list\">\n\t\t\t\t\t\t\t\t\t\t<li>\n\t\t\t\t\t\t\t<a href=\"https:\/\/web.umons.ac.be\/energie\" title=\"Acc\u00e9der au site web de : Institut \/ \u00c9nergie\" class=\"associated-institute\">\n\t\t\t\t\t\t\t\t<img loading=\"lazy\" decoding=\"async\" width=\"1\" height=\"1\" src=\"https:\/\/web.umons.ac.be\/app\/uploads\/sites\/32\/2017\/11\/energie_logo_fr.svg\" class=\"attachment-thumbnail size-thumbnail\" alt=\"\" \/>\t\t\t\t\t\t\t<\/a>\t\t\t\n\t\t\t\t\t\t<\/li>\n\t\t\t\t\t\t\t<\/ul>\n\t\t<\/div>\n <end-cask-shortcode-wrapper>\n","protected":false},"excerpt":{"rendered":"<p>Production durable d\u2019\u00e9nergie : Avec nos recherches, nous visons le d\u00e9veloppement d&rsquo;une production d&rsquo;\u00e9lectricit\u00e9 et de chaleur tr\u00e8s efficace et flexible, sans \u00e9mission de carbone, \u00e0 partir de petites unit\u00e9s de cog\u00e9n\u00e9ration, avec un int\u00e9r\u00eat particulier pour les micro-turbines \u00e0 gaz. Notre approche holistique, ax\u00e9e \u00e0 la fois sur les syst\u00e8mes et les composants, ainsi [&hellip;]<\/p>\n","protected":false},"author":2,"featured_media":0,"parent":0,"menu_order":0,"comment_status":"closed","ping_status":"closed","template":"","meta":{"footnotes":""},"class_list":["post-15","page","type-page","status-publish","hentry"],"yoast_head":"<!-- This site is optimized with the Yoast SEO plugin v27.2 - https:\/\/yoast.com\/product\/yoast-seo-wordpress\/ -->\n<title>Activit\u00e9s de recherche - Service \/ FPMS - Thermique et Combustion<\/title>\n<meta name=\"robots\" content=\"index, follow, max-snippet:-1, max-image-preview:large, max-video-preview:-1\" \/>\n<link rel=\"canonical\" href=\"https:\/\/web.umons.ac.be\/trmi\/activites-de-recherche\/\" \/>\n<meta property=\"og:locale\" content=\"fr_FR\" \/>\n<meta property=\"og:type\" content=\"article\" \/>\n<meta property=\"og:title\" content=\"Activit\u00e9s de recherche - Service \/ FPMS - Thermique et Combustion\" \/>\n<meta property=\"og:description\" content=\"Production durable d\u2019\u00e9nergie : Avec nos recherches, nous visons le d\u00e9veloppement d&rsquo;une production d&rsquo;\u00e9lectricit\u00e9 et de chaleur tr\u00e8s efficace et flexible, sans \u00e9mission de carbone, \u00e0 partir de petites unit\u00e9s de cog\u00e9n\u00e9ration, avec un int\u00e9r\u00eat particulier pour les micro-turbines \u00e0 gaz. Notre approche holistique, ax\u00e9e \u00e0 la fois sur les syst\u00e8mes et les composants, ainsi [&hellip;]\" \/>\n<meta property=\"og:url\" content=\"https:\/\/web.umons.ac.be\/trmi\/activites-de-recherche\/\" \/>\n<meta property=\"og:site_name\" content=\"Service \/ FPMS - Thermique et Combustion\" \/>\n<meta property=\"article:modified_time\" content=\"2025-01-21T16:20:09+00:00\" \/>\n<meta name=\"twitter:card\" content=\"summary_large_image\" \/>\n<meta name=\"twitter:label1\" content=\"Dur\u00e9e de lecture estim\u00e9e\" \/>\n\t<meta name=\"twitter:data1\" content=\"2 minutes\" \/>\n<script type=\"application\/ld+json\" class=\"yoast-schema-graph\">{\"@context\":\"https:\/\/schema.org\",\"@graph\":[{\"@type\":\"WebPage\",\"@id\":\"https:\/\/web.umons.ac.be\/trmi\/activites-de-recherche\/\",\"url\":\"https:\/\/web.umons.ac.be\/trmi\/activites-de-recherche\/\",\"name\":\"Activit\u00e9s de recherche - Service \/ FPMS - Thermique et Combustion\",\"isPartOf\":{\"@id\":\"https:\/\/web.umons.ac.be\/trmi\/#website\"},\"datePublished\":\"2021-10-27T12:34:11+00:00\",\"dateModified\":\"2025-01-21T16:20:09+00:00\",\"breadcrumb\":{\"@id\":\"https:\/\/web.umons.ac.be\/trmi\/activites-de-recherche\/#breadcrumb\"},\"inLanguage\":\"fr-FR\",\"potentialAction\":[{\"@type\":\"ReadAction\",\"target\":[\"https:\/\/web.umons.ac.be\/trmi\/activites-de-recherche\/\"]}]},{\"@type\":\"BreadcrumbList\",\"@id\":\"https:\/\/web.umons.ac.be\/trmi\/activites-de-recherche\/#breadcrumb\",\"itemListElement\":[{\"@type\":\"ListItem\",\"position\":1,\"name\":\"Home\",\"item\":\"https:\/\/web.umons.ac.be\/trmi\/\"},{\"@type\":\"ListItem\",\"position\":2,\"name\":\"Activit\u00e9s de recherche\"}]},{\"@type\":\"WebSite\",\"@id\":\"https:\/\/web.umons.ac.be\/trmi\/#website\",\"url\":\"https:\/\/web.umons.ac.be\/trmi\/\",\"name\":\"Service \/ FPMS - Thermique et Combustion\",\"description\":\"\",\"potentialAction\":[{\"@type\":\"SearchAction\",\"target\":{\"@type\":\"EntryPoint\",\"urlTemplate\":\"https:\/\/web.umons.ac.be\/trmi\/?s={search_term_string}\"},\"query-input\":{\"@type\":\"PropertyValueSpecification\",\"valueRequired\":true,\"valueName\":\"search_term_string\"}}],\"inLanguage\":\"fr-FR\"}]}<\/script>\n<!-- \/ Yoast SEO plugin. -->","yoast_head_json":{"title":"Activit\u00e9s de recherche - Service \/ FPMS - Thermique et Combustion","robots":{"index":"index","follow":"follow","max-snippet":"max-snippet:-1","max-image-preview":"max-image-preview:large","max-video-preview":"max-video-preview:-1"},"canonical":"https:\/\/web.umons.ac.be\/trmi\/activites-de-recherche\/","og_locale":"fr_FR","og_type":"article","og_title":"Activit\u00e9s de recherche - Service \/ FPMS - Thermique et Combustion","og_description":"Production durable d\u2019\u00e9nergie : Avec nos recherches, nous visons le d\u00e9veloppement d&rsquo;une production d&rsquo;\u00e9lectricit\u00e9 et de chaleur tr\u00e8s efficace et flexible, sans \u00e9mission de carbone, \u00e0 partir de petites unit\u00e9s de cog\u00e9n\u00e9ration, avec un int\u00e9r\u00eat particulier pour les micro-turbines \u00e0 gaz. Notre approche holistique, ax\u00e9e \u00e0 la fois sur les syst\u00e8mes et les composants, ainsi [&hellip;]","og_url":"https:\/\/web.umons.ac.be\/trmi\/activites-de-recherche\/","og_site_name":"Service \/ FPMS - Thermique et Combustion","article_modified_time":"2025-01-21T16:20:09+00:00","twitter_card":"summary_large_image","twitter_misc":{"Dur\u00e9e de lecture estim\u00e9e":"2 minutes"},"schema":{"@context":"https:\/\/schema.org","@graph":[{"@type":"WebPage","@id":"https:\/\/web.umons.ac.be\/trmi\/activites-de-recherche\/","url":"https:\/\/web.umons.ac.be\/trmi\/activites-de-recherche\/","name":"Activit\u00e9s de recherche - Service \/ FPMS - Thermique et Combustion","isPartOf":{"@id":"https:\/\/web.umons.ac.be\/trmi\/#website"},"datePublished":"2021-10-27T12:34:11+00:00","dateModified":"2025-01-21T16:20:09+00:00","breadcrumb":{"@id":"https:\/\/web.umons.ac.be\/trmi\/activites-de-recherche\/#breadcrumb"},"inLanguage":"fr-FR","potentialAction":[{"@type":"ReadAction","target":["https:\/\/web.umons.ac.be\/trmi\/activites-de-recherche\/"]}]},{"@type":"BreadcrumbList","@id":"https:\/\/web.umons.ac.be\/trmi\/activites-de-recherche\/#breadcrumb","itemListElement":[{"@type":"ListItem","position":1,"name":"Home","item":"https:\/\/web.umons.ac.be\/trmi\/"},{"@type":"ListItem","position":2,"name":"Activit\u00e9s de recherche"}]},{"@type":"WebSite","@id":"https:\/\/web.umons.ac.be\/trmi\/#website","url":"https:\/\/web.umons.ac.be\/trmi\/","name":"Service \/ FPMS - Thermique et Combustion","description":"","potentialAction":[{"@type":"SearchAction","target":{"@type":"EntryPoint","urlTemplate":"https:\/\/web.umons.ac.be\/trmi\/?s={search_term_string}"},"query-input":{"@type":"PropertyValueSpecification","valueRequired":true,"valueName":"search_term_string"}}],"inLanguage":"fr-FR"}]}},"lang":"fr","translations":{"fr":15,"en":17},"pll_sync_post":[],"_links":{"self":[{"href":"https:\/\/web.umons.ac.be\/trmi\/wp-json\/wp\/v2\/pages\/15","targetHints":{"allow":["GET"]}}],"collection":[{"href":"https:\/\/web.umons.ac.be\/trmi\/wp-json\/wp\/v2\/pages"}],"about":[{"href":"https:\/\/web.umons.ac.be\/trmi\/wp-json\/wp\/v2\/types\/page"}],"author":[{"embeddable":true,"href":"https:\/\/web.umons.ac.be\/trmi\/wp-json\/wp\/v2\/users\/2"}],"replies":[{"embeddable":true,"href":"https:\/\/web.umons.ac.be\/trmi\/wp-json\/wp\/v2\/comments?post=15"}],"version-history":[{"count":3,"href":"https:\/\/web.umons.ac.be\/trmi\/wp-json\/wp\/v2\/pages\/15\/revisions"}],"predecessor-version":[{"id":140,"href":"https:\/\/web.umons.ac.be\/trmi\/wp-json\/wp\/v2\/pages\/15\/revisions\/140"}],"wp:attachment":[{"href":"https:\/\/web.umons.ac.be\/trmi\/wp-json\/wp\/v2\/media?parent=15"}],"curies":[{"name":"wp","href":"https:\/\/api.w.org\/{rel}","templated":true}]}}