{"id":15,"date":"2021-10-28T15:33:16","date_gmt":"2021-10-28T13:33:16","guid":{"rendered":"https:\/\/web.umons.ac.be\/as\/activites-de-recherche\/"},"modified":"2026-03-16T23:01:45","modified_gmt":"2026-03-16T22:01:45","slug":"activites-de-recherche","status":"publish","type":"page","link":"https:\/\/web.umons.ac.be\/trms\/activites-de-recherche\/","title":{"rendered":"Activit\u00e9s de recherche"},"content":{"rendered":"<p>Le service de recherche d\u00e9veloppe des recherches qui sont transdisciplinaires et interdisciplinaires entre architecture, urbanisme, patrimoine, anthropologie et sociologie.\u00a0\u00a0Ces recherches s&rsquo;appuient sur l&rsquo;exp\u00e9rience de terrain acquise durant trente ann\u00e9es. Elles sont li\u00e9es \u00e0 la pratique d&rsquo;urbaniste et au monde associatif autour de la participation citoyenne et de son cadre de vie. Ce sont de nombreuses recherches-actions visant la consultation et la concertation des acteurs en vue de la coproduction urbaine. L&rsquo;\u00e9quipe a d\u00e9velopp\u00e9 et d\u00e9veloppe six projets europ\u00e9ens compos\u00e9s d\u2019\u00e9quipes de travail interdisciplinaires. L&rsquo;approche m\u00e9thodologique est transdisciplinaire, entre sociologie urbaine et th\u00e9orie de l&rsquo;architecture. Le working paper suivant en fait la synth\u00e8se actuelle :\u00a0 <a href=\"https:\/\/web.umons.ac.be\/app\/uploads\/sites\/59\/2026\/01\/NotesdeCours04SocUrbaine_theories-et-definitions2025.pdf\">Sociologie urbaine et apports de la discipline architecturale<\/a>.<\/p>\n<p>La repr\u00e9sentation spatiale de groupes sociaux est une construction qui se fonde sur la m\u00e9moire collective. Celle-ci s\u2019ancre dans des lieux qui constituent un patrimoine architectural et urbain, v\u00e9cu et social. Un savoir transdisciplinaire, voire interdisciplinaire, se constitue afin de comprendre cette organisation spatiale compos\u00e9e du cadre physique, humain et vivant et d\u2019\u00e9clairer ainsi la pratique de l\u2019architecture et de l\u2019urbanisme.<br \/>\nCes domaines de recherche visent plus particuli\u00e8rement la r\u00e9utilisation des sites industriels, les tensions entre objet social et objet spatial (entre quartiers populaires et leurs marges, entre stigmates et identit\u00e9s, entre lieux vus comme cocon ou cage), la valorisation des images urbaines et du patrimoine des XIXe, XXe et XXIe si\u00e8cles.<br \/>\nLe service Architecture et Soci\u00e9t\u00e9 est partenaire chef de file du projet Interreg <a href=\"https:\/\/web.umons.ac.be\/trms\/projet-interreg-rhs\/\">R\u00e9seau Hainaut Solidaire<\/a> avec ses outils du site <a href=\"https:\/\/web.umons.ac.be\/trms\/activites-de-recherche\/projet-interreg-rhs\/ricochets\/\">Ricochets<\/a> et est partenaire du projet Feder Wall-e-Cities dont il \u00e9tait chef de file du projet gouvernance. Ses comp\u00e9tences se sont accrues sur la participation et l&rsquo;impact du num\u00e9rique avec une v\u00e9ritable bo\u00eete \u00e0 outil inclue dans des fiches de recommandations r\u00e9alis\u00e9es sous la direction de l\u2019UMONS : <a href=\"https:\/\/web.umons.ac.be\/app\/uploads\/sites\/59\/2025\/12\/WAL-E-CITIES-Fiches-de-recommandations-2021-10-30-PDF-Interactif.pdf\">\u00ab\u00a0Smart City et Participation citoyenne\u00a0\u00bb<\/a>. Il contribue au projet Sunloop (sur la nature urbaine spontan\u00e9e et le maintien voire le renforcement des territoires non artificialis\u00e9s men\u00e9 par le service (a)M\u00e9nagements.<br \/>\nL\u2019enrichissement des points de vue associatifs, administratifs et politiques permet de s\u2019ancrer encore plus encore dans la r\u00e9alit\u00e9 du terrain pratique. Le partenariat avec la Chaire acclimater les territoires Post-minier (<a href=\"https:\/\/postminingacclimatization.com\/\">https:\/\/postminingacclimatization.com\/<\/a>) favorise le d\u00e9veloppement et la diss\u00e9mination de ces savoirs.<\/p>\n<hr \/>\n<p>Notre service est, par ailleurs rattach\u00e9 \u00e0 un institut de recherche de l\u2019UMONS :<\/p>\n<start-cask-shortcode-wrapper>\t\t<div class=\"associated-institutes content-block scheme-fau\">\n\t\t\t<ul class=\"institutes-list\">\n\t\t\t\t\t\t\t\t\t\t<li>\n\t\t\t\t\t\t\t<a href=\"https:\/\/web.umons.ac.be\/soci_e_ter\" title=\"Acc\u00e9der au site web de : Institut \/ Soci&amp;ter\" class=\"associated-institute\">\n\t\t\t\t\t\t\t\t<img loading=\"lazy\" decoding=\"async\" width=\"1\" height=\"1\" src=\"https:\/\/web.umons.ac.be\/app\/uploads\/sites\/33\/2021\/11\/Societer-FR.svg\" class=\"attachment-thumbnail size-thumbnail\" alt=\"\" \/>\t\t\t\t\t\t\t<\/a>\t\t\t\n\t\t\t\t\t\t<\/li>\n\t\t\t\t\t\t\t<\/ul>\n\t\t<\/div>\n <end-cask-shortcode-wrapper>\n","protected":false},"excerpt":{"rendered":"<p>Le service de recherche d\u00e9veloppe des recherches qui sont transdisciplinaires et interdisciplinaires entre architecture, urbanisme, patrimoine, anthropologie et sociologie.\u00a0\u00a0Ces recherches s&rsquo;appuient sur l&rsquo;exp\u00e9rience de terrain acquise durant trente ann\u00e9es. Elles sont li\u00e9es \u00e0 la pratique d&rsquo;urbaniste et au monde associatif autour de la participation citoyenne et de son cadre de vie. Ce sont de nombreuses [&hellip;]<\/p>\n","protected":false},"author":4,"featured_media":0,"parent":0,"menu_order":0,"comment_status":"closed","ping_status":"closed","template":"","meta":{"footnotes":""},"class_list":["post-15","page","type-page","status-publish","hentry"],"yoast_head":"<!-- This site is optimized with the Yoast SEO plugin v27.2 - https:\/\/yoast.com\/product\/yoast-seo-wordpress\/ -->\n<title>Activit\u00e9s de recherche - Service \/ FAU - Territorialit\u00e9s, R\u00c9g\u00e9n\u00e9rations, MArges &amp; Soc\u00ef\u00e9t\u00e9s | TR\u00e9MaS<\/title>\n<meta name=\"robots\" content=\"index, follow, max-snippet:-1, max-image-preview:large, max-video-preview:-1\" \/>\n<link rel=\"canonical\" href=\"https:\/\/web.umons.ac.be\/trms\/activites-de-recherche\/\" \/>\n<meta property=\"og:locale\" content=\"fr_FR\" \/>\n<meta property=\"og:type\" content=\"article\" \/>\n<meta property=\"og:title\" content=\"Activit\u00e9s de recherche - Service \/ FAU - Territorialit\u00e9s, R\u00c9g\u00e9n\u00e9rations, MArges &amp; Soc\u00ef\u00e9t\u00e9s | TR\u00e9MaS\" \/>\n<meta property=\"og:description\" content=\"Le service de recherche d\u00e9veloppe des recherches qui sont transdisciplinaires et interdisciplinaires entre architecture, urbanisme, patrimoine, anthropologie et sociologie.\u00a0\u00a0Ces recherches s&rsquo;appuient sur l&rsquo;exp\u00e9rience de terrain acquise durant trente ann\u00e9es. Elles sont li\u00e9es \u00e0 la pratique d&rsquo;urbaniste et au monde associatif autour de la participation citoyenne et de son cadre de vie. Ce sont de nombreuses [&hellip;]\" \/>\n<meta property=\"og:url\" content=\"https:\/\/web.umons.ac.be\/trms\/activites-de-recherche\/\" \/>\n<meta property=\"og:site_name\" content=\"Service \/ FAU - Territorialit\u00e9s, R\u00c9g\u00e9n\u00e9rations, MArges &amp; Soc\u00ef\u00e9t\u00e9s | TR\u00e9MaS\" \/>\n<meta property=\"article:modified_time\" content=\"2026-03-16T22:01:45+00:00\" \/>\n<meta name=\"twitter:card\" content=\"summary_large_image\" \/>\n<meta name=\"twitter:label1\" content=\"Dur\u00e9e de lecture estim\u00e9e\" \/>\n\t<meta name=\"twitter:data1\" content=\"2 minutes\" \/>\n<script type=\"application\/ld+json\" class=\"yoast-schema-graph\">{\"@context\":\"https:\/\/schema.org\",\"@graph\":[{\"@type\":\"WebPage\",\"@id\":\"https:\/\/web.umons.ac.be\/trms\/activites-de-recherche\/\",\"url\":\"https:\/\/web.umons.ac.be\/trms\/activites-de-recherche\/\",\"name\":\"Activit\u00e9s de recherche - Service \/ FAU - Territorialit\u00e9s, R\u00c9g\u00e9n\u00e9rations, MArges &amp; Soc\u00ef\u00e9t\u00e9s | TR\u00e9MaS\",\"isPartOf\":{\"@id\":\"https:\/\/web.umons.ac.be\/trms\/#website\"},\"datePublished\":\"2021-10-28T13:33:16+00:00\",\"dateModified\":\"2026-03-16T22:01:45+00:00\",\"breadcrumb\":{\"@id\":\"https:\/\/web.umons.ac.be\/trms\/activites-de-recherche\/#breadcrumb\"},\"inLanguage\":\"fr-FR\",\"potentialAction\":[{\"@type\":\"ReadAction\",\"target\":[\"https:\/\/web.umons.ac.be\/trms\/activites-de-recherche\/\"]}]},{\"@type\":\"BreadcrumbList\",\"@id\":\"https:\/\/web.umons.ac.be\/trms\/activites-de-recherche\/#breadcrumb\",\"itemListElement\":[{\"@type\":\"ListItem\",\"position\":1,\"name\":\"Home\",\"item\":\"https:\/\/web.umons.ac.be\/trms\/\"},{\"@type\":\"ListItem\",\"position\":2,\"name\":\"Activit\u00e9s de recherche\"}]},{\"@type\":\"WebSite\",\"@id\":\"https:\/\/web.umons.ac.be\/trms\/#website\",\"url\":\"https:\/\/web.umons.ac.be\/trms\/\",\"name\":\"Service \/ FAU - Architecture et Soci\u00e9t\u00e9\",\"description\":\"\",\"potentialAction\":[{\"@type\":\"SearchAction\",\"target\":{\"@type\":\"EntryPoint\",\"urlTemplate\":\"https:\/\/web.umons.ac.be\/trms\/?s={search_term_string}\"},\"query-input\":{\"@type\":\"PropertyValueSpecification\",\"valueRequired\":true,\"valueName\":\"search_term_string\"}}],\"inLanguage\":\"fr-FR\"}]}<\/script>\n<!-- \/ Yoast SEO plugin. -->","yoast_head_json":{"title":"Activit\u00e9s de recherche - Service \/ FAU - Territorialit\u00e9s, R\u00c9g\u00e9n\u00e9rations, MArges &amp; Soc\u00ef\u00e9t\u00e9s | TR\u00e9MaS","robots":{"index":"index","follow":"follow","max-snippet":"max-snippet:-1","max-image-preview":"max-image-preview:large","max-video-preview":"max-video-preview:-1"},"canonical":"https:\/\/web.umons.ac.be\/trms\/activites-de-recherche\/","og_locale":"fr_FR","og_type":"article","og_title":"Activit\u00e9s de recherche - Service \/ FAU - Territorialit\u00e9s, R\u00c9g\u00e9n\u00e9rations, MArges &amp; Soc\u00ef\u00e9t\u00e9s | TR\u00e9MaS","og_description":"Le service de recherche d\u00e9veloppe des recherches qui sont transdisciplinaires et interdisciplinaires entre architecture, urbanisme, patrimoine, anthropologie et sociologie.\u00a0\u00a0Ces recherches s&rsquo;appuient sur l&rsquo;exp\u00e9rience de terrain acquise durant trente ann\u00e9es. Elles sont li\u00e9es \u00e0 la pratique d&rsquo;urbaniste et au monde associatif autour de la participation citoyenne et de son cadre de vie. Ce sont de nombreuses [&hellip;]","og_url":"https:\/\/web.umons.ac.be\/trms\/activites-de-recherche\/","og_site_name":"Service \/ FAU - Territorialit\u00e9s, R\u00c9g\u00e9n\u00e9rations, MArges &amp; Soc\u00ef\u00e9t\u00e9s | TR\u00e9MaS","article_modified_time":"2026-03-16T22:01:45+00:00","twitter_card":"summary_large_image","twitter_misc":{"Dur\u00e9e de lecture estim\u00e9e":"2 minutes"},"schema":{"@context":"https:\/\/schema.org","@graph":[{"@type":"WebPage","@id":"https:\/\/web.umons.ac.be\/trms\/activites-de-recherche\/","url":"https:\/\/web.umons.ac.be\/trms\/activites-de-recherche\/","name":"Activit\u00e9s de recherche - Service \/ FAU - Territorialit\u00e9s, R\u00c9g\u00e9n\u00e9rations, MArges &amp; Soc\u00ef\u00e9t\u00e9s | TR\u00e9MaS","isPartOf":{"@id":"https:\/\/web.umons.ac.be\/trms\/#website"},"datePublished":"2021-10-28T13:33:16+00:00","dateModified":"2026-03-16T22:01:45+00:00","breadcrumb":{"@id":"https:\/\/web.umons.ac.be\/trms\/activites-de-recherche\/#breadcrumb"},"inLanguage":"fr-FR","potentialAction":[{"@type":"ReadAction","target":["https:\/\/web.umons.ac.be\/trms\/activites-de-recherche\/"]}]},{"@type":"BreadcrumbList","@id":"https:\/\/web.umons.ac.be\/trms\/activites-de-recherche\/#breadcrumb","itemListElement":[{"@type":"ListItem","position":1,"name":"Home","item":"https:\/\/web.umons.ac.be\/trms\/"},{"@type":"ListItem","position":2,"name":"Activit\u00e9s de recherche"}]},{"@type":"WebSite","@id":"https:\/\/web.umons.ac.be\/trms\/#website","url":"https:\/\/web.umons.ac.be\/trms\/","name":"Service \/ FAU - Architecture et Soci\u00e9t\u00e9","description":"","potentialAction":[{"@type":"SearchAction","target":{"@type":"EntryPoint","urlTemplate":"https:\/\/web.umons.ac.be\/trms\/?s={search_term_string}"},"query-input":{"@type":"PropertyValueSpecification","valueRequired":true,"valueName":"search_term_string"}}],"inLanguage":"fr-FR"}]}},"lang":"fr","translations":{"fr":15,"en":17},"pll_sync_post":[],"_links":{"self":[{"href":"https:\/\/web.umons.ac.be\/trms\/wp-json\/wp\/v2\/pages\/15","targetHints":{"allow":["GET"]}}],"collection":[{"href":"https:\/\/web.umons.ac.be\/trms\/wp-json\/wp\/v2\/pages"}],"about":[{"href":"https:\/\/web.umons.ac.be\/trms\/wp-json\/wp\/v2\/types\/page"}],"author":[{"embeddable":true,"href":"https:\/\/web.umons.ac.be\/trms\/wp-json\/wp\/v2\/users\/4"}],"replies":[{"embeddable":true,"href":"https:\/\/web.umons.ac.be\/trms\/wp-json\/wp\/v2\/comments?post=15"}],"version-history":[{"count":4,"href":"https:\/\/web.umons.ac.be\/trms\/wp-json\/wp\/v2\/pages\/15\/revisions"}],"predecessor-version":[{"id":282,"href":"https:\/\/web.umons.ac.be\/trms\/wp-json\/wp\/v2\/pages\/15\/revisions\/282"}],"wp:attachment":[{"href":"https:\/\/web.umons.ac.be\/trms\/wp-json\/wp\/v2\/media?parent=15"}],"curies":[{"name":"wp","href":"https:\/\/api.w.org\/{rel}","templated":true}]}}