{"id":245,"date":"2026-03-16T15:13:16","date_gmt":"2026-03-16T14:13:16","guid":{"rendered":"https:\/\/web.umons.ac.be\/trms\/?page_id=245"},"modified":"2026-03-16T15:37:07","modified_gmt":"2026-03-16T14:37:07","slug":"cours","status":"publish","type":"page","link":"https:\/\/web.umons.ac.be\/trms\/activites-denseignement\/cours\/","title":{"rendered":"Cours"},"content":{"rendered":"<div class=\"coursebox clearfix odd first collapsed\" data-courseid=\"1360\" data-type=\"1\">\n<div class=\"info\">\n<div class=\"coursename\"><a class=\"aalink\" href=\"https:\/\/moodle.umons.ac.be\/course\/view.php?id=1360\">Anthropologie de l&rsquo;habitat<\/a><\/div>\n<div class=\"moreinfo\"><\/div>\n<div class=\"enrolmenticons\"><\/div>\n<\/div>\n<\/div>\n<div class=\"coursebox clearfix even collapsed\" data-courseid=\"4201\" data-type=\"1\">\n<div class=\"info\">\n<div class=\"coursename\"><a class=\"aalink\" href=\"https:\/\/moodle.umons.ac.be\/course\/view.php?id=4201\">Architecture contemporaine et actualit\u00e9s<\/a><\/div>\n<div class=\"moreinfo\"><\/div>\n<div class=\"enrolmenticons\"><\/div>\n<\/div>\n<\/div>\n<div class=\"coursebox clearfix odd collapsed\" data-courseid=\"2620\" data-type=\"1\">\n<div class=\"info\">\n<div class=\"coursename\"><a class=\"aalink\" href=\"https:\/\/moodle.umons.ac.be\/course\/view.php?id=2620\">Economie de la construction durable<\/a><\/div>\n<div class=\"moreinfo\"><\/div>\n<div class=\"enrolmenticons\"><\/div>\n<\/div>\n<\/div>\n<div class=\"coursebox clearfix even collapsed\" data-courseid=\"4185\" data-type=\"1\">\n<div class=\"info\">\n<div class=\"coursename\"><a class=\"aalink\" href=\"https:\/\/moodle.umons.ac.be\/course\/view.php?id=4185\">Histoire de l&rsquo;architecture I &#8211; De l&rsquo;espace rural \u00e0 l&rsquo;architecture vernaculaire<\/a><\/div>\n<div class=\"moreinfo\"><\/div>\n<div class=\"enrolmenticons\"><\/div>\n<\/div>\n<\/div>\n<div class=\"coursebox clearfix odd collapsed\" data-courseid=\"4186\" data-type=\"1\">\n<div class=\"info\">\n<div class=\"coursename\"><a class=\"aalink\" href=\"https:\/\/moodle.umons.ac.be\/course\/view.php?id=4186\">Histoire et th\u00e9ories de l&rsquo;architecture et de l&rsquo;urbanisme II<\/a><\/div>\n<div class=\"moreinfo\"><\/div>\n<div class=\"enrolmenticons\"><\/div>\n<\/div>\n<\/div>\n<div class=\"coursebox clearfix even collapsed\" data-courseid=\"4187\" data-type=\"1\">\n<div class=\"info\">\n<div class=\"coursename\"><a class=\"aalink\" href=\"https:\/\/moodle.umons.ac.be\/course\/view.php?id=4187\">Histoire et th\u00e9ories de l&rsquo;architecture et de l&rsquo;urbanisme III<\/a><\/div>\n<div class=\"moreinfo\"><\/div>\n<div class=\"enrolmenticons\"><\/div>\n<\/div>\n<\/div>\n<div class=\"coursebox clearfix odd collapsed\" data-courseid=\"2842\" data-type=\"1\">\n<div class=\"info\">\n<div class=\"coursename\"><a class=\"aalink\" href=\"https:\/\/moodle.umons.ac.be\/course\/view.php?id=2842\">Introduction \u00e0 la Philosophie<\/a><\/div>\n<div class=\"moreinfo\"><\/div>\n<div class=\"enrolmenticons\"><\/div>\n<\/div>\n<\/div>\n<div class=\"coursebox clearfix even collapsed\" data-courseid=\"653\" data-type=\"1\">\n<div class=\"info\">\n<div class=\"coursename\"><a class=\"aalink\" href=\"https:\/\/moodle.umons.ac.be\/course\/view.php?id=653\">L\u00e9gislation du b\u00e2timent et de l&rsquo;urbanisme<\/a><\/div>\n<div class=\"moreinfo\"><\/div>\n<div class=\"enrolmenticons\"><\/div>\n<\/div>\n<\/div>\n<div class=\"coursebox clearfix odd collapsed\" data-courseid=\"723\" data-type=\"1\">\n<div class=\"info\">\n<div class=\"coursename\"><a class=\"aalink\" href=\"https:\/\/moodle.umons.ac.be\/course\/view.php?id=723\">M\u00e9thodologie de recherche en architecture et urbanisme<\/a><\/div>\n<div class=\"moreinfo\"><\/div>\n<div class=\"enrolmenticons\"><\/div>\n<\/div>\n<\/div>\n<div class=\"coursebox clearfix even collapsed\" data-courseid=\"655\" data-type=\"1\">\n<div class=\"info\">\n<div class=\"coursename\"><a class=\"aalink\" href=\"https:\/\/moodle.umons.ac.be\/course\/view.php?id=655\">Philosophie &#8211; Esth\u00e9tique philosophique<\/a><\/div>\n<div class=\"moreinfo\"><\/div>\n<div class=\"enrolmenticons\"><\/div>\n<\/div>\n<\/div>\n<div class=\"coursebox clearfix odd collapsed\" data-courseid=\"665\" data-type=\"1\">\n<div class=\"info\">\n<div class=\"coursename\"><a class=\"aalink\" href=\"https:\/\/moodle.umons.ac.be\/course\/view.php?id=665\">Sociologie : soci\u00e9t\u00e9 moderne et contemporaine<\/a><\/div>\n<div class=\"moreinfo\"><\/div>\n<div class=\"enrolmenticons\"><\/div>\n<\/div>\n<\/div>\n<div class=\"coursebox clearfix even collapsed\" data-courseid=\"2008\" data-type=\"1\">\n<div class=\"info\">\n<div class=\"coursename\"><a class=\"aalink\" href=\"https:\/\/moodle.umons.ac.be\/course\/view.php?id=2008\">Sociologie II &#8211; Sociologie urbaine et programmation de l&rsquo;habitat<\/a><\/div>\n<div class=\"moreinfo\"><\/div>\n<div class=\"enrolmenticons\"><\/div>\n<\/div>\n<\/div>\n<div class=\"coursebox clearfix odd collapsed\" data-courseid=\"686\" data-type=\"1\">\n<div class=\"info\">\n<div class=\"coursename\"><a class=\"aalink\" href=\"https:\/\/moodle.umons.ac.be\/course\/view.php?id=686\">Sociologie III : sociologie urbaine et de l&rsquo;habitat<\/a><\/div>\n<div class=\"moreinfo\"><\/div>\n<div class=\"enrolmenticons\"><\/div>\n<\/div>\n<\/div>\n<div class=\"coursebox clearfix even collapsed\" data-courseid=\"4389\" data-type=\"1\">\n<div class=\"info\">\n<div class=\"coursename\"><a class=\"aalink\" href=\"https:\/\/moodle.umons.ac.be\/course\/view.php?id=4389\">TFE &#8211; Etat d&rsquo;avancement &#8211; Master en architecture<\/a><\/div>\n<div class=\"moreinfo\"><\/div>\n<div class=\"enrolmenticons\"><\/div>\n<\/div>\n<\/div>\n<div class=\"coursebox clearfix odd last collapsed\" data-courseid=\"690\" data-type=\"1\">\n<div class=\"info\">\n<div class=\"coursename\"><a class=\"aalink\" href=\"https:\/\/moodle.umons.ac.be\/course\/view.php?id=690\">Ville et soci\u00e9t\u00e9<\/a><\/div>\n<div class=\"moreinfo\"><\/div>\n<div class=\"enrolmenticons\"><\/div>\n<\/div>\n<\/div>\n","protected":false},"excerpt":{"rendered":"<p>Anthropologie de l&rsquo;habitat Architecture contemporaine et actualit\u00e9s Economie de la construction durable Histoire de l&rsquo;architecture I &#8211; De l&rsquo;espace rural \u00e0 l&rsquo;architecture vernaculaire Histoire et th\u00e9ories de l&rsquo;architecture et de l&rsquo;urbanisme II Histoire et th\u00e9ories de l&rsquo;architecture et de l&rsquo;urbanisme III Introduction \u00e0 la Philosophie L\u00e9gislation du b\u00e2timent et de l&rsquo;urbanisme M\u00e9thodologie de recherche en [&hellip;]<\/p>\n","protected":false},"author":2,"featured_media":0,"parent":11,"menu_order":0,"comment_status":"closed","ping_status":"closed","template":"","meta":{"footnotes":""},"class_list":["post-245","page","type-page","status-publish","hentry"],"yoast_head":"<!-- This site is optimized with the Yoast SEO plugin v27.2 - https:\/\/yoast.com\/product\/yoast-seo-wordpress\/ -->\n<title>Cours - Service \/ FAU - Territorialit\u00e9s, R\u00c9g\u00e9n\u00e9rations, MArges &amp; Soc\u00ef\u00e9t\u00e9s | TR\u00e9MaS<\/title>\n<meta name=\"robots\" content=\"index, follow, max-snippet:-1, max-image-preview:large, max-video-preview:-1\" \/>\n<link rel=\"canonical\" href=\"https:\/\/web.umons.ac.be\/trms\/activites-denseignement\/cours\/\" \/>\n<meta property=\"og:locale\" content=\"fr_FR\" \/>\n<meta property=\"og:type\" content=\"article\" \/>\n<meta property=\"og:title\" content=\"Cours - Service \/ FAU - Territorialit\u00e9s, R\u00c9g\u00e9n\u00e9rations, MArges &amp; Soc\u00ef\u00e9t\u00e9s | TR\u00e9MaS\" \/>\n<meta property=\"og:description\" content=\"Anthropologie de l&rsquo;habitat Architecture contemporaine et actualit\u00e9s Economie de la construction durable Histoire de l&rsquo;architecture I &#8211; De l&rsquo;espace rural \u00e0 l&rsquo;architecture vernaculaire Histoire et th\u00e9ories de l&rsquo;architecture et de l&rsquo;urbanisme II Histoire et th\u00e9ories de l&rsquo;architecture et de l&rsquo;urbanisme III Introduction \u00e0 la Philosophie L\u00e9gislation du b\u00e2timent et de l&rsquo;urbanisme M\u00e9thodologie de recherche en [&hellip;]\" \/>\n<meta property=\"og:url\" content=\"https:\/\/web.umons.ac.be\/trms\/activites-denseignement\/cours\/\" \/>\n<meta property=\"og:site_name\" content=\"Service \/ FAU - Territorialit\u00e9s, R\u00c9g\u00e9n\u00e9rations, MArges &amp; Soc\u00ef\u00e9t\u00e9s | TR\u00e9MaS\" \/>\n<meta property=\"article:modified_time\" content=\"2026-03-16T14:37:07+00:00\" \/>\n<meta name=\"twitter:card\" content=\"summary_large_image\" \/>\n<meta name=\"twitter:label1\" content=\"Dur\u00e9e de lecture estim\u00e9e\" \/>\n\t<meta name=\"twitter:data1\" content=\"1 minute\" \/>\n<script type=\"application\/ld+json\" class=\"yoast-schema-graph\">{\"@context\":\"https:\/\/schema.org\",\"@graph\":[{\"@type\":\"WebPage\",\"@id\":\"https:\/\/web.umons.ac.be\/trms\/activites-denseignement\/cours\/\",\"url\":\"https:\/\/web.umons.ac.be\/trms\/activites-denseignement\/cours\/\",\"name\":\"Cours - Service \/ FAU - Territorialit\u00e9s, R\u00c9g\u00e9n\u00e9rations, MArges &amp; Soc\u00ef\u00e9t\u00e9s | TR\u00e9MaS\",\"isPartOf\":{\"@id\":\"https:\/\/web.umons.ac.be\/trms\/#website\"},\"datePublished\":\"2026-03-16T14:13:16+00:00\",\"dateModified\":\"2026-03-16T14:37:07+00:00\",\"breadcrumb\":{\"@id\":\"https:\/\/web.umons.ac.be\/trms\/activites-denseignement\/cours\/#breadcrumb\"},\"inLanguage\":\"fr-FR\",\"potentialAction\":[{\"@type\":\"ReadAction\",\"target\":[\"https:\/\/web.umons.ac.be\/trms\/activites-denseignement\/cours\/\"]}]},{\"@type\":\"BreadcrumbList\",\"@id\":\"https:\/\/web.umons.ac.be\/trms\/activites-denseignement\/cours\/#breadcrumb\",\"itemListElement\":[{\"@type\":\"ListItem\",\"position\":1,\"name\":\"Home\",\"item\":\"https:\/\/web.umons.ac.be\/trms\/\"},{\"@type\":\"ListItem\",\"position\":2,\"name\":\"Activit\u00e9s d&rsquo;enseignement\",\"item\":\"https:\/\/web.umons.ac.be\/trms\/activites-denseignement\/\"},{\"@type\":\"ListItem\",\"position\":3,\"name\":\"Cours\"}]},{\"@type\":\"WebSite\",\"@id\":\"https:\/\/web.umons.ac.be\/trms\/#website\",\"url\":\"https:\/\/web.umons.ac.be\/trms\/\",\"name\":\"Service \/ FAU - Architecture et Soci\u00e9t\u00e9\",\"description\":\"\",\"potentialAction\":[{\"@type\":\"SearchAction\",\"target\":{\"@type\":\"EntryPoint\",\"urlTemplate\":\"https:\/\/web.umons.ac.be\/trms\/?s={search_term_string}\"},\"query-input\":{\"@type\":\"PropertyValueSpecification\",\"valueRequired\":true,\"valueName\":\"search_term_string\"}}],\"inLanguage\":\"fr-FR\"}]}<\/script>\n<!-- \/ Yoast SEO plugin. -->","yoast_head_json":{"title":"Cours - Service \/ FAU - Territorialit\u00e9s, R\u00c9g\u00e9n\u00e9rations, MArges &amp; Soc\u00ef\u00e9t\u00e9s | TR\u00e9MaS","robots":{"index":"index","follow":"follow","max-snippet":"max-snippet:-1","max-image-preview":"max-image-preview:large","max-video-preview":"max-video-preview:-1"},"canonical":"https:\/\/web.umons.ac.be\/trms\/activites-denseignement\/cours\/","og_locale":"fr_FR","og_type":"article","og_title":"Cours - Service \/ FAU - Territorialit\u00e9s, R\u00c9g\u00e9n\u00e9rations, MArges &amp; Soc\u00ef\u00e9t\u00e9s | TR\u00e9MaS","og_description":"Anthropologie de l&rsquo;habitat Architecture contemporaine et actualit\u00e9s Economie de la construction durable Histoire de l&rsquo;architecture I &#8211; De l&rsquo;espace rural \u00e0 l&rsquo;architecture vernaculaire Histoire et th\u00e9ories de l&rsquo;architecture et de l&rsquo;urbanisme II Histoire et th\u00e9ories de l&rsquo;architecture et de l&rsquo;urbanisme III Introduction \u00e0 la Philosophie L\u00e9gislation du b\u00e2timent et de l&rsquo;urbanisme M\u00e9thodologie de recherche en [&hellip;]","og_url":"https:\/\/web.umons.ac.be\/trms\/activites-denseignement\/cours\/","og_site_name":"Service \/ FAU - Territorialit\u00e9s, R\u00c9g\u00e9n\u00e9rations, MArges &amp; Soc\u00ef\u00e9t\u00e9s | TR\u00e9MaS","article_modified_time":"2026-03-16T14:37:07+00:00","twitter_card":"summary_large_image","twitter_misc":{"Dur\u00e9e de lecture estim\u00e9e":"1 minute"},"schema":{"@context":"https:\/\/schema.org","@graph":[{"@type":"WebPage","@id":"https:\/\/web.umons.ac.be\/trms\/activites-denseignement\/cours\/","url":"https:\/\/web.umons.ac.be\/trms\/activites-denseignement\/cours\/","name":"Cours - Service \/ FAU - Territorialit\u00e9s, R\u00c9g\u00e9n\u00e9rations, MArges &amp; Soc\u00ef\u00e9t\u00e9s | TR\u00e9MaS","isPartOf":{"@id":"https:\/\/web.umons.ac.be\/trms\/#website"},"datePublished":"2026-03-16T14:13:16+00:00","dateModified":"2026-03-16T14:37:07+00:00","breadcrumb":{"@id":"https:\/\/web.umons.ac.be\/trms\/activites-denseignement\/cours\/#breadcrumb"},"inLanguage":"fr-FR","potentialAction":[{"@type":"ReadAction","target":["https:\/\/web.umons.ac.be\/trms\/activites-denseignement\/cours\/"]}]},{"@type":"BreadcrumbList","@id":"https:\/\/web.umons.ac.be\/trms\/activites-denseignement\/cours\/#breadcrumb","itemListElement":[{"@type":"ListItem","position":1,"name":"Home","item":"https:\/\/web.umons.ac.be\/trms\/"},{"@type":"ListItem","position":2,"name":"Activit\u00e9s d&rsquo;enseignement","item":"https:\/\/web.umons.ac.be\/trms\/activites-denseignement\/"},{"@type":"ListItem","position":3,"name":"Cours"}]},{"@type":"WebSite","@id":"https:\/\/web.umons.ac.be\/trms\/#website","url":"https:\/\/web.umons.ac.be\/trms\/","name":"Service \/ FAU - Architecture et Soci\u00e9t\u00e9","description":"","potentialAction":[{"@type":"SearchAction","target":{"@type":"EntryPoint","urlTemplate":"https:\/\/web.umons.ac.be\/trms\/?s={search_term_string}"},"query-input":{"@type":"PropertyValueSpecification","valueRequired":true,"valueName":"search_term_string"}}],"inLanguage":"fr-FR"}]}},"lang":"fr","translations":{"fr":245},"pll_sync_post":[],"_links":{"self":[{"href":"https:\/\/web.umons.ac.be\/trms\/wp-json\/wp\/v2\/pages\/245","targetHints":{"allow":["GET"]}}],"collection":[{"href":"https:\/\/web.umons.ac.be\/trms\/wp-json\/wp\/v2\/pages"}],"about":[{"href":"https:\/\/web.umons.ac.be\/trms\/wp-json\/wp\/v2\/types\/page"}],"author":[{"embeddable":true,"href":"https:\/\/web.umons.ac.be\/trms\/wp-json\/wp\/v2\/users\/2"}],"replies":[{"embeddable":true,"href":"https:\/\/web.umons.ac.be\/trms\/wp-json\/wp\/v2\/comments?post=245"}],"version-history":[{"count":2,"href":"https:\/\/web.umons.ac.be\/trms\/wp-json\/wp\/v2\/pages\/245\/revisions"}],"predecessor-version":[{"id":272,"href":"https:\/\/web.umons.ac.be\/trms\/wp-json\/wp\/v2\/pages\/245\/revisions\/272"}],"up":[{"embeddable":true,"href":"https:\/\/web.umons.ac.be\/trms\/wp-json\/wp\/v2\/pages\/11"}],"wp:attachment":[{"href":"https:\/\/web.umons.ac.be\/trms\/wp-json\/wp\/v2\/media?parent=245"}],"curies":[{"name":"wp","href":"https:\/\/api.w.org\/{rel}","templated":true}]}}